			{"id":7007,"date":"2019-10-01T11:22:39","date_gmt":"2019-10-01T15:22:39","guid":{"rendered":"http:\/\/fscccf.alphabureau.ca\/team\/adam-fiser\/"},"modified":"2019-10-01T11:23:10","modified_gmt":"2019-10-01T15:23:10","slug":"adam-fiser","status":"publish","type":"team","link":"https:\/\/fsc-ccf.ca\/fr\/team\/adam-fiser\/","title":{"rendered":"Adam Fiser"},"content":{"rendered":"\n<p>Dr Adam Fiser (Universit\u00e9 de Toronto Ph.D.) co-dirige le groupe des politiques autochtones et du Nord, o\u00f9 il g\u00e8re nos lignes de recherche sur mesure. Adam a plus de 15 ans d&#8217;exp\u00e9rience avec les partenaires autochtones et territoriaux sur une vari\u00e9t\u00e9 de questions, y compris la technologie de l&#8217;information et de la politique des t\u00e9l\u00e9communications, l&#8217;esprit d&#8217;entreprise, l&#8217;\u00e9ducation et le d\u00e9veloppement des ressources humaines, la sant\u00e9 et le bien-\u00eatre, et la gouvernance. Il fournit une expertise technique dans les m\u00e9thodes participatives et mixtes des approches de recherche, et contribue une connaissance pratique de la politique publique, le d\u00e9veloppement strat\u00e9gique et l&#8217;\u00e9valuation dans un contexte interculturel. En tant que consultant de recherche ind\u00e9pendant, Adam a travaill\u00e9 avec des affaires autochtones et du Nord Canada (AINC), l&#8217;Assembl\u00e9e de l&#8217;Unit\u00e9 des partenariats \u00e9conomiques des Premi\u00e8res nations, et une vari\u00e9t\u00e9 d&#8217;organismes r\u00e9gionaux de gestion des Premi\u00e8res nations. <\/p>\n","protected":false},"menu_order":246,"template":"","team_tag":[204],"class_list":["post-7007","team","type-team","status-publish","hentry","team_tag-cboc-fr"],"acf":{"title":"Associ\u00e9 principal de recherche, communaut\u00e9s autochtones et du Nord","linkout":["link"],"team_social_links":{"twitter":"","email":"fiser@conferenceboard.ca","linkedin":""},"image":{"ID":6447,"id":6447,"title":"Adam Fiser","filename":"Adam-Fiser.jpg","filesize":97236,"url":"https:\/\/fsc-ccf.ca\/wp-content\/uploads\/2019\/09\/Adam-Fiser.jpg","link":"https:\/\/fsc-ccf.ca\/fr\/team\/adam-fiser\/adam-fiser-2\/","alt":"Adam Fiser","author":"1","description":"","caption":"","name":"adam-fiser-2","status":"inherit","uploaded_to":7007,"date":"2019-09-30 15:03:09","modified":"2019-10-01 15:23:10","menu_order":0,"mime_type":"image\/jpeg","type":"image","subtype":"jpeg","icon":"https:\/\/fsc-ccf.ca\/wp-includes\/images\/media\/default.png","width":780,"height":780,"sizes":{"thumbnail":"https:\/\/fsc-ccf.ca\/wp-content\/uploads\/2019\/09\/Adam-Fiser.jpg","thumbnail-width":150,"thumbnail-height":150,"medium":"https:\/\/fsc-ccf.ca\/wp-content\/uploads\/2019\/09\/Adam-Fiser.jpg","medium-width":300,"medium-height":300,"medium_large":"https:\/\/fsc-ccf.ca\/wp-content\/uploads\/2019\/09\/Adam-Fiser.jpg","medium_large-width":768,"medium_large-height":768,"large":"https:\/\/fsc-ccf.ca\/wp-content\/uploads\/2019\/09\/Adam-Fiser.jpg","large-width":780,"large-height":780,"1536x1536":"https:\/\/fsc-ccf.ca\/wp-content\/uploads\/2019\/09\/Adam-Fiser.jpg","1536x1536-width":780,"1536x1536-height":780,"2048x2048":"https:\/\/fsc-ccf.ca\/wp-content\/uploads\/2019\/09\/Adam-Fiser.jpg","2048x2048-width":780,"2048x2048-height":780,"preview":"https:\/\/fsc-ccf.ca\/wp-content\/uploads\/2019\/09\/Adam-Fiser.jpg","preview-width":10,"preview-height":10,"content-card-thumbnail":"https:\/\/fsc-ccf.ca\/wp-content\/uploads\/2019\/09\/Adam-Fiser.jpg","content-card-thumbnail-width":600,"content-card-thumbnail-height":600,"slider-image":"https:\/\/fsc-ccf.ca\/wp-content\/uploads\/2019\/09\/Adam-Fiser.jpg","slider-image-width":780,"slider-image-height":780,"hero-image":"https:\/\/fsc-ccf.ca\/wp-content\/uploads\/2019\/09\/Adam-Fiser.jpg","hero-image-width":780,"hero-image-height":780,"inline-image":"https:\/\/fsc-ccf.ca\/wp-content\/uploads\/2019\/09\/Adam-Fiser.jpg","inline-image-width":512,"inline-image-height":512,"content-card-thumbnail-vertical":"https:\/\/fsc-ccf.ca\/wp-content\/uploads\/2019\/09\/Adam-Fiser.jpg","content-card-thumbnail-vertical-width":400,"content-card-thumbnail-vertical-height":400}},"secondary_image":false},"yoast_head":"<!-- This site is optimized with the Yoast SEO plugin v27.5 - https:\/\/yoast.com\/product\/yoast-seo-wordpress\/ -->\n<title>Adam Fiser - Future Skills Centre \u2022 Centre des Comp\u00e9tences futures<\/title>\n<meta name=\"description\" content=\"Dr Adam Fiser (Universit\u00e9 de Toronto Ph.D.) co-dirige le groupe des politiques autochtones et du Nord, o\u00f9 il g\u00e8re nos lignes de recherche sur mesure. Adam\" \/>\n<meta name=\"robots\" content=\"index, follow, max-snippet:-1, max-image-preview:large, max-video-preview:-1\" \/>\n<link rel=\"canonical\" href=\"https:\/\/fsc-ccf.ca\/fr\/team\/adam-fiser\/\" \/>\n<meta name=\"twitter:label1\" content=\"Est. reading time\" \/>\n\t<meta name=\"twitter:data1\" content=\"1 minute\" \/>\n<script type=\"application\/ld+json\" class=\"yoast-schema-graph\">{\"@context\":\"https:\\\/\\\/schema.org\",\"@graph\":[{\"@type\":\"WebPage\",\"@id\":\"https:\\\/\\\/fsc-ccf.ca\\\/fr\\\/team\\\/adam-fiser\\\/\",\"url\":\"https:\\\/\\\/fsc-ccf.ca\\\/fr\\\/team\\\/adam-fiser\\\/\",\"name\":\"Adam Fiser - Future Skills Centre \u2022 Centre des Comp\u00e9tences futures\",\"isPartOf\":{\"@id\":\"https:\\\/\\\/fsc-ccf.ca\\\/fr\\\/#website\"},\"datePublished\":\"2019-10-01T15:22:39+00:00\",\"dateModified\":\"2019-10-01T15:23:10+00:00\",\"description\":\"Dr Adam Fiser (Universit\u00e9 de Toronto Ph.D.) co-dirige le groupe des politiques autochtones et du Nord, o\u00f9 il g\u00e8re nos lignes de recherche sur mesure. Adam\",\"breadcrumb\":{\"@id\":\"https:\\\/\\\/fsc-ccf.ca\\\/fr\\\/team\\\/adam-fiser\\\/#breadcrumb\"},\"inLanguage\":\"fr-FR\",\"potentialAction\":[{\"@type\":\"ReadAction\",\"target\":[\"https:\\\/\\\/fsc-ccf.ca\\\/fr\\\/team\\\/adam-fiser\\\/\"]}]},{\"@type\":\"BreadcrumbList\",\"@id\":\"https:\\\/\\\/fsc-ccf.ca\\\/fr\\\/team\\\/adam-fiser\\\/#breadcrumb\",\"itemListElement\":[{\"@type\":\"ListItem\",\"position\":1,\"name\":\"Home\",\"item\":\"https:\\\/\\\/fsc-ccf.ca\\\/fr\\\/\"},{\"@type\":\"ListItem\",\"position\":2,\"name\":\"Adam Fiser\"}]},{\"@type\":\"WebSite\",\"@id\":\"https:\\\/\\\/fsc-ccf.ca\\\/fr\\\/#website\",\"url\":\"https:\\\/\\\/fsc-ccf.ca\\\/fr\\\/\",\"name\":\"Future Skills Centre \u2022 Centre des Comp\u00e9tences futures\",\"description\":\"\",\"publisher\":{\"@id\":\"https:\\\/\\\/fsc-ccf.ca\\\/fr\\\/#organization\"},\"potentialAction\":[{\"@type\":\"SearchAction\",\"target\":{\"@type\":\"EntryPoint\",\"urlTemplate\":\"https:\\\/\\\/fsc-ccf.ca\\\/fr\\\/?s={search_term_string}\"},\"query-input\":{\"@type\":\"PropertyValueSpecification\",\"valueRequired\":true,\"valueName\":\"search_term_string\"}}],\"inLanguage\":\"fr-FR\"},{\"@type\":\"Organization\",\"@id\":\"https:\\\/\\\/fsc-ccf.ca\\\/fr\\\/#organization\",\"name\":\"Future Skills Centre \u2022 Centre des Comp\u00e9tences futures\",\"url\":\"https:\\\/\\\/fsc-ccf.ca\\\/fr\\\/\",\"logo\":{\"@type\":\"ImageObject\",\"inLanguage\":\"fr-FR\",\"@id\":\"https:\\\/\\\/fsc-ccf.ca\\\/fr\\\/#\\\/schema\\\/logo\\\/image\\\/\",\"url\":\"https:\\\/\\\/fsc-ccf.ca\\\/wp-content\\\/uploads\\\/2019\\\/08\\\/FSC_logo_colour_rgb_positive_ENG.png\",\"contentUrl\":\"https:\\\/\\\/fsc-ccf.ca\\\/wp-content\\\/uploads\\\/2019\\\/08\\\/FSC_logo_colour_rgb_positive_ENG.png\",\"width\":618,\"height\":528,\"caption\":\"Future Skills Centre \u2022 Centre des Comp\u00e9tences futures\"},\"image\":{\"@id\":\"https:\\\/\\\/fsc-ccf.ca\\\/fr\\\/#\\\/schema\\\/logo\\\/image\\\/\"},\"sameAs\":[\"https:\\\/\\\/www.facebook.com\\\/2161871137193201\\\/\",\"https:\\\/\\\/x.com\\\/fsc_ccf_en\",\"https:\\\/\\\/www.instagram.com\\\/fsc_ccf\\\/\",\"https:\\\/\\\/www.linkedin.com\\\/company\\\/fsc-ccf\\\/\"]}]}<\/script>\n<!-- \/ Yoast SEO plugin. -->","yoast_head_json":{"title":"Adam Fiser - Future Skills Centre \u2022 Centre des Comp\u00e9tences futures","description":"Dr Adam Fiser (Universit\u00e9 de Toronto Ph.D.) co-dirige le groupe des politiques autochtones et du Nord, o\u00f9 il g\u00e8re nos lignes de recherche sur mesure. Adam","robots":{"index":"index","follow":"follow","max-snippet":"max-snippet:-1","max-image-preview":"max-image-preview:large","max-video-preview":"max-video-preview:-1"},"canonical":"https:\/\/fsc-ccf.ca\/fr\/team\/adam-fiser\/","twitter_misc":{"Est. reading time":"1 minute"},"schema":{"@context":"https:\/\/schema.org","@graph":[{"@type":"WebPage","@id":"https:\/\/fsc-ccf.ca\/fr\/team\/adam-fiser\/","url":"https:\/\/fsc-ccf.ca\/fr\/team\/adam-fiser\/","name":"Adam Fiser - Future Skills Centre \u2022 Centre des Comp\u00e9tences futures","isPartOf":{"@id":"https:\/\/fsc-ccf.ca\/fr\/#website"},"datePublished":"2019-10-01T15:22:39+00:00","dateModified":"2019-10-01T15:23:10+00:00","description":"Dr Adam Fiser (Universit\u00e9 de Toronto Ph.D.) co-dirige le groupe des politiques autochtones et du Nord, o\u00f9 il g\u00e8re nos lignes de recherche sur mesure. Adam","breadcrumb":{"@id":"https:\/\/fsc-ccf.ca\/fr\/team\/adam-fiser\/#breadcrumb"},"inLanguage":"fr-FR","potentialAction":[{"@type":"ReadAction","target":["https:\/\/fsc-ccf.ca\/fr\/team\/adam-fiser\/"]}]},{"@type":"BreadcrumbList","@id":"https:\/\/fsc-ccf.ca\/fr\/team\/adam-fiser\/#breadcrumb","itemListElement":[{"@type":"ListItem","position":1,"name":"Home","item":"https:\/\/fsc-ccf.ca\/fr\/"},{"@type":"ListItem","position":2,"name":"Adam Fiser"}]},{"@type":"WebSite","@id":"https:\/\/fsc-ccf.ca\/fr\/#website","url":"https:\/\/fsc-ccf.ca\/fr\/","name":"Future Skills Centre \u2022 Centre des Comp\u00e9tences futures","description":"","publisher":{"@id":"https:\/\/fsc-ccf.ca\/fr\/#organization"},"potentialAction":[{"@type":"SearchAction","target":{"@type":"EntryPoint","urlTemplate":"https:\/\/fsc-ccf.ca\/fr\/?s={search_term_string}"},"query-input":{"@type":"PropertyValueSpecification","valueRequired":true,"valueName":"search_term_string"}}],"inLanguage":"fr-FR"},{"@type":"Organization","@id":"https:\/\/fsc-ccf.ca\/fr\/#organization","name":"Future Skills Centre \u2022 Centre des Comp\u00e9tences futures","url":"https:\/\/fsc-ccf.ca\/fr\/","logo":{"@type":"ImageObject","inLanguage":"fr-FR","@id":"https:\/\/fsc-ccf.ca\/fr\/#\/schema\/logo\/image\/","url":"https:\/\/fsc-ccf.ca\/wp-content\/uploads\/2019\/08\/FSC_logo_colour_rgb_positive_ENG.png","contentUrl":"https:\/\/fsc-ccf.ca\/wp-content\/uploads\/2019\/08\/FSC_logo_colour_rgb_positive_ENG.png","width":618,"height":528,"caption":"Future Skills Centre \u2022 Centre des Comp\u00e9tences futures"},"image":{"@id":"https:\/\/fsc-ccf.ca\/fr\/#\/schema\/logo\/image\/"},"sameAs":["https:\/\/www.facebook.com\/2161871137193201\/","https:\/\/x.com\/fsc_ccf_en","https:\/\/www.instagram.com\/fsc_ccf\/","https:\/\/www.linkedin.com\/company\/fsc-ccf\/"]}]}},"_links":{"self":[{"href":"https:\/\/fsc-ccf.ca\/fr\/wp-json\/wp\/v2\/team\/7007","targetHints":{"allow":["GET"]}}],"collection":[{"href":"https:\/\/fsc-ccf.ca\/fr\/wp-json\/wp\/v2\/team"}],"about":[{"href":"https:\/\/fsc-ccf.ca\/fr\/wp-json\/wp\/v2\/types\/team"}],"version-history":[{"count":0,"href":"https:\/\/fsc-ccf.ca\/fr\/wp-json\/wp\/v2\/team\/7007\/revisions"}],"wp:attachment":[{"href":"https:\/\/fsc-ccf.ca\/fr\/wp-json\/wp\/v2\/media?parent=7007"}],"wp:term":[{"taxonomy":"team_tag","embeddable":true,"href":"https:\/\/fsc-ccf.ca\/fr\/wp-json\/wp\/v2\/team_tag?post=7007"}],"curies":[{"name":"wp","href":"https:\/\/api.w.org\/{rel}","templated":true}]}}

<p>Dr Adam Fiser (Université de Toronto Ph.D.) co-dirige le groupe des politiques autochtones et du Nord, où il gère nos lignes de recherche sur mesure. Adam a plus de 15 ans d&#8217;expérience avec les partenaires autochtones et territoriaux sur une variété de questions, y compris la technologie de l&#8217;information et de la politique des télécommunications, l&#8217;esprit d&#8217;entreprise, l&#8217;éducation et le développement des ressources humaines, la santé et le bien-être, et la gouvernance. Il fournit une expertise technique dans les méthodes participatives et mixtes des approches de recherche, et contribue une connaissance pratique de la politique publique, le développement stratégique et l&#8217;évaluation dans un contexte interculturel. En tant que consultant de recherche indépendant, Adam a travaillé avec des affaires autochtones et du Nord Canada (AINC), l&#8217;Assemblée de l&#8217;Unité des partenariats économiques des Premières nations, et une variété d&#8217;organismes régionaux de gestion des Premières nations. </p>

Associé principal de recherche, communautés autochtones et du Nord

<!-- This site is optimized with the Yoast SEO plugin v27.5 - https://yoast.com/product/yoast-seo-wordpress/ -->
<title>Adam Fiser - Future Skills Centre • Centre des Compétences futures</title>
<meta name="description" content="Dr Adam Fiser (Université de Toronto Ph.D.) co-dirige le groupe des politiques autochtones et du Nord, où il gère nos lignes de recherche sur mesure. Adam" />
<meta name="robots" content="index, follow, max-snippet:-1, max-image-preview:large, max-video-preview:-1" />
<link rel="canonical" href="https://fsc-ccf.ca/fr/team/adam-fiser/" />
<meta name="twitter:label1" content="Est. reading time" />
	<meta name="twitter:data1" content="1 minute" />
<script type="application/ld+json" class="yoast-schema-graph">{"@context":"https:\/\/schema.org","@graph":[{"@type":"WebPage","@id":"https:\/\/fsc-ccf.ca\/fr\/team\/adam-fiser\/","url":"https:\/\/fsc-ccf.ca\/fr\/team\/adam-fiser\/","name":"Adam Fiser - Future Skills Centre • Centre des Compétences futures","isPartOf":{"@id":"https:\/\/fsc-ccf.ca\/fr\/#website"},"datePublished":"2019-10-01T15:22:39+00:00","dateModified":"2019-10-01T15:23:10+00:00","description":"Dr Adam Fiser (Université de Toronto Ph.D.) co-dirige le groupe des politiques autochtones et du Nord, où il gère nos lignes de recherche sur mesure. Adam","breadcrumb":{"@id":"https:\/\/fsc-ccf.ca\/fr\/team\/adam-fiser\/#breadcrumb"},"inLanguage":"fr-FR","potentialAction":[{"@type":"ReadAction","target":["https:\/\/fsc-ccf.ca\/fr\/team\/adam-fiser\/"]}]},{"@type":"BreadcrumbList","@id":"https:\/\/fsc-ccf.ca\/fr\/team\/adam-fiser\/#breadcrumb","itemListElement":[{"@type":"ListItem","position":1,"name":"Home","item":"https:\/\/fsc-ccf.ca\/fr\/"},{"@type":"ListItem","position":2,"name":"Adam Fiser"}]},{"@type":"WebSite","@id":"https:\/\/fsc-ccf.ca\/fr\/#website","url":"https:\/\/fsc-ccf.ca\/fr\/","name":"Future Skills Centre • Centre des Compétences futures","description":"","publisher":{"@id":"https:\/\/fsc-ccf.ca\/fr\/#organization"},"potentialAction":[{"@type":"SearchAction","target":{"@type":"EntryPoint","urlTemplate":"https:\/\/fsc-ccf.ca\/fr\/?s={search_term_string}"},"query-input":{"@type":"PropertyValueSpecification","valueRequired":true,"valueName":"search_term_string"}}],"inLanguage":"fr-FR"},{"@type":"Organization","@id":"https:\/\/fsc-ccf.ca\/fr\/#organization","name":"Future Skills Centre • Centre des Compétences futures","url":"https:\/\/fsc-ccf.ca\/fr\/","logo":{"@type":"ImageObject","inLanguage":"fr-FR","@id":"https:\/\/fsc-ccf.ca\/fr\/#\/schema\/logo\/image\/","url":"https:\/\/fsc-ccf.ca\/wp-content\/uploads\/2019\/08\/FSC_logo_colour_rgb_positive_ENG.png","contentUrl":"https:\/\/fsc-ccf.ca\/wp-content\/uploads\/2019\/08\/FSC_logo_colour_rgb_positive_ENG.png","width":618,"height":528,"caption":"Future Skills Centre • Centre des Compétences futures"},"image":{"@id":"https:\/\/fsc-ccf.ca\/fr\/#\/schema\/logo\/image\/"},"sameAs":["https:\/\/www.facebook.com\/2161871137193201\/","https:\/\/x.com\/fsc_ccf_en","https:\/\/www.instagram.com\/fsc_ccf\/","https:\/\/www.linkedin.com\/company\/fsc-ccf\/"]}]}</script>
<!-- / Yoast SEO plugin. -->

Adam Fiser - Future Skills Centre • Centre des Compétences futures

Dr Adam Fiser (Université de Toronto Ph.D.) co-dirige le groupe des politiques autochtones et du Nord, où il gère nos lignes de recherche sur mesure. Adam

Future Skills Centre • Centre des Compétences futures
