			{"id":131433,"date":"2020-08-11T18:35:02","date_gmt":"2020-08-11T22:35:02","guid":{"rendered":"https:\/\/fsc-ccf.ca\/references\/the-effect-of-labor-market-conditions-at-entry-on-workers-long-term-skills-2\/"},"modified":"2020-08-11T18:35:02","modified_gmt":"2020-08-11T22:35:02","slug":"the-effect-of-labor-market-conditions-at-entry-on-workers-long-term-skills-2","status":"publish","type":"reference","link":"https:\/\/fsc-ccf.ca\/fr\/references\/the-effect-of-labor-market-conditions-at-entry-on-workers-long-term-skills-2\/","title":{"rendered":"The effect of labor market conditions at entry on workers&#8217; long-term skills"},"content":{"rendered":"<p>Cet article \u00e9tudie l&#8217;impact des conditions du march\u00e9 du travail au cours de la transition au travail sur l&#8217;\u00e9ducation des travailleurs d\u00e9veloppement des comp\u00e9tences \u00e0 long terme. \u00c0 partir des donn\u00e9es d&#8217;enqu\u00eate repr\u00e9sentatives sur les mesures de comp\u00e9tences cognitives travail pertinentes pour les adultes de 19 pays, je documente quatre principales conclusions: (1) cohortes de travailleurs qui faisaient face \u00e0 des taux de ch\u00f4mage plus \u00e9lev\u00e9s \u00e0 l&#8217;\u00e2ge de 18-25 ont des comp\u00e9tences \u00e0 des \u00e2ges inf\u00e9rieurs 36-59; (2) le taux de ch\u00f4mage confront\u00e9s \u00e0 un \u00e2ge plus avanc\u00e9 (26-35) n&#8217;ont pas un tel effet; (3) les anciens r\u00e9sultats tiennent m\u00eame si, en moyenne, les gens une \u00e9ducation plus formelle en r\u00e9ponse \u00e0 la hausse du ch\u00f4mage dans leur fin de l&#8217;adolescence et d\u00e9but de la vingtaine; et (4) l&#8217;in\u00e9galit\u00e9 des comp\u00e9tences est affect\u00e9e: les travailleurs dont les parents \u00e9taient moins instruits portent la plupart des effets n\u00e9gatifs. Ces r\u00e9sultats peuvent \u00eatre rationalis\u00e9es par sur le travail d&#8217;apprentissage au d\u00e9but des ann\u00e9es vingt \u00e9tant un facteur important du d\u00e9veloppement des comp\u00e9tences, et cet apprentissage n\u00e9gativement impact\u00e9 par les mauvaises conditions macro\u00e9conomiques. En utilisant des donn\u00e9es de panel allemand sur les comp\u00e9tences, je montre que les jeunes travailleurs dans les grandes entreprises connaissent une croissance de comp\u00e9tences plus \u00e9lev\u00e9s que ceux des petites entreprises. Cette constatation sugg\u00e8re l&#8217;h\u00e9t\u00e9rog\u00e9n\u00e9it\u00e9 des entreprises dans la fourniture de capital humain aux jeunes travailleurs comme un m\u00e9canisme potentiel puisque, en p\u00e9riode \u00e9conomique difficile, les jeunes travailleurs correspondent de fa\u00e7on disproportionn\u00e9e par les petites entreprises. Traduit a\u0300 l'aide de Google Translate<\/p>\n","protected":false},"excerpt":{"rendered":"<p>Cet article \u00e9tudie l&#8217;impact des conditions du march\u00e9 du travail au cours de la transition au travail sur l&#8217;\u00e9ducation des travailleurs d\u00e9veloppement des comp\u00e9tences \u00e0 long terme. \u00c0 partir des donn\u00e9es d&#8217;enqu\u00eate repr\u00e9sentatives sur les mesures de comp\u00e9tences cognitives travail pertinentes pour les adultes de 19 pays, je documente quatre principales conclusions: (1) cohortes de travailleurs qui faisaient face \u00e0 des taux de ch\u00f4mage plus \u00e9lev\u00e9s \u00e0 l&#8217;\u00e2ge de 18-25 ont des comp\u00e9tences \u00e0 des \u00e2ges inf\u00e9rieurs 36-59; (2) le taux de ch\u00f4mage confront\u00e9s \u00e0 un \u00e2ge plus avanc\u00e9 (26-35) n&#8217;ont pas un tel effet; (3) les anciens r\u00e9sultats tiennent m\u00eame si, en moyenne, les gens une \u00e9ducation plus formelle en r\u00e9ponse \u00e0 la hausse du ch\u00f4mage dans leur fin de l&#8217;adolescence et d\u00e9but de la vingtaine; et (4) l&#8217;in\u00e9galit\u00e9 des comp\u00e9tences est affect\u00e9e: les travailleurs dont les parents \u00e9taient moins instruits portent la plupart des effets n\u00e9gatifs. Ces r\u00e9sultats peuvent \u00eatre rationalis\u00e9es par sur le travail d&#8217;apprentissage au d\u00e9but des ann\u00e9es vingt \u00e9tant un facteur important du d\u00e9veloppement des comp\u00e9tences, et cet apprentissage n\u00e9gativement impact\u00e9 par les mauvaises conditions macro\u00e9conomiques. En utilisant des donn\u00e9es de panel allemand sur les comp\u00e9tences, je montre que les jeunes travailleurs dans les grandes entreprises connaissent une croissance de comp\u00e9tences plus \u00e9lev\u00e9s que ceux des petites entreprises. Cette constatation sugg\u00e8re l&#8217;h\u00e9t\u00e9rog\u00e9n\u00e9it\u00e9 des entreprises dans la fourniture de capital humain aux jeunes travailleurs comme un m\u00e9canisme potentiel puisque, en p\u00e9riode \u00e9conomique difficile, les jeunes travailleurs correspondent de fa\u00e7on disproportionn\u00e9e par les petites entreprises. [googletranslate_fr]<\/p>\n","protected":false},"template":"","reference-tag":[],"reference-type":[436],"class_list":["post-131433","reference","type-reference","status-publish","hentry","reference-type-white-paper"],"acf":{"citation":"Arellano-Bover, J. (2020). The effect of labor market conditions at entry on workers' long-term skills. IZA Discussion Paper Series:13129. Bonn, Germany: . Retrieved from https:\/\/www.iza.org\/publications\/dp\/13129\/the-effect-of-labor-market-conditions-at-entry-on-workers-long-term-skills.","authors":"Arellano-Bover, J.","org":"IZA Institute of Labor Economics","year":"2020","title_fr":null,"editors_hidden":"","publication":"","publication_fr":null,"volume":"","issue":"","Series":"IZA Discussion Paper Series","SeriesNumber":"13129","page_range":"1-47","publisher_city":"Bonn","publisher_state":"Germany","publisher":"","abstract_en":null,"abstract_fr":null,"keywords":"","paywall":"0","doi":"","isbn":"","url":"https:\/\/www.iza.org\/publications\/dp\/13129\/the-effect-of-labor-market-conditions-at-entry-on-workers-long-term-skills","url_fr":null,"url_amazon":"","TRACK":"0"},"yoast_head":"<!-- This site is optimized with the Yoast SEO plugin v27.5 - https:\/\/yoast.com\/product\/yoast-seo-wordpress\/ -->\n<title>The effect of labor market conditions at entry on workers&#039; long-term skills - Future Skills Centre \u2022 Centre des Comp\u00e9tences futures<\/title>\n<meta name=\"robots\" content=\"index, follow, max-snippet:-1, max-image-preview:large, max-video-preview:-1\" \/>\n<link rel=\"canonical\" href=\"https:\/\/fsc-ccf.ca\/fr\/references\/the-effect-of-labor-market-conditions-at-entry-on-workers-long-term-skills-2\/\" \/>\n<meta name=\"twitter:label1\" content=\"Est. reading time\" \/>\n\t<meta name=\"twitter:data1\" content=\"1 minute\" \/>\n<script type=\"application\/ld+json\" class=\"yoast-schema-graph\">{\"@context\":\"https:\\\/\\\/schema.org\",\"@graph\":[{\"@type\":\"WebPage\",\"@id\":\"https:\\\/\\\/fsc-ccf.ca\\\/fr\\\/references\\\/the-effect-of-labor-market-conditions-at-entry-on-workers-long-term-skills-2\\\/\",\"url\":\"https:\\\/\\\/fsc-ccf.ca\\\/fr\\\/references\\\/the-effect-of-labor-market-conditions-at-entry-on-workers-long-term-skills-2\\\/\",\"name\":\"The effect of labor market conditions at entry on workers' long-term skills - Future Skills Centre \u2022 Centre des Comp\u00e9tences futures\",\"isPartOf\":{\"@id\":\"https:\\\/\\\/fsc-ccf.ca\\\/fr\\\/#website\"},\"datePublished\":\"2020-08-11T22:35:02+00:00\",\"breadcrumb\":{\"@id\":\"https:\\\/\\\/fsc-ccf.ca\\\/fr\\\/references\\\/the-effect-of-labor-market-conditions-at-entry-on-workers-long-term-skills-2\\\/#breadcrumb\"},\"inLanguage\":\"fr-FR\",\"potentialAction\":[{\"@type\":\"ReadAction\",\"target\":[\"https:\\\/\\\/fsc-ccf.ca\\\/fr\\\/references\\\/the-effect-of-labor-market-conditions-at-entry-on-workers-long-term-skills-2\\\/\"]}]},{\"@type\":\"BreadcrumbList\",\"@id\":\"https:\\\/\\\/fsc-ccf.ca\\\/fr\\\/references\\\/the-effect-of-labor-market-conditions-at-entry-on-workers-long-term-skills-2\\\/#breadcrumb\",\"itemListElement\":[{\"@type\":\"ListItem\",\"position\":1,\"name\":\"Home\",\"item\":\"https:\\\/\\\/fsc-ccf.ca\\\/fr\\\/\"},{\"@type\":\"ListItem\",\"position\":2,\"name\":\"References\",\"item\":\"https:\\\/\\\/fsc-ccf.ca\\\/fr\\\/references\\\/\"},{\"@type\":\"ListItem\",\"position\":3,\"name\":\"The effect of labor market conditions at entry on workers&#8217; long-term skills\"}]},{\"@type\":\"WebSite\",\"@id\":\"https:\\\/\\\/fsc-ccf.ca\\\/fr\\\/#website\",\"url\":\"https:\\\/\\\/fsc-ccf.ca\\\/fr\\\/\",\"name\":\"Future Skills Centre \u2022 Centre des Comp\u00e9tences futures\",\"description\":\"\",\"publisher\":{\"@id\":\"https:\\\/\\\/fsc-ccf.ca\\\/fr\\\/#organization\"},\"potentialAction\":[{\"@type\":\"SearchAction\",\"target\":{\"@type\":\"EntryPoint\",\"urlTemplate\":\"https:\\\/\\\/fsc-ccf.ca\\\/fr\\\/?s={search_term_string}\"},\"query-input\":{\"@type\":\"PropertyValueSpecification\",\"valueRequired\":true,\"valueName\":\"search_term_string\"}}],\"inLanguage\":\"fr-FR\"},{\"@type\":\"Organization\",\"@id\":\"https:\\\/\\\/fsc-ccf.ca\\\/fr\\\/#organization\",\"name\":\"Future Skills Centre \u2022 Centre des Comp\u00e9tences futures\",\"url\":\"https:\\\/\\\/fsc-ccf.ca\\\/fr\\\/\",\"logo\":{\"@type\":\"ImageObject\",\"inLanguage\":\"fr-FR\",\"@id\":\"https:\\\/\\\/fsc-ccf.ca\\\/fr\\\/#\\\/schema\\\/logo\\\/image\\\/\",\"url\":\"https:\\\/\\\/fsc-ccf.ca\\\/wp-content\\\/uploads\\\/2019\\\/08\\\/FSC_logo_colour_rgb_positive_ENG.png\",\"contentUrl\":\"https:\\\/\\\/fsc-ccf.ca\\\/wp-content\\\/uploads\\\/2019\\\/08\\\/FSC_logo_colour_rgb_positive_ENG.png\",\"width\":618,\"height\":528,\"caption\":\"Future Skills Centre \u2022 Centre des Comp\u00e9tences futures\"},\"image\":{\"@id\":\"https:\\\/\\\/fsc-ccf.ca\\\/fr\\\/#\\\/schema\\\/logo\\\/image\\\/\"},\"sameAs\":[\"https:\\\/\\\/www.facebook.com\\\/2161871137193201\\\/\",\"https:\\\/\\\/x.com\\\/fsc_ccf_en\",\"https:\\\/\\\/www.instagram.com\\\/fsc_ccf\\\/\",\"https:\\\/\\\/www.linkedin.com\\\/company\\\/fsc-ccf\\\/\"]}]}<\/script>\n<!-- \/ Yoast SEO plugin. -->","yoast_head_json":{"title":"The effect of labor market conditions at entry on workers' long-term skills - Future Skills Centre \u2022 Centre des Comp\u00e9tences futures","robots":{"index":"index","follow":"follow","max-snippet":"max-snippet:-1","max-image-preview":"max-image-preview:large","max-video-preview":"max-video-preview:-1"},"canonical":"https:\/\/fsc-ccf.ca\/fr\/references\/the-effect-of-labor-market-conditions-at-entry-on-workers-long-term-skills-2\/","twitter_misc":{"Est. reading time":"1 minute"},"schema":{"@context":"https:\/\/schema.org","@graph":[{"@type":"WebPage","@id":"https:\/\/fsc-ccf.ca\/fr\/references\/the-effect-of-labor-market-conditions-at-entry-on-workers-long-term-skills-2\/","url":"https:\/\/fsc-ccf.ca\/fr\/references\/the-effect-of-labor-market-conditions-at-entry-on-workers-long-term-skills-2\/","name":"The effect of labor market conditions at entry on workers' long-term skills - Future Skills Centre \u2022 Centre des Comp\u00e9tences futures","isPartOf":{"@id":"https:\/\/fsc-ccf.ca\/fr\/#website"},"datePublished":"2020-08-11T22:35:02+00:00","breadcrumb":{"@id":"https:\/\/fsc-ccf.ca\/fr\/references\/the-effect-of-labor-market-conditions-at-entry-on-workers-long-term-skills-2\/#breadcrumb"},"inLanguage":"fr-FR","potentialAction":[{"@type":"ReadAction","target":["https:\/\/fsc-ccf.ca\/fr\/references\/the-effect-of-labor-market-conditions-at-entry-on-workers-long-term-skills-2\/"]}]},{"@type":"BreadcrumbList","@id":"https:\/\/fsc-ccf.ca\/fr\/references\/the-effect-of-labor-market-conditions-at-entry-on-workers-long-term-skills-2\/#breadcrumb","itemListElement":[{"@type":"ListItem","position":1,"name":"Home","item":"https:\/\/fsc-ccf.ca\/fr\/"},{"@type":"ListItem","position":2,"name":"References","item":"https:\/\/fsc-ccf.ca\/fr\/references\/"},{"@type":"ListItem","position":3,"name":"The effect of labor market conditions at entry on workers&#8217; long-term skills"}]},{"@type":"WebSite","@id":"https:\/\/fsc-ccf.ca\/fr\/#website","url":"https:\/\/fsc-ccf.ca\/fr\/","name":"Future Skills Centre \u2022 Centre des Comp\u00e9tences futures","description":"","publisher":{"@id":"https:\/\/fsc-ccf.ca\/fr\/#organization"},"potentialAction":[{"@type":"SearchAction","target":{"@type":"EntryPoint","urlTemplate":"https:\/\/fsc-ccf.ca\/fr\/?s={search_term_string}"},"query-input":{"@type":"PropertyValueSpecification","valueRequired":true,"valueName":"search_term_string"}}],"inLanguage":"fr-FR"},{"@type":"Organization","@id":"https:\/\/fsc-ccf.ca\/fr\/#organization","name":"Future Skills Centre \u2022 Centre des Comp\u00e9tences futures","url":"https:\/\/fsc-ccf.ca\/fr\/","logo":{"@type":"ImageObject","inLanguage":"fr-FR","@id":"https:\/\/fsc-ccf.ca\/fr\/#\/schema\/logo\/image\/","url":"https:\/\/fsc-ccf.ca\/wp-content\/uploads\/2019\/08\/FSC_logo_colour_rgb_positive_ENG.png","contentUrl":"https:\/\/fsc-ccf.ca\/wp-content\/uploads\/2019\/08\/FSC_logo_colour_rgb_positive_ENG.png","width":618,"height":528,"caption":"Future Skills Centre \u2022 Centre des Comp\u00e9tences futures"},"image":{"@id":"https:\/\/fsc-ccf.ca\/fr\/#\/schema\/logo\/image\/"},"sameAs":["https:\/\/www.facebook.com\/2161871137193201\/","https:\/\/x.com\/fsc_ccf_en","https:\/\/www.instagram.com\/fsc_ccf\/","https:\/\/www.linkedin.com\/company\/fsc-ccf\/"]}]}},"_links":{"self":[{"href":"https:\/\/fsc-ccf.ca\/fr\/wp-json\/wp\/v2\/reference\/131433","targetHints":{"allow":["GET"]}}],"collection":[{"href":"https:\/\/fsc-ccf.ca\/fr\/wp-json\/wp\/v2\/reference"}],"about":[{"href":"https:\/\/fsc-ccf.ca\/fr\/wp-json\/wp\/v2\/types\/reference"}],"version-history":[{"count":0,"href":"https:\/\/fsc-ccf.ca\/fr\/wp-json\/wp\/v2\/reference\/131433\/revisions"}],"wp:attachment":[{"href":"https:\/\/fsc-ccf.ca\/fr\/wp-json\/wp\/v2\/media?parent=131433"}],"wp:term":[{"taxonomy":"reference-tag","embeddable":true,"href":"https:\/\/fsc-ccf.ca\/fr\/wp-json\/wp\/v2\/reference-tag?post=131433"},{"taxonomy":"reference-type","embeddable":true,"href":"https:\/\/fsc-ccf.ca\/fr\/wp-json\/wp\/v2\/reference-type?post=131433"}],"curies":[{"name":"wp","href":"https:\/\/api.w.org\/{rel}","templated":true}]}}

<p>Cet article étudie l&#8217;impact des conditions du marché du travail au cours de la transition au travail sur l&#8217;éducation des travailleurs développement des compétences à long terme. À partir des données d&#8217;enquête représentatives sur les mesures de compétences cognitives travail pertinentes pour les adultes de 19 pays, je documente quatre principales conclusions: (1) cohortes de travailleurs qui faisaient face à des taux de chômage plus élevés à l&#8217;âge de 18-25 ont des compétences à des âges inférieurs 36-59; (2) le taux de chômage confrontés à un âge plus avancé (26-35) n&#8217;ont pas un tel effet; (3) les anciens résultats tiennent même si, en moyenne, les gens une éducation plus formelle en réponse à la hausse du chômage dans leur fin de l&#8217;adolescence et début de la vingtaine; et (4) l&#8217;inégalité des compétences est affectée: les travailleurs dont les parents étaient moins instruits portent la plupart des effets négatifs. Ces résultats peuvent être rationalisées par sur le travail d&#8217;apprentissage au début des années vingt étant un facteur important du développement des compétences, et cet apprentissage négativement impacté par les mauvaises conditions macroéconomiques. En utilisant des données de panel allemand sur les compétences, je montre que les jeunes travailleurs dans les grandes entreprises connaissent une croissance de compétences plus élevés que ceux des petites entreprises. Cette constatation suggère l&#8217;hétérogénéité des entreprises dans la fourniture de capital humain aux jeunes travailleurs comme un mécanisme potentiel puisque, en période économique difficile, les jeunes travailleurs correspondent de façon disproportionnée par les petites entreprises. Traduit à l'aide de Google Translate</p>

<p>Cet article étudie l&#8217;impact des conditions du marché du travail au cours de la transition au travail sur l&#8217;éducation des travailleurs développement des compétences à long terme. À partir des données d&#8217;enquête représentatives sur les mesures de compétences cognitives travail pertinentes pour les adultes de 19 pays, je documente quatre principales conclusions: (1) cohortes de travailleurs qui faisaient face à des taux de chômage plus élevés à l&#8217;âge de 18-25 ont des compétences à des âges inférieurs 36-59; (2) le taux de chômage confrontés à un âge plus avancé (26-35) n&#8217;ont pas un tel effet; (3) les anciens résultats tiennent même si, en moyenne, les gens une éducation plus formelle en réponse à la hausse du chômage dans leur fin de l&#8217;adolescence et début de la vingtaine; et (4) l&#8217;inégalité des compétences est affectée: les travailleurs dont les parents étaient moins instruits portent la plupart des effets négatifs. Ces résultats peuvent être rationalisées par sur le travail d&#8217;apprentissage au début des années vingt étant un facteur important du développement des compétences, et cet apprentissage négativement impacté par les mauvaises conditions macroéconomiques. En utilisant des données de panel allemand sur les compétences, je montre que les jeunes travailleurs dans les grandes entreprises connaissent une croissance de compétences plus élevés que ceux des petites entreprises. Cette constatation suggère l&#8217;hétérogénéité des entreprises dans la fourniture de capital humain aux jeunes travailleurs comme un mécanisme potentiel puisque, en période économique difficile, les jeunes travailleurs correspondent de façon disproportionnée par les petites entreprises. [googletranslate_fr]</p>

<!-- This site is optimized with the Yoast SEO plugin v27.5 - https://yoast.com/product/yoast-seo-wordpress/ -->
<title>The effect of labor market conditions at entry on workers&#039; long-term skills - Future Skills Centre • Centre des Compétences futures</title>
<meta name="robots" content="index, follow, max-snippet:-1, max-image-preview:large, max-video-preview:-1" />
<link rel="canonical" href="https://fsc-ccf.ca/fr/references/the-effect-of-labor-market-conditions-at-entry-on-workers-long-term-skills-2/" />
<meta name="twitter:label1" content="Est. reading time" />
	<meta name="twitter:data1" content="1 minute" />
<script type="application/ld+json" class="yoast-schema-graph">{"@context":"https:\/\/schema.org","@graph":[{"@type":"WebPage","@id":"https:\/\/fsc-ccf.ca\/fr\/references\/the-effect-of-labor-market-conditions-at-entry-on-workers-long-term-skills-2\/","url":"https:\/\/fsc-ccf.ca\/fr\/references\/the-effect-of-labor-market-conditions-at-entry-on-workers-long-term-skills-2\/","name":"The effect of labor market conditions at entry on workers' long-term skills - Future Skills Centre • Centre des Compétences futures","isPartOf":{"@id":"https:\/\/fsc-ccf.ca\/fr\/#website"},"datePublished":"2020-08-11T22:35:02+00:00","breadcrumb":{"@id":"https:\/\/fsc-ccf.ca\/fr\/references\/the-effect-of-labor-market-conditions-at-entry-on-workers-long-term-skills-2\/#breadcrumb"},"inLanguage":"fr-FR","potentialAction":[{"@type":"ReadAction","target":["https:\/\/fsc-ccf.ca\/fr\/references\/the-effect-of-labor-market-conditions-at-entry-on-workers-long-term-skills-2\/"]}]},{"@type":"BreadcrumbList","@id":"https:\/\/fsc-ccf.ca\/fr\/references\/the-effect-of-labor-market-conditions-at-entry-on-workers-long-term-skills-2\/#breadcrumb","itemListElement":[{"@type":"ListItem","position":1,"name":"Home","item":"https:\/\/fsc-ccf.ca\/fr\/"},{"@type":"ListItem","position":2,"name":"References","item":"https:\/\/fsc-ccf.ca\/fr\/references\/"},{"@type":"ListItem","position":3,"name":"The effect of labor market conditions at entry on workers&#8217; long-term skills"}]},{"@type":"WebSite","@id":"https:\/\/fsc-ccf.ca\/fr\/#website","url":"https:\/\/fsc-ccf.ca\/fr\/","name":"Future Skills Centre • Centre des Compétences futures","description":"","publisher":{"@id":"https:\/\/fsc-ccf.ca\/fr\/#organization"},"potentialAction":[{"@type":"SearchAction","target":{"@type":"EntryPoint","urlTemplate":"https:\/\/fsc-ccf.ca\/fr\/?s={search_term_string}"},"query-input":{"@type":"PropertyValueSpecification","valueRequired":true,"valueName":"search_term_string"}}],"inLanguage":"fr-FR"},{"@type":"Organization","@id":"https:\/\/fsc-ccf.ca\/fr\/#organization","name":"Future Skills Centre • Centre des Compétences futures","url":"https:\/\/fsc-ccf.ca\/fr\/","logo":{"@type":"ImageObject","inLanguage":"fr-FR","@id":"https:\/\/fsc-ccf.ca\/fr\/#\/schema\/logo\/image\/","url":"https:\/\/fsc-ccf.ca\/wp-content\/uploads\/2019\/08\/FSC_logo_colour_rgb_positive_ENG.png","contentUrl":"https:\/\/fsc-ccf.ca\/wp-content\/uploads\/2019\/08\/FSC_logo_colour_rgb_positive_ENG.png","width":618,"height":528,"caption":"Future Skills Centre • Centre des Compétences futures"},"image":{"@id":"https:\/\/fsc-ccf.ca\/fr\/#\/schema\/logo\/image\/"},"sameAs":["https:\/\/www.facebook.com\/2161871137193201\/","https:\/\/x.com\/fsc_ccf_en","https:\/\/www.instagram.com\/fsc_ccf\/","https:\/\/www.linkedin.com\/company\/fsc-ccf\/"]}]}</script>
<!-- / Yoast SEO plugin. -->

The effect of labor market conditions at entry on workers' long-term skills - Future Skills Centre • Centre des Compétences futures

Future Skills Centre • Centre des Compétences futures
