			{"id":130037,"date":"2020-08-11T18:24:57","date_gmt":"2020-08-11T22:24:57","guid":{"rendered":"https:\/\/fsc-ccf.ca\/references\/spotlight-on-vet-2018-compilation-vocational-education-and-training-systems-in-europe-2\/"},"modified":"2020-08-11T18:24:56","modified_gmt":"2020-08-11T22:24:56","slug":"spotlight-on-vet-2018-compilation-vocational-education-and-training-systems-in-europe-2","status":"publish","type":"reference","link":"https:\/\/fsc-ccf.ca\/fr\/references\/spotlight-on-vet-2018-compilation-vocational-education-and-training-systems-in-europe-2\/","title":{"rendered":"Spotlight on VET &#8211; 2018 compilation: Vocational education and training systems in Europe"},"content":{"rendered":"<p>Construire sur Spotlights de chaque pays, cette publication rassemble les principales caract\u00e9ristiques et les donn\u00e9es de la formation professionnelle dans l&#8217;UE, l&#8217;Islande et la Norv\u00e8ge. Alors que les pays partagent les objectifs et les d\u00e9fis, leurs syst\u00e8mes d&#8217;EFP sont vari\u00e9s, fa\u00e7onn\u00e9s par des contextes socio-\u00e9conomiques et des traditions. Informations sur les caract\u00e9ristiques principales de la formation professionnelle, son r\u00f4le et son statut, sont une condition sine qua non \u00e0 l&#8217;\u00e9volution compr\u00e9hension et l&#8217;apprentissage d&#8217;un autre pays. Cette adresse de compilation tous ceux qui ont besoin d&#8217;un aper\u00e7u rapide des caract\u00e9ristiques essentielles de la formation professionnelle en Europe. Clarifier la place de la formation professionnelle dans les syst\u00e8mes d&#8217;\u00e9ducation et de formation de l&#8217;ensemble des pays, il pr\u00e9sente les principales voies d&#8217;adh\u00e9sion et la progression des apprenants; ils conduisent \u00e0 des types et niveaux de qualification; types de programmes, les modes de prestation, le rapport d&#8217;apprentissage bas\u00e9 sur le travail et la dur\u00e9e. L&#8217;approche et la terminologie utilis\u00e9e pour les syst\u00e8mes graphiques et descriptions visent un \u00e9quilibre entre la compr\u00e9hension des lecteurs nationaux et internationaux et d&#8217;\u00e9tablir des comparaisons entre les syst\u00e8mes. Cette publication est un point de d\u00e9part utile pour le travail par les d\u00e9cideurs politiques, les partenaires sociaux, des experts et des chercheurs. Il fournit une orientation \u00e0 toute une gamme d&#8217;autres acteurs impliqu\u00e9s dans les activit\u00e9s li\u00e9es \u00e0 la FEP: les prestataires de formation, les enseignants et les formateurs; des conseils, des qualifications et du personnel de validation; et les autres lecteurs qui veulent se familiariser avec les syst\u00e8mes de formation professionnelle \u00e0 travers l&#8217;Europe et au-del\u00e0. Traduit a\u0300 l'aide de Google Translate<\/p>\n","protected":false},"excerpt":{"rendered":"<p>Construire sur Spotlights de chaque pays, cette publication rassemble les principales caract\u00e9ristiques et les donn\u00e9es de la formation professionnelle dans l&#8217;UE, l&#8217;Islande et la Norv\u00e8ge. Alors que les pays partagent les objectifs et les d\u00e9fis, leurs syst\u00e8mes d&#8217;EFP sont vari\u00e9s, fa\u00e7onn\u00e9s par des contextes socio-\u00e9conomiques et des traditions. Informations sur les caract\u00e9ristiques principales de la formation professionnelle, son r\u00f4le et son statut, sont une condition sine qua non \u00e0 l&#8217;\u00e9volution compr\u00e9hension et l&#8217;apprentissage d&#8217;un autre pays. Cette adresse de compilation tous ceux qui ont besoin d&#8217;un aper\u00e7u rapide des caract\u00e9ristiques essentielles de la formation professionnelle en Europe. Clarifier la place de la formation professionnelle dans les syst\u00e8mes d&#8217;\u00e9ducation et de formation de l&#8217;ensemble des pays, il pr\u00e9sente les principales voies d&#8217;adh\u00e9sion et la progression des apprenants; ils conduisent \u00e0 des types et niveaux de qualification; types de programmes, les modes de prestation, le rapport d&#8217;apprentissage bas\u00e9 sur le travail et la dur\u00e9e. L&#8217;approche et la terminologie utilis\u00e9e pour les syst\u00e8mes graphiques et descriptions visent un \u00e9quilibre entre la compr\u00e9hension des lecteurs nationaux et internationaux et d&#8217;\u00e9tablir des comparaisons entre les syst\u00e8mes. Cette publication est un point de d\u00e9part utile pour le travail par les d\u00e9cideurs politiques, les partenaires sociaux, des experts et des chercheurs. Il fournit une orientation \u00e0 toute une gamme d&#8217;autres acteurs impliqu\u00e9s dans les activit\u00e9s li\u00e9es \u00e0 la FEP: les prestataires de formation, les enseignants et les formateurs; des conseils, des qualifications et du personnel de validation; et les autres lecteurs qui veulent se familiariser avec les syst\u00e8mes de formation professionnelle \u00e0 travers l&#8217;Europe et au-del\u00e0. [googletranslate_fr]<\/p>\n","protected":false},"template":"","reference-tag":[],"reference-type":[436],"class_list":["post-130037","reference","type-reference","status-publish","hentry","reference-type-white-paper"],"acf":{"citation":"European Centre for the Development of Vocational Training (Cedefop) (2019). Spotlight on VET - 2018 compilation: Vocational education and training systems in Europe. Spotlight on VET. Luxembourg, Luxembourg: . Retrieved from http:\/\/www.cedefop.europa.eu\/en\/publications-and-resources\/publications\/4168.","authors":"European Centre for the Development of Vocational Training","org":"Publications Office of the European Union","year":"2019","title_fr":null,"editors_hidden":"","publication":"","publication_fr":null,"volume":"","issue":"","Series":"","SeriesNumber":"","page_range":"1-82","publisher_city":"Luxembourg","publisher_state":"Luxembourg","publisher":"","abstract_en":null,"abstract_fr":null,"keywords":"European Union; Education and training system; Qualifications framework; Delivery system; Curriculum","paywall":"0","doi":"","isbn":"","url":"http:\/\/www.cedefop.europa.eu\/en\/publications-and-resources\/publications\/4168","url_fr":null,"url_amazon":"","TRACK":"0"},"yoast_head":"<!-- This site is optimized with the Yoast SEO plugin v27.4 - https:\/\/yoast.com\/product\/yoast-seo-wordpress\/ -->\n<title>Spotlight on VET - 2018 compilation: Vocational education and training systems in Europe - Future Skills Centre \u2022 Centre des Comp\u00e9tences futures<\/title>\n<meta name=\"robots\" content=\"index, follow, max-snippet:-1, max-image-preview:large, max-video-preview:-1\" \/>\n<link rel=\"canonical\" href=\"https:\/\/fsc-ccf.ca\/fr\/references\/spotlight-on-vet-2018-compilation-vocational-education-and-training-systems-in-europe-2\/\" \/>\n<meta name=\"twitter:label1\" content=\"Est. reading time\" \/>\n\t<meta name=\"twitter:data1\" content=\"1 minute\" \/>\n<script type=\"application\/ld+json\" class=\"yoast-schema-graph\">{\"@context\":\"https:\\\/\\\/schema.org\",\"@graph\":[{\"@type\":\"WebPage\",\"@id\":\"https:\\\/\\\/fsc-ccf.ca\\\/fr\\\/references\\\/spotlight-on-vet-2018-compilation-vocational-education-and-training-systems-in-europe-2\\\/\",\"url\":\"https:\\\/\\\/fsc-ccf.ca\\\/fr\\\/references\\\/spotlight-on-vet-2018-compilation-vocational-education-and-training-systems-in-europe-2\\\/\",\"name\":\"Spotlight on VET - 2018 compilation: Vocational education and training systems in Europe - Future Skills Centre \u2022 Centre des Comp\u00e9tences futures\",\"isPartOf\":{\"@id\":\"https:\\\/\\\/fsc-ccf.ca\\\/fr\\\/#website\"},\"datePublished\":\"2020-08-11T22:24:57+00:00\",\"breadcrumb\":{\"@id\":\"https:\\\/\\\/fsc-ccf.ca\\\/fr\\\/references\\\/spotlight-on-vet-2018-compilation-vocational-education-and-training-systems-in-europe-2\\\/#breadcrumb\"},\"inLanguage\":\"fr-FR\",\"potentialAction\":[{\"@type\":\"ReadAction\",\"target\":[\"https:\\\/\\\/fsc-ccf.ca\\\/fr\\\/references\\\/spotlight-on-vet-2018-compilation-vocational-education-and-training-systems-in-europe-2\\\/\"]}]},{\"@type\":\"BreadcrumbList\",\"@id\":\"https:\\\/\\\/fsc-ccf.ca\\\/fr\\\/references\\\/spotlight-on-vet-2018-compilation-vocational-education-and-training-systems-in-europe-2\\\/#breadcrumb\",\"itemListElement\":[{\"@type\":\"ListItem\",\"position\":1,\"name\":\"Home\",\"item\":\"https:\\\/\\\/fsc-ccf.ca\\\/fr\\\/\"},{\"@type\":\"ListItem\",\"position\":2,\"name\":\"References\",\"item\":\"https:\\\/\\\/fsc-ccf.ca\\\/fr\\\/references\\\/\"},{\"@type\":\"ListItem\",\"position\":3,\"name\":\"Spotlight on VET &#8211; 2018 compilation: Vocational education and training systems in Europe\"}]},{\"@type\":\"WebSite\",\"@id\":\"https:\\\/\\\/fsc-ccf.ca\\\/fr\\\/#website\",\"url\":\"https:\\\/\\\/fsc-ccf.ca\\\/fr\\\/\",\"name\":\"Future Skills Centre \u2022 Centre des Comp\u00e9tences futures\",\"description\":\"\",\"publisher\":{\"@id\":\"https:\\\/\\\/fsc-ccf.ca\\\/fr\\\/#organization\"},\"potentialAction\":[{\"@type\":\"SearchAction\",\"target\":{\"@type\":\"EntryPoint\",\"urlTemplate\":\"https:\\\/\\\/fsc-ccf.ca\\\/fr\\\/?s={search_term_string}\"},\"query-input\":{\"@type\":\"PropertyValueSpecification\",\"valueRequired\":true,\"valueName\":\"search_term_string\"}}],\"inLanguage\":\"fr-FR\"},{\"@type\":\"Organization\",\"@id\":\"https:\\\/\\\/fsc-ccf.ca\\\/fr\\\/#organization\",\"name\":\"Future Skills Centre \u2022 Centre des Comp\u00e9tences futures\",\"url\":\"https:\\\/\\\/fsc-ccf.ca\\\/fr\\\/\",\"logo\":{\"@type\":\"ImageObject\",\"inLanguage\":\"fr-FR\",\"@id\":\"https:\\\/\\\/fsc-ccf.ca\\\/fr\\\/#\\\/schema\\\/logo\\\/image\\\/\",\"url\":\"https:\\\/\\\/fsc-ccf.ca\\\/wp-content\\\/uploads\\\/2019\\\/08\\\/FSC_logo_colour_rgb_positive_ENG.png\",\"contentUrl\":\"https:\\\/\\\/fsc-ccf.ca\\\/wp-content\\\/uploads\\\/2019\\\/08\\\/FSC_logo_colour_rgb_positive_ENG.png\",\"width\":618,\"height\":528,\"caption\":\"Future Skills Centre \u2022 Centre des Comp\u00e9tences futures\"},\"image\":{\"@id\":\"https:\\\/\\\/fsc-ccf.ca\\\/fr\\\/#\\\/schema\\\/logo\\\/image\\\/\"},\"sameAs\":[\"https:\\\/\\\/www.facebook.com\\\/2161871137193201\\\/\",\"https:\\\/\\\/x.com\\\/fsc_ccf_en\",\"https:\\\/\\\/www.instagram.com\\\/fsc_ccf\\\/\",\"https:\\\/\\\/www.linkedin.com\\\/company\\\/fsc-ccf\\\/\"]}]}<\/script>\n<!-- \/ Yoast SEO plugin. -->","yoast_head_json":{"title":"Spotlight on VET - 2018 compilation: Vocational education and training systems in Europe - Future Skills Centre \u2022 Centre des Comp\u00e9tences futures","robots":{"index":"index","follow":"follow","max-snippet":"max-snippet:-1","max-image-preview":"max-image-preview:large","max-video-preview":"max-video-preview:-1"},"canonical":"https:\/\/fsc-ccf.ca\/fr\/references\/spotlight-on-vet-2018-compilation-vocational-education-and-training-systems-in-europe-2\/","twitter_misc":{"Est. reading time":"1 minute"},"schema":{"@context":"https:\/\/schema.org","@graph":[{"@type":"WebPage","@id":"https:\/\/fsc-ccf.ca\/fr\/references\/spotlight-on-vet-2018-compilation-vocational-education-and-training-systems-in-europe-2\/","url":"https:\/\/fsc-ccf.ca\/fr\/references\/spotlight-on-vet-2018-compilation-vocational-education-and-training-systems-in-europe-2\/","name":"Spotlight on VET - 2018 compilation: Vocational education and training systems in Europe - Future Skills Centre \u2022 Centre des Comp\u00e9tences futures","isPartOf":{"@id":"https:\/\/fsc-ccf.ca\/fr\/#website"},"datePublished":"2020-08-11T22:24:57+00:00","breadcrumb":{"@id":"https:\/\/fsc-ccf.ca\/fr\/references\/spotlight-on-vet-2018-compilation-vocational-education-and-training-systems-in-europe-2\/#breadcrumb"},"inLanguage":"fr-FR","potentialAction":[{"@type":"ReadAction","target":["https:\/\/fsc-ccf.ca\/fr\/references\/spotlight-on-vet-2018-compilation-vocational-education-and-training-systems-in-europe-2\/"]}]},{"@type":"BreadcrumbList","@id":"https:\/\/fsc-ccf.ca\/fr\/references\/spotlight-on-vet-2018-compilation-vocational-education-and-training-systems-in-europe-2\/#breadcrumb","itemListElement":[{"@type":"ListItem","position":1,"name":"Home","item":"https:\/\/fsc-ccf.ca\/fr\/"},{"@type":"ListItem","position":2,"name":"References","item":"https:\/\/fsc-ccf.ca\/fr\/references\/"},{"@type":"ListItem","position":3,"name":"Spotlight on VET &#8211; 2018 compilation: Vocational education and training systems in Europe"}]},{"@type":"WebSite","@id":"https:\/\/fsc-ccf.ca\/fr\/#website","url":"https:\/\/fsc-ccf.ca\/fr\/","name":"Future Skills Centre \u2022 Centre des Comp\u00e9tences futures","description":"","publisher":{"@id":"https:\/\/fsc-ccf.ca\/fr\/#organization"},"potentialAction":[{"@type":"SearchAction","target":{"@type":"EntryPoint","urlTemplate":"https:\/\/fsc-ccf.ca\/fr\/?s={search_term_string}"},"query-input":{"@type":"PropertyValueSpecification","valueRequired":true,"valueName":"search_term_string"}}],"inLanguage":"fr-FR"},{"@type":"Organization","@id":"https:\/\/fsc-ccf.ca\/fr\/#organization","name":"Future Skills Centre \u2022 Centre des Comp\u00e9tences futures","url":"https:\/\/fsc-ccf.ca\/fr\/","logo":{"@type":"ImageObject","inLanguage":"fr-FR","@id":"https:\/\/fsc-ccf.ca\/fr\/#\/schema\/logo\/image\/","url":"https:\/\/fsc-ccf.ca\/wp-content\/uploads\/2019\/08\/FSC_logo_colour_rgb_positive_ENG.png","contentUrl":"https:\/\/fsc-ccf.ca\/wp-content\/uploads\/2019\/08\/FSC_logo_colour_rgb_positive_ENG.png","width":618,"height":528,"caption":"Future Skills Centre \u2022 Centre des Comp\u00e9tences futures"},"image":{"@id":"https:\/\/fsc-ccf.ca\/fr\/#\/schema\/logo\/image\/"},"sameAs":["https:\/\/www.facebook.com\/2161871137193201\/","https:\/\/x.com\/fsc_ccf_en","https:\/\/www.instagram.com\/fsc_ccf\/","https:\/\/www.linkedin.com\/company\/fsc-ccf\/"]}]}},"_links":{"self":[{"href":"https:\/\/fsc-ccf.ca\/fr\/wp-json\/wp\/v2\/reference\/130037","targetHints":{"allow":["GET"]}}],"collection":[{"href":"https:\/\/fsc-ccf.ca\/fr\/wp-json\/wp\/v2\/reference"}],"about":[{"href":"https:\/\/fsc-ccf.ca\/fr\/wp-json\/wp\/v2\/types\/reference"}],"version-history":[{"count":0,"href":"https:\/\/fsc-ccf.ca\/fr\/wp-json\/wp\/v2\/reference\/130037\/revisions"}],"wp:attachment":[{"href":"https:\/\/fsc-ccf.ca\/fr\/wp-json\/wp\/v2\/media?parent=130037"}],"wp:term":[{"taxonomy":"reference-tag","embeddable":true,"href":"https:\/\/fsc-ccf.ca\/fr\/wp-json\/wp\/v2\/reference-tag?post=130037"},{"taxonomy":"reference-type","embeddable":true,"href":"https:\/\/fsc-ccf.ca\/fr\/wp-json\/wp\/v2\/reference-type?post=130037"}],"curies":[{"name":"wp","href":"https:\/\/api.w.org\/{rel}","templated":true}]}}

<p>Construire sur Spotlights de chaque pays, cette publication rassemble les principales caractéristiques et les données de la formation professionnelle dans l&#8217;UE, l&#8217;Islande et la Norvège. Alors que les pays partagent les objectifs et les défis, leurs systèmes d&#8217;EFP sont variés, façonnés par des contextes socio-économiques et des traditions. Informations sur les caractéristiques principales de la formation professionnelle, son rôle et son statut, sont une condition sine qua non à l&#8217;évolution compréhension et l&#8217;apprentissage d&#8217;un autre pays. Cette adresse de compilation tous ceux qui ont besoin d&#8217;un aperçu rapide des caractéristiques essentielles de la formation professionnelle en Europe. Clarifier la place de la formation professionnelle dans les systèmes d&#8217;éducation et de formation de l&#8217;ensemble des pays, il présente les principales voies d&#8217;adhésion et la progression des apprenants; ils conduisent à des types et niveaux de qualification; types de programmes, les modes de prestation, le rapport d&#8217;apprentissage basé sur le travail et la durée. L&#8217;approche et la terminologie utilisée pour les systèmes graphiques et descriptions visent un équilibre entre la compréhension des lecteurs nationaux et internationaux et d&#8217;établir des comparaisons entre les systèmes. Cette publication est un point de départ utile pour le travail par les décideurs politiques, les partenaires sociaux, des experts et des chercheurs. Il fournit une orientation à toute une gamme d&#8217;autres acteurs impliqués dans les activités liées à la FEP: les prestataires de formation, les enseignants et les formateurs; des conseils, des qualifications et du personnel de validation; et les autres lecteurs qui veulent se familiariser avec les systèmes de formation professionnelle à travers l&#8217;Europe et au-delà. Traduit à l'aide de Google Translate</p>

<p>Construire sur Spotlights de chaque pays, cette publication rassemble les principales caractéristiques et les données de la formation professionnelle dans l&#8217;UE, l&#8217;Islande et la Norvège. Alors que les pays partagent les objectifs et les défis, leurs systèmes d&#8217;EFP sont variés, façonnés par des contextes socio-économiques et des traditions. Informations sur les caractéristiques principales de la formation professionnelle, son rôle et son statut, sont une condition sine qua non à l&#8217;évolution compréhension et l&#8217;apprentissage d&#8217;un autre pays. Cette adresse de compilation tous ceux qui ont besoin d&#8217;un aperçu rapide des caractéristiques essentielles de la formation professionnelle en Europe. Clarifier la place de la formation professionnelle dans les systèmes d&#8217;éducation et de formation de l&#8217;ensemble des pays, il présente les principales voies d&#8217;adhésion et la progression des apprenants; ils conduisent à des types et niveaux de qualification; types de programmes, les modes de prestation, le rapport d&#8217;apprentissage basé sur le travail et la durée. L&#8217;approche et la terminologie utilisée pour les systèmes graphiques et descriptions visent un équilibre entre la compréhension des lecteurs nationaux et internationaux et d&#8217;établir des comparaisons entre les systèmes. Cette publication est un point de départ utile pour le travail par les décideurs politiques, les partenaires sociaux, des experts et des chercheurs. Il fournit une orientation à toute une gamme d&#8217;autres acteurs impliqués dans les activités liées à la FEP: les prestataires de formation, les enseignants et les formateurs; des conseils, des qualifications et du personnel de validation; et les autres lecteurs qui veulent se familiariser avec les systèmes de formation professionnelle à travers l&#8217;Europe et au-delà. [googletranslate_fr]</p>

<!-- This site is optimized with the Yoast SEO plugin v27.4 - https://yoast.com/product/yoast-seo-wordpress/ -->
<title>Spotlight on VET - 2018 compilation: Vocational education and training systems in Europe - Future Skills Centre • Centre des Compétences futures</title>
<meta name="robots" content="index, follow, max-snippet:-1, max-image-preview:large, max-video-preview:-1" />
<link rel="canonical" href="https://fsc-ccf.ca/fr/references/spotlight-on-vet-2018-compilation-vocational-education-and-training-systems-in-europe-2/" />
<meta name="twitter:label1" content="Est. reading time" />
	<meta name="twitter:data1" content="1 minute" />
<script type="application/ld+json" class="yoast-schema-graph">{"@context":"https:\/\/schema.org","@graph":[{"@type":"WebPage","@id":"https:\/\/fsc-ccf.ca\/fr\/references\/spotlight-on-vet-2018-compilation-vocational-education-and-training-systems-in-europe-2\/","url":"https:\/\/fsc-ccf.ca\/fr\/references\/spotlight-on-vet-2018-compilation-vocational-education-and-training-systems-in-europe-2\/","name":"Spotlight on VET - 2018 compilation: Vocational education and training systems in Europe - Future Skills Centre • Centre des Compétences futures","isPartOf":{"@id":"https:\/\/fsc-ccf.ca\/fr\/#website"},"datePublished":"2020-08-11T22:24:57+00:00","breadcrumb":{"@id":"https:\/\/fsc-ccf.ca\/fr\/references\/spotlight-on-vet-2018-compilation-vocational-education-and-training-systems-in-europe-2\/#breadcrumb"},"inLanguage":"fr-FR","potentialAction":[{"@type":"ReadAction","target":["https:\/\/fsc-ccf.ca\/fr\/references\/spotlight-on-vet-2018-compilation-vocational-education-and-training-systems-in-europe-2\/"]}]},{"@type":"BreadcrumbList","@id":"https:\/\/fsc-ccf.ca\/fr\/references\/spotlight-on-vet-2018-compilation-vocational-education-and-training-systems-in-europe-2\/#breadcrumb","itemListElement":[{"@type":"ListItem","position":1,"name":"Home","item":"https:\/\/fsc-ccf.ca\/fr\/"},{"@type":"ListItem","position":2,"name":"References","item":"https:\/\/fsc-ccf.ca\/fr\/references\/"},{"@type":"ListItem","position":3,"name":"Spotlight on VET &#8211; 2018 compilation: Vocational education and training systems in Europe"}]},{"@type":"WebSite","@id":"https:\/\/fsc-ccf.ca\/fr\/#website","url":"https:\/\/fsc-ccf.ca\/fr\/","name":"Future Skills Centre • Centre des Compétences futures","description":"","publisher":{"@id":"https:\/\/fsc-ccf.ca\/fr\/#organization"},"potentialAction":[{"@type":"SearchAction","target":{"@type":"EntryPoint","urlTemplate":"https:\/\/fsc-ccf.ca\/fr\/?s={search_term_string}"},"query-input":{"@type":"PropertyValueSpecification","valueRequired":true,"valueName":"search_term_string"}}],"inLanguage":"fr-FR"},{"@type":"Organization","@id":"https:\/\/fsc-ccf.ca\/fr\/#organization","name":"Future Skills Centre • Centre des Compétences futures","url":"https:\/\/fsc-ccf.ca\/fr\/","logo":{"@type":"ImageObject","inLanguage":"fr-FR","@id":"https:\/\/fsc-ccf.ca\/fr\/#\/schema\/logo\/image\/","url":"https:\/\/fsc-ccf.ca\/wp-content\/uploads\/2019\/08\/FSC_logo_colour_rgb_positive_ENG.png","contentUrl":"https:\/\/fsc-ccf.ca\/wp-content\/uploads\/2019\/08\/FSC_logo_colour_rgb_positive_ENG.png","width":618,"height":528,"caption":"Future Skills Centre • Centre des Compétences futures"},"image":{"@id":"https:\/\/fsc-ccf.ca\/fr\/#\/schema\/logo\/image\/"},"sameAs":["https:\/\/www.facebook.com\/2161871137193201\/","https:\/\/x.com\/fsc_ccf_en","https:\/\/www.instagram.com\/fsc_ccf\/","https:\/\/www.linkedin.com\/company\/fsc-ccf\/"]}]}</script>
<!-- / Yoast SEO plugin. -->

Spotlight on VET - 2018 compilation: Vocational education and training systems in Europe - Future Skills Centre • Centre des Compétences futures

Future Skills Centre • Centre des Compétences futures
