			{"id":129723,"date":"2020-08-11T18:22:41","date_gmt":"2020-08-11T22:22:41","guid":{"rendered":"https:\/\/fsc-ccf.ca\/references\/the-aspiring-workforce-employment-and-income-for-people-with-serious-mental-illness-2\/"},"modified":"2020-08-11T18:22:41","modified_gmt":"2020-08-11T22:22:41","slug":"the-aspiring-workforce-employment-and-income-for-people-with-serious-mental-illness-2","status":"publish","type":"reference","link":"https:\/\/fsc-ccf.ca\/fr\/references\/the-aspiring-workforce-employment-and-income-for-people-with-serious-mental-illness-2\/","title":{"rendered":"The aspiring workforce: Employment and income for people with serious mental illness"},"content":{"rendered":"<p>Ce rapport parle aux cinq domaines suivants; 1.How de fournir des services efficaces pour les personnes qui veulent travailler, et dont les services sont susceptibles d&#8217;\u00eatre les plus utiles 2.Quel mesures incitatives et dissuasives syst\u00e9matiques existent dans le retour au travail 3. Comment d\u00e9velopper des entreprises sociales dans le cadre de leur mission de cr\u00e9er des emplois aux personnes souffrant d&#8217;une maladie mentale 4. Comment assurer une pension d&#8217;invalidit\u00e9 qui concentrent \u00e9galement sur les capacit\u00e9s d&#8217;une personne et la capacit\u00e9 de travail 5. les principales choses que les gens ont besoin de savoir r\u00e9ussir au travail .. Dans chaque cas, les questions de fond et de la situation actuelle sont couverts . Les choses passionnantes que nous savons et pouvons appliquer sont d\u00e9crites. Ensemble, ils sont un ouvrage de r\u00e9f\u00e9rence pour l&#8217;action. L&#8217;\u00e9tape suivante consistera \u00e0 \u00e9tablir un consensus aux niveaux national, provincial et territorial pour aller de l&#8217;avant. Si nous faisons cela, nous pouvons pr\u00e9dire une nouvelle g\u00e9n\u00e9ration d&#8217;employ\u00e9s capables d&#8217;enrichir les lieux de travail partout au Canada, et ce faisant d&#8217;avoir une meilleure sant\u00e9 mentale eux-m\u00eames Traduit a\u0300 l'aide de Google Translate<\/p>\n","protected":false},"excerpt":{"rendered":"<p>Ce rapport parle aux cinq domaines suivants; 1.How de fournir des services efficaces pour les personnes qui veulent travailler, et dont les services sont susceptibles d&#8217;\u00eatre les plus utiles 2.Quel mesures incitatives et dissuasives syst\u00e9matiques existent dans le retour au travail 3. Comment d\u00e9velopper des entreprises sociales dans le cadre de leur mission de cr\u00e9er des emplois aux personnes souffrant d&#8217;une maladie mentale 4. Comment assurer une pension d&#8217;invalidit\u00e9 qui concentrent \u00e9galement sur les capacit\u00e9s d&#8217;une personne et la capacit\u00e9 de travail 5. les principales choses que les gens ont besoin de savoir r\u00e9ussir au travail .. Dans chaque cas, les questions de fond et de la situation actuelle sont couverts . Les choses passionnantes que nous savons et pouvons appliquer sont d\u00e9crites. Ensemble, ils sont un ouvrage de r\u00e9f\u00e9rence pour l&#8217;action. L&#8217;\u00e9tape suivante consistera \u00e0 \u00e9tablir un consensus aux niveaux national, provincial et territorial pour aller de l&#8217;avant. Si nous faisons cela, nous pouvons pr\u00e9dire une nouvelle g\u00e9n\u00e9ration d&#8217;employ\u00e9s capables d&#8217;enrichir les lieux de travail partout au Canada, et ce faisant d&#8217;avoir une meilleure sant\u00e9 mentale eux-m\u00eames [googletranslate_fr]<\/p>\n","protected":false},"template":"","reference-tag":[],"reference-type":[436],"class_list":["post-129723","reference","type-reference","status-publish","hentry","reference-type-white-paper"],"acf":{"citation":"Kirsh, B., Dewa, C., Trojanowski, L., Loong, D., Hoch, J., Krupa, T., Lysaght, R., Brown, J., Vallee, C., Trainor, J., Curwood, S., Nailer, W., Sirohi, R., Stapleton, J., Kerman, N., and Tweddle, A. (2013). The aspiring workforce: Employment and income for people with serious mental illness. Toronto, ON: . Retrieved from https:\/\/www.mentalhealthcommission.ca\/sites\/default\/files\/2016-06\/Workplace_MHCC_Aspiring_Workforce_Report_ENG_0.pdf.","authors":"Kirsh, B., Dewa, C., Trojanowski, L., Loong, D., Hoch, J., Krupa, T., Lysaght, R., Brown, J., Vallee, C., Trainor, J., Curwood, S., Nailer, W., Sirohi, R., Stapleton, J., Kerman, N., and Tweddle, A.","org":"Mental Health Commission of Canada (MHCC)","year":"2013","title_fr":null,"editors_hidden":"","publication":"","publication_fr":null,"volume":"","issue":"","Series":"","SeriesNumber":"","page_range":"1\u2013123","publisher_city":"Toronto","publisher_state":"ON","publisher":"","abstract_en":null,"abstract_fr":null,"keywords":"","paywall":"0","doi":"","isbn":"","url":"https:\/\/www.mentalhealthcommission.ca\/sites\/default\/files\/2016-06\/Workplace_MHCC_Aspiring_Workforce_Report_ENG_0.pdf","url_fr":null,"url_amazon":"","TRACK":"0"},"yoast_head":"<!-- This site is optimized with the Yoast SEO plugin v27.4 - https:\/\/yoast.com\/product\/yoast-seo-wordpress\/ -->\n<title>The aspiring workforce: Employment and income for people with serious mental illness - Future Skills Centre \u2022 Centre des Comp\u00e9tences futures<\/title>\n<meta name=\"robots\" content=\"index, follow, max-snippet:-1, max-image-preview:large, max-video-preview:-1\" \/>\n<link rel=\"canonical\" href=\"https:\/\/fsc-ccf.ca\/fr\/references\/the-aspiring-workforce-employment-and-income-for-people-with-serious-mental-illness-2\/\" \/>\n<meta name=\"twitter:label1\" content=\"Est. reading time\" \/>\n\t<meta name=\"twitter:data1\" content=\"1 minute\" \/>\n<script type=\"application\/ld+json\" class=\"yoast-schema-graph\">{\"@context\":\"https:\\\/\\\/schema.org\",\"@graph\":[{\"@type\":\"WebPage\",\"@id\":\"https:\\\/\\\/fsc-ccf.ca\\\/fr\\\/references\\\/the-aspiring-workforce-employment-and-income-for-people-with-serious-mental-illness-2\\\/\",\"url\":\"https:\\\/\\\/fsc-ccf.ca\\\/fr\\\/references\\\/the-aspiring-workforce-employment-and-income-for-people-with-serious-mental-illness-2\\\/\",\"name\":\"The aspiring workforce: Employment and income for people with serious mental illness - Future Skills Centre \u2022 Centre des Comp\u00e9tences futures\",\"isPartOf\":{\"@id\":\"https:\\\/\\\/fsc-ccf.ca\\\/fr\\\/#website\"},\"datePublished\":\"2020-08-11T22:22:41+00:00\",\"breadcrumb\":{\"@id\":\"https:\\\/\\\/fsc-ccf.ca\\\/fr\\\/references\\\/the-aspiring-workforce-employment-and-income-for-people-with-serious-mental-illness-2\\\/#breadcrumb\"},\"inLanguage\":\"fr-FR\",\"potentialAction\":[{\"@type\":\"ReadAction\",\"target\":[\"https:\\\/\\\/fsc-ccf.ca\\\/fr\\\/references\\\/the-aspiring-workforce-employment-and-income-for-people-with-serious-mental-illness-2\\\/\"]}]},{\"@type\":\"BreadcrumbList\",\"@id\":\"https:\\\/\\\/fsc-ccf.ca\\\/fr\\\/references\\\/the-aspiring-workforce-employment-and-income-for-people-with-serious-mental-illness-2\\\/#breadcrumb\",\"itemListElement\":[{\"@type\":\"ListItem\",\"position\":1,\"name\":\"Home\",\"item\":\"https:\\\/\\\/fsc-ccf.ca\\\/fr\\\/\"},{\"@type\":\"ListItem\",\"position\":2,\"name\":\"References\",\"item\":\"https:\\\/\\\/fsc-ccf.ca\\\/fr\\\/references\\\/\"},{\"@type\":\"ListItem\",\"position\":3,\"name\":\"The aspiring workforce: Employment and income for people with serious mental illness\"}]},{\"@type\":\"WebSite\",\"@id\":\"https:\\\/\\\/fsc-ccf.ca\\\/fr\\\/#website\",\"url\":\"https:\\\/\\\/fsc-ccf.ca\\\/fr\\\/\",\"name\":\"Future Skills Centre \u2022 Centre des Comp\u00e9tences futures\",\"description\":\"\",\"publisher\":{\"@id\":\"https:\\\/\\\/fsc-ccf.ca\\\/fr\\\/#organization\"},\"potentialAction\":[{\"@type\":\"SearchAction\",\"target\":{\"@type\":\"EntryPoint\",\"urlTemplate\":\"https:\\\/\\\/fsc-ccf.ca\\\/fr\\\/?s={search_term_string}\"},\"query-input\":{\"@type\":\"PropertyValueSpecification\",\"valueRequired\":true,\"valueName\":\"search_term_string\"}}],\"inLanguage\":\"fr-FR\"},{\"@type\":\"Organization\",\"@id\":\"https:\\\/\\\/fsc-ccf.ca\\\/fr\\\/#organization\",\"name\":\"Future Skills Centre \u2022 Centre des Comp\u00e9tences futures\",\"url\":\"https:\\\/\\\/fsc-ccf.ca\\\/fr\\\/\",\"logo\":{\"@type\":\"ImageObject\",\"inLanguage\":\"fr-FR\",\"@id\":\"https:\\\/\\\/fsc-ccf.ca\\\/fr\\\/#\\\/schema\\\/logo\\\/image\\\/\",\"url\":\"https:\\\/\\\/fsc-ccf.ca\\\/wp-content\\\/uploads\\\/2019\\\/08\\\/FSC_logo_colour_rgb_positive_ENG.png\",\"contentUrl\":\"https:\\\/\\\/fsc-ccf.ca\\\/wp-content\\\/uploads\\\/2019\\\/08\\\/FSC_logo_colour_rgb_positive_ENG.png\",\"width\":618,\"height\":528,\"caption\":\"Future Skills Centre \u2022 Centre des Comp\u00e9tences futures\"},\"image\":{\"@id\":\"https:\\\/\\\/fsc-ccf.ca\\\/fr\\\/#\\\/schema\\\/logo\\\/image\\\/\"},\"sameAs\":[\"https:\\\/\\\/www.facebook.com\\\/2161871137193201\\\/\",\"https:\\\/\\\/x.com\\\/fsc_ccf_en\",\"https:\\\/\\\/www.instagram.com\\\/fsc_ccf\\\/\",\"https:\\\/\\\/www.linkedin.com\\\/company\\\/fsc-ccf\\\/\"]}]}<\/script>\n<!-- \/ Yoast SEO plugin. -->","yoast_head_json":{"title":"The aspiring workforce: Employment and income for people with serious mental illness - Future Skills Centre \u2022 Centre des Comp\u00e9tences futures","robots":{"index":"index","follow":"follow","max-snippet":"max-snippet:-1","max-image-preview":"max-image-preview:large","max-video-preview":"max-video-preview:-1"},"canonical":"https:\/\/fsc-ccf.ca\/fr\/references\/the-aspiring-workforce-employment-and-income-for-people-with-serious-mental-illness-2\/","twitter_misc":{"Est. reading time":"1 minute"},"schema":{"@context":"https:\/\/schema.org","@graph":[{"@type":"WebPage","@id":"https:\/\/fsc-ccf.ca\/fr\/references\/the-aspiring-workforce-employment-and-income-for-people-with-serious-mental-illness-2\/","url":"https:\/\/fsc-ccf.ca\/fr\/references\/the-aspiring-workforce-employment-and-income-for-people-with-serious-mental-illness-2\/","name":"The aspiring workforce: Employment and income for people with serious mental illness - Future Skills Centre \u2022 Centre des Comp\u00e9tences futures","isPartOf":{"@id":"https:\/\/fsc-ccf.ca\/fr\/#website"},"datePublished":"2020-08-11T22:22:41+00:00","breadcrumb":{"@id":"https:\/\/fsc-ccf.ca\/fr\/references\/the-aspiring-workforce-employment-and-income-for-people-with-serious-mental-illness-2\/#breadcrumb"},"inLanguage":"fr-FR","potentialAction":[{"@type":"ReadAction","target":["https:\/\/fsc-ccf.ca\/fr\/references\/the-aspiring-workforce-employment-and-income-for-people-with-serious-mental-illness-2\/"]}]},{"@type":"BreadcrumbList","@id":"https:\/\/fsc-ccf.ca\/fr\/references\/the-aspiring-workforce-employment-and-income-for-people-with-serious-mental-illness-2\/#breadcrumb","itemListElement":[{"@type":"ListItem","position":1,"name":"Home","item":"https:\/\/fsc-ccf.ca\/fr\/"},{"@type":"ListItem","position":2,"name":"References","item":"https:\/\/fsc-ccf.ca\/fr\/references\/"},{"@type":"ListItem","position":3,"name":"The aspiring workforce: Employment and income for people with serious mental illness"}]},{"@type":"WebSite","@id":"https:\/\/fsc-ccf.ca\/fr\/#website","url":"https:\/\/fsc-ccf.ca\/fr\/","name":"Future Skills Centre \u2022 Centre des Comp\u00e9tences futures","description":"","publisher":{"@id":"https:\/\/fsc-ccf.ca\/fr\/#organization"},"potentialAction":[{"@type":"SearchAction","target":{"@type":"EntryPoint","urlTemplate":"https:\/\/fsc-ccf.ca\/fr\/?s={search_term_string}"},"query-input":{"@type":"PropertyValueSpecification","valueRequired":true,"valueName":"search_term_string"}}],"inLanguage":"fr-FR"},{"@type":"Organization","@id":"https:\/\/fsc-ccf.ca\/fr\/#organization","name":"Future Skills Centre \u2022 Centre des Comp\u00e9tences futures","url":"https:\/\/fsc-ccf.ca\/fr\/","logo":{"@type":"ImageObject","inLanguage":"fr-FR","@id":"https:\/\/fsc-ccf.ca\/fr\/#\/schema\/logo\/image\/","url":"https:\/\/fsc-ccf.ca\/wp-content\/uploads\/2019\/08\/FSC_logo_colour_rgb_positive_ENG.png","contentUrl":"https:\/\/fsc-ccf.ca\/wp-content\/uploads\/2019\/08\/FSC_logo_colour_rgb_positive_ENG.png","width":618,"height":528,"caption":"Future Skills Centre \u2022 Centre des Comp\u00e9tences futures"},"image":{"@id":"https:\/\/fsc-ccf.ca\/fr\/#\/schema\/logo\/image\/"},"sameAs":["https:\/\/www.facebook.com\/2161871137193201\/","https:\/\/x.com\/fsc_ccf_en","https:\/\/www.instagram.com\/fsc_ccf\/","https:\/\/www.linkedin.com\/company\/fsc-ccf\/"]}]}},"_links":{"self":[{"href":"https:\/\/fsc-ccf.ca\/fr\/wp-json\/wp\/v2\/reference\/129723","targetHints":{"allow":["GET"]}}],"collection":[{"href":"https:\/\/fsc-ccf.ca\/fr\/wp-json\/wp\/v2\/reference"}],"about":[{"href":"https:\/\/fsc-ccf.ca\/fr\/wp-json\/wp\/v2\/types\/reference"}],"version-history":[{"count":0,"href":"https:\/\/fsc-ccf.ca\/fr\/wp-json\/wp\/v2\/reference\/129723\/revisions"}],"wp:attachment":[{"href":"https:\/\/fsc-ccf.ca\/fr\/wp-json\/wp\/v2\/media?parent=129723"}],"wp:term":[{"taxonomy":"reference-tag","embeddable":true,"href":"https:\/\/fsc-ccf.ca\/fr\/wp-json\/wp\/v2\/reference-tag?post=129723"},{"taxonomy":"reference-type","embeddable":true,"href":"https:\/\/fsc-ccf.ca\/fr\/wp-json\/wp\/v2\/reference-type?post=129723"}],"curies":[{"name":"wp","href":"https:\/\/api.w.org\/{rel}","templated":true}]}}

<p>Ce rapport parle aux cinq domaines suivants; 1.How de fournir des services efficaces pour les personnes qui veulent travailler, et dont les services sont susceptibles d&#8217;être les plus utiles 2.Quel mesures incitatives et dissuasives systématiques existent dans le retour au travail 3. Comment développer des entreprises sociales dans le cadre de leur mission de créer des emplois aux personnes souffrant d&#8217;une maladie mentale 4. Comment assurer une pension d&#8217;invalidité qui concentrent également sur les capacités d&#8217;une personne et la capacité de travail 5. les principales choses que les gens ont besoin de savoir réussir au travail .. Dans chaque cas, les questions de fond et de la situation actuelle sont couverts . Les choses passionnantes que nous savons et pouvons appliquer sont décrites. Ensemble, ils sont un ouvrage de référence pour l&#8217;action. L&#8217;étape suivante consistera à établir un consensus aux niveaux national, provincial et territorial pour aller de l&#8217;avant. Si nous faisons cela, nous pouvons prédire une nouvelle génération d&#8217;employés capables d&#8217;enrichir les lieux de travail partout au Canada, et ce faisant d&#8217;avoir une meilleure santé mentale eux-mêmes Traduit à l'aide de Google Translate</p>

<p>Ce rapport parle aux cinq domaines suivants; 1.How de fournir des services efficaces pour les personnes qui veulent travailler, et dont les services sont susceptibles d&#8217;être les plus utiles 2.Quel mesures incitatives et dissuasives systématiques existent dans le retour au travail 3. Comment développer des entreprises sociales dans le cadre de leur mission de créer des emplois aux personnes souffrant d&#8217;une maladie mentale 4. Comment assurer une pension d&#8217;invalidité qui concentrent également sur les capacités d&#8217;une personne et la capacité de travail 5. les principales choses que les gens ont besoin de savoir réussir au travail .. Dans chaque cas, les questions de fond et de la situation actuelle sont couverts . Les choses passionnantes que nous savons et pouvons appliquer sont décrites. Ensemble, ils sont un ouvrage de référence pour l&#8217;action. L&#8217;étape suivante consistera à établir un consensus aux niveaux national, provincial et territorial pour aller de l&#8217;avant. Si nous faisons cela, nous pouvons prédire une nouvelle génération d&#8217;employés capables d&#8217;enrichir les lieux de travail partout au Canada, et ce faisant d&#8217;avoir une meilleure santé mentale eux-mêmes [googletranslate_fr]</p>

<!-- This site is optimized with the Yoast SEO plugin v27.4 - https://yoast.com/product/yoast-seo-wordpress/ -->
<title>The aspiring workforce: Employment and income for people with serious mental illness - Future Skills Centre • Centre des Compétences futures</title>
<meta name="robots" content="index, follow, max-snippet:-1, max-image-preview:large, max-video-preview:-1" />
<link rel="canonical" href="https://fsc-ccf.ca/fr/references/the-aspiring-workforce-employment-and-income-for-people-with-serious-mental-illness-2/" />
<meta name="twitter:label1" content="Est. reading time" />
	<meta name="twitter:data1" content="1 minute" />
<script type="application/ld+json" class="yoast-schema-graph">{"@context":"https:\/\/schema.org","@graph":[{"@type":"WebPage","@id":"https:\/\/fsc-ccf.ca\/fr\/references\/the-aspiring-workforce-employment-and-income-for-people-with-serious-mental-illness-2\/","url":"https:\/\/fsc-ccf.ca\/fr\/references\/the-aspiring-workforce-employment-and-income-for-people-with-serious-mental-illness-2\/","name":"The aspiring workforce: Employment and income for people with serious mental illness - Future Skills Centre • Centre des Compétences futures","isPartOf":{"@id":"https:\/\/fsc-ccf.ca\/fr\/#website"},"datePublished":"2020-08-11T22:22:41+00:00","breadcrumb":{"@id":"https:\/\/fsc-ccf.ca\/fr\/references\/the-aspiring-workforce-employment-and-income-for-people-with-serious-mental-illness-2\/#breadcrumb"},"inLanguage":"fr-FR","potentialAction":[{"@type":"ReadAction","target":["https:\/\/fsc-ccf.ca\/fr\/references\/the-aspiring-workforce-employment-and-income-for-people-with-serious-mental-illness-2\/"]}]},{"@type":"BreadcrumbList","@id":"https:\/\/fsc-ccf.ca\/fr\/references\/the-aspiring-workforce-employment-and-income-for-people-with-serious-mental-illness-2\/#breadcrumb","itemListElement":[{"@type":"ListItem","position":1,"name":"Home","item":"https:\/\/fsc-ccf.ca\/fr\/"},{"@type":"ListItem","position":2,"name":"References","item":"https:\/\/fsc-ccf.ca\/fr\/references\/"},{"@type":"ListItem","position":3,"name":"The aspiring workforce: Employment and income for people with serious mental illness"}]},{"@type":"WebSite","@id":"https:\/\/fsc-ccf.ca\/fr\/#website","url":"https:\/\/fsc-ccf.ca\/fr\/","name":"Future Skills Centre • Centre des Compétences futures","description":"","publisher":{"@id":"https:\/\/fsc-ccf.ca\/fr\/#organization"},"potentialAction":[{"@type":"SearchAction","target":{"@type":"EntryPoint","urlTemplate":"https:\/\/fsc-ccf.ca\/fr\/?s={search_term_string}"},"query-input":{"@type":"PropertyValueSpecification","valueRequired":true,"valueName":"search_term_string"}}],"inLanguage":"fr-FR"},{"@type":"Organization","@id":"https:\/\/fsc-ccf.ca\/fr\/#organization","name":"Future Skills Centre • Centre des Compétences futures","url":"https:\/\/fsc-ccf.ca\/fr\/","logo":{"@type":"ImageObject","inLanguage":"fr-FR","@id":"https:\/\/fsc-ccf.ca\/fr\/#\/schema\/logo\/image\/","url":"https:\/\/fsc-ccf.ca\/wp-content\/uploads\/2019\/08\/FSC_logo_colour_rgb_positive_ENG.png","contentUrl":"https:\/\/fsc-ccf.ca\/wp-content\/uploads\/2019\/08\/FSC_logo_colour_rgb_positive_ENG.png","width":618,"height":528,"caption":"Future Skills Centre • Centre des Compétences futures"},"image":{"@id":"https:\/\/fsc-ccf.ca\/fr\/#\/schema\/logo\/image\/"},"sameAs":["https:\/\/www.facebook.com\/2161871137193201\/","https:\/\/x.com\/fsc_ccf_en","https:\/\/www.instagram.com\/fsc_ccf\/","https:\/\/www.linkedin.com\/company\/fsc-ccf\/"]}]}</script>
<!-- / Yoast SEO plugin. -->

The aspiring workforce: Employment and income for people with serious mental illness - Future Skills Centre • Centre des Compétences futures

Future Skills Centre • Centre des Compétences futures
