			{"id":129512,"date":"2020-08-11T18:21:10","date_gmt":"2020-08-11T22:21:10","guid":{"rendered":"https:\/\/fsc-ccf.ca\/references\/disability-and-accessibility-canadians-see-significant-room-for-improvement-in-communities-where-they-live-2\/"},"modified":"2020-08-11T18:21:10","modified_gmt":"2020-08-11T22:21:10","slug":"disability-and-accessibility-canadians-see-significant-room-for-improvement-in-communities-where-they-live-2","status":"publish","type":"reference","link":"https:\/\/fsc-ccf.ca\/fr\/references\/disability-and-accessibility-canadians-see-significant-room-for-improvement-in-communities-where-they-live-2\/","title":{"rendered":"Disability and accessibility: Canadians see significant room for improvement in communities where they live"},"content":{"rendered":"<p>La grande majorit\u00e9 des Canadiens veulent que leurs communaut\u00e9s soient pleinement accessibles aux personnes handicap\u00e9es, et croient que leur pays devrait \u00eatre un chef de file dans ce domaine. Mais ils voient aussi des lacunes \u00e9normes entre cet id\u00e9al et les personnes \u00e0 mobilit\u00e9 r\u00e9alit\u00e9 d\u00e9fis face o\u00f9 ils vivent. Ils reconnaissent aussi les obstacles \u00e0 l&#8217;emploi et l&#8217;\u00e9ducation que rencontrent les personnes handicap\u00e9es, mais en deux par exemple compr\u00e9hensible de \u0153It si les entreprises estiment qu&#8217;il est risqu\u00e9 d&#8217;embaucher des employ\u00e9s \u00e0 ces d\u00e9fis. Et alors que la plupart des Canadiens ont connu une certaine exposition aux personnes ayant un handicap physique dans leur vie de tous les jours, ils ont aussi largement sous-estiment l&#8217;invalidit\u00e9 de pr\u00e9gnance dans ce pays. Ceux-ci sont parmi les conclusions d&#8217;une nouvelle question du handicap de d\u00e9marchage d&#8217;enqu\u00eate nationale et d&#8217;accessibilit\u00e9 men\u00e9es par l&#8217;Institut Angus Reid, en partenariat avec la Fondation Rick Hansen. Traduit a\u0300 l'aide de Google Translate<\/p>\n","protected":false},"excerpt":{"rendered":"<p>La grande majorit\u00e9 des Canadiens veulent que leurs communaut\u00e9s soient pleinement accessibles aux personnes handicap\u00e9es, et croient que leur pays devrait \u00eatre un chef de file dans ce domaine. Mais ils voient aussi des lacunes \u00e9normes entre cet id\u00e9al et les personnes \u00e0 mobilit\u00e9 r\u00e9alit\u00e9 d\u00e9fis face o\u00f9 ils vivent. Ils reconnaissent aussi les obstacles \u00e0 l&#8217;emploi et l&#8217;\u00e9ducation que rencontrent les personnes handicap\u00e9es, mais en deux par exemple compr\u00e9hensible de \u0153It si les entreprises estiment qu&#8217;il est risqu\u00e9 d&#8217;embaucher des employ\u00e9s \u00e0 ces d\u00e9fis. Et alors que la plupart des Canadiens ont connu une certaine exposition aux personnes ayant un handicap physique dans leur vie de tous les jours, ils ont aussi largement sous-estiment l&#8217;invalidit\u00e9 de pr\u00e9gnance dans ce pays. Ceux-ci sont parmi les conclusions d&#8217;une nouvelle question du handicap de d\u00e9marchage d&#8217;enqu\u00eate nationale et d&#8217;accessibilit\u00e9 men\u00e9es par l&#8217;Institut Angus Reid, en partenariat avec la Fondation Rick Hansen. [googletranslate_fr]<\/p>\n","protected":false},"template":"","reference-tag":[],"reference-type":[436],"class_list":["post-129512","reference","type-reference","status-publish","hentry","reference-type-white-paper"],"acf":{"citation":"Angus Reid Institute (2015). Disability and accessibility: Canadians see significant room for improvement in communities where they live. Vancouver, BC: . Retrieved from http:\/\/angusreid.org\/wp-content\/uploads\/2015\/11\/2015.11.24-Hansen-Final.pdf.","authors":"Angus Reid Institute","org":"Angus Reid Institute (ARI) and Rick Hansen Foundation","year":"2015","title_fr":null,"editors_hidden":"","publication":"","publication_fr":null,"volume":"","issue":"","Series":"","SeriesNumber":"","page_range":"1\u201337","publisher_city":"Vancouver","publisher_state":"BC","publisher":"","abstract_en":null,"abstract_fr":null,"keywords":"","paywall":"0","doi":"","isbn":"","url":"http:\/\/angusreid.org\/wp-content\/uploads\/2015\/11\/2015.11.24-Hansen-Final.pdf","url_fr":null,"url_amazon":"","TRACK":"0"},"yoast_head":"<!-- This site is optimized with the Yoast SEO plugin v27.4 - https:\/\/yoast.com\/product\/yoast-seo-wordpress\/ -->\n<title>Disability and accessibility: Canadians see significant room for improvement in communities where they live - Future Skills Centre \u2022 Centre des Comp\u00e9tences futures<\/title>\n<meta name=\"robots\" content=\"index, follow, max-snippet:-1, max-image-preview:large, max-video-preview:-1\" \/>\n<link rel=\"canonical\" href=\"https:\/\/fsc-ccf.ca\/fr\/references\/disability-and-accessibility-canadians-see-significant-room-for-improvement-in-communities-where-they-live-2\/\" \/>\n<meta name=\"twitter:label1\" content=\"Est. reading time\" \/>\n\t<meta name=\"twitter:data1\" content=\"1 minute\" \/>\n<script type=\"application\/ld+json\" class=\"yoast-schema-graph\">{\"@context\":\"https:\\\/\\\/schema.org\",\"@graph\":[{\"@type\":\"WebPage\",\"@id\":\"https:\\\/\\\/fsc-ccf.ca\\\/fr\\\/references\\\/disability-and-accessibility-canadians-see-significant-room-for-improvement-in-communities-where-they-live-2\\\/\",\"url\":\"https:\\\/\\\/fsc-ccf.ca\\\/fr\\\/references\\\/disability-and-accessibility-canadians-see-significant-room-for-improvement-in-communities-where-they-live-2\\\/\",\"name\":\"Disability and accessibility: Canadians see significant room for improvement in communities where they live - Future Skills Centre \u2022 Centre des Comp\u00e9tences futures\",\"isPartOf\":{\"@id\":\"https:\\\/\\\/fsc-ccf.ca\\\/fr\\\/#website\"},\"datePublished\":\"2020-08-11T22:21:10+00:00\",\"breadcrumb\":{\"@id\":\"https:\\\/\\\/fsc-ccf.ca\\\/fr\\\/references\\\/disability-and-accessibility-canadians-see-significant-room-for-improvement-in-communities-where-they-live-2\\\/#breadcrumb\"},\"inLanguage\":\"fr-FR\",\"potentialAction\":[{\"@type\":\"ReadAction\",\"target\":[\"https:\\\/\\\/fsc-ccf.ca\\\/fr\\\/references\\\/disability-and-accessibility-canadians-see-significant-room-for-improvement-in-communities-where-they-live-2\\\/\"]}]},{\"@type\":\"BreadcrumbList\",\"@id\":\"https:\\\/\\\/fsc-ccf.ca\\\/fr\\\/references\\\/disability-and-accessibility-canadians-see-significant-room-for-improvement-in-communities-where-they-live-2\\\/#breadcrumb\",\"itemListElement\":[{\"@type\":\"ListItem\",\"position\":1,\"name\":\"Home\",\"item\":\"https:\\\/\\\/fsc-ccf.ca\\\/fr\\\/\"},{\"@type\":\"ListItem\",\"position\":2,\"name\":\"References\",\"item\":\"https:\\\/\\\/fsc-ccf.ca\\\/fr\\\/references\\\/\"},{\"@type\":\"ListItem\",\"position\":3,\"name\":\"Disability and accessibility: Canadians see significant room for improvement in communities where they live\"}]},{\"@type\":\"WebSite\",\"@id\":\"https:\\\/\\\/fsc-ccf.ca\\\/fr\\\/#website\",\"url\":\"https:\\\/\\\/fsc-ccf.ca\\\/fr\\\/\",\"name\":\"Future Skills Centre \u2022 Centre des Comp\u00e9tences futures\",\"description\":\"\",\"publisher\":{\"@id\":\"https:\\\/\\\/fsc-ccf.ca\\\/fr\\\/#organization\"},\"potentialAction\":[{\"@type\":\"SearchAction\",\"target\":{\"@type\":\"EntryPoint\",\"urlTemplate\":\"https:\\\/\\\/fsc-ccf.ca\\\/fr\\\/?s={search_term_string}\"},\"query-input\":{\"@type\":\"PropertyValueSpecification\",\"valueRequired\":true,\"valueName\":\"search_term_string\"}}],\"inLanguage\":\"fr-FR\"},{\"@type\":\"Organization\",\"@id\":\"https:\\\/\\\/fsc-ccf.ca\\\/fr\\\/#organization\",\"name\":\"Future Skills Centre \u2022 Centre des Comp\u00e9tences futures\",\"url\":\"https:\\\/\\\/fsc-ccf.ca\\\/fr\\\/\",\"logo\":{\"@type\":\"ImageObject\",\"inLanguage\":\"fr-FR\",\"@id\":\"https:\\\/\\\/fsc-ccf.ca\\\/fr\\\/#\\\/schema\\\/logo\\\/image\\\/\",\"url\":\"https:\\\/\\\/fsc-ccf.ca\\\/wp-content\\\/uploads\\\/2019\\\/08\\\/FSC_logo_colour_rgb_positive_ENG.png\",\"contentUrl\":\"https:\\\/\\\/fsc-ccf.ca\\\/wp-content\\\/uploads\\\/2019\\\/08\\\/FSC_logo_colour_rgb_positive_ENG.png\",\"width\":618,\"height\":528,\"caption\":\"Future Skills Centre \u2022 Centre des Comp\u00e9tences futures\"},\"image\":{\"@id\":\"https:\\\/\\\/fsc-ccf.ca\\\/fr\\\/#\\\/schema\\\/logo\\\/image\\\/\"},\"sameAs\":[\"https:\\\/\\\/www.facebook.com\\\/2161871137193201\\\/\",\"https:\\\/\\\/x.com\\\/fsc_ccf_en\",\"https:\\\/\\\/www.instagram.com\\\/fsc_ccf\\\/\",\"https:\\\/\\\/www.linkedin.com\\\/company\\\/fsc-ccf\\\/\"]}]}<\/script>\n<!-- \/ Yoast SEO plugin. -->","yoast_head_json":{"title":"Disability and accessibility: Canadians see significant room for improvement in communities where they live - Future Skills Centre \u2022 Centre des Comp\u00e9tences futures","robots":{"index":"index","follow":"follow","max-snippet":"max-snippet:-1","max-image-preview":"max-image-preview:large","max-video-preview":"max-video-preview:-1"},"canonical":"https:\/\/fsc-ccf.ca\/fr\/references\/disability-and-accessibility-canadians-see-significant-room-for-improvement-in-communities-where-they-live-2\/","twitter_misc":{"Est. reading time":"1 minute"},"schema":{"@context":"https:\/\/schema.org","@graph":[{"@type":"WebPage","@id":"https:\/\/fsc-ccf.ca\/fr\/references\/disability-and-accessibility-canadians-see-significant-room-for-improvement-in-communities-where-they-live-2\/","url":"https:\/\/fsc-ccf.ca\/fr\/references\/disability-and-accessibility-canadians-see-significant-room-for-improvement-in-communities-where-they-live-2\/","name":"Disability and accessibility: Canadians see significant room for improvement in communities where they live - Future Skills Centre \u2022 Centre des Comp\u00e9tences futures","isPartOf":{"@id":"https:\/\/fsc-ccf.ca\/fr\/#website"},"datePublished":"2020-08-11T22:21:10+00:00","breadcrumb":{"@id":"https:\/\/fsc-ccf.ca\/fr\/references\/disability-and-accessibility-canadians-see-significant-room-for-improvement-in-communities-where-they-live-2\/#breadcrumb"},"inLanguage":"fr-FR","potentialAction":[{"@type":"ReadAction","target":["https:\/\/fsc-ccf.ca\/fr\/references\/disability-and-accessibility-canadians-see-significant-room-for-improvement-in-communities-where-they-live-2\/"]}]},{"@type":"BreadcrumbList","@id":"https:\/\/fsc-ccf.ca\/fr\/references\/disability-and-accessibility-canadians-see-significant-room-for-improvement-in-communities-where-they-live-2\/#breadcrumb","itemListElement":[{"@type":"ListItem","position":1,"name":"Home","item":"https:\/\/fsc-ccf.ca\/fr\/"},{"@type":"ListItem","position":2,"name":"References","item":"https:\/\/fsc-ccf.ca\/fr\/references\/"},{"@type":"ListItem","position":3,"name":"Disability and accessibility: Canadians see significant room for improvement in communities where they live"}]},{"@type":"WebSite","@id":"https:\/\/fsc-ccf.ca\/fr\/#website","url":"https:\/\/fsc-ccf.ca\/fr\/","name":"Future Skills Centre \u2022 Centre des Comp\u00e9tences futures","description":"","publisher":{"@id":"https:\/\/fsc-ccf.ca\/fr\/#organization"},"potentialAction":[{"@type":"SearchAction","target":{"@type":"EntryPoint","urlTemplate":"https:\/\/fsc-ccf.ca\/fr\/?s={search_term_string}"},"query-input":{"@type":"PropertyValueSpecification","valueRequired":true,"valueName":"search_term_string"}}],"inLanguage":"fr-FR"},{"@type":"Organization","@id":"https:\/\/fsc-ccf.ca\/fr\/#organization","name":"Future Skills Centre \u2022 Centre des Comp\u00e9tences futures","url":"https:\/\/fsc-ccf.ca\/fr\/","logo":{"@type":"ImageObject","inLanguage":"fr-FR","@id":"https:\/\/fsc-ccf.ca\/fr\/#\/schema\/logo\/image\/","url":"https:\/\/fsc-ccf.ca\/wp-content\/uploads\/2019\/08\/FSC_logo_colour_rgb_positive_ENG.png","contentUrl":"https:\/\/fsc-ccf.ca\/wp-content\/uploads\/2019\/08\/FSC_logo_colour_rgb_positive_ENG.png","width":618,"height":528,"caption":"Future Skills Centre \u2022 Centre des Comp\u00e9tences futures"},"image":{"@id":"https:\/\/fsc-ccf.ca\/fr\/#\/schema\/logo\/image\/"},"sameAs":["https:\/\/www.facebook.com\/2161871137193201\/","https:\/\/x.com\/fsc_ccf_en","https:\/\/www.instagram.com\/fsc_ccf\/","https:\/\/www.linkedin.com\/company\/fsc-ccf\/"]}]}},"_links":{"self":[{"href":"https:\/\/fsc-ccf.ca\/fr\/wp-json\/wp\/v2\/reference\/129512","targetHints":{"allow":["GET"]}}],"collection":[{"href":"https:\/\/fsc-ccf.ca\/fr\/wp-json\/wp\/v2\/reference"}],"about":[{"href":"https:\/\/fsc-ccf.ca\/fr\/wp-json\/wp\/v2\/types\/reference"}],"version-history":[{"count":0,"href":"https:\/\/fsc-ccf.ca\/fr\/wp-json\/wp\/v2\/reference\/129512\/revisions"}],"wp:attachment":[{"href":"https:\/\/fsc-ccf.ca\/fr\/wp-json\/wp\/v2\/media?parent=129512"}],"wp:term":[{"taxonomy":"reference-tag","embeddable":true,"href":"https:\/\/fsc-ccf.ca\/fr\/wp-json\/wp\/v2\/reference-tag?post=129512"},{"taxonomy":"reference-type","embeddable":true,"href":"https:\/\/fsc-ccf.ca\/fr\/wp-json\/wp\/v2\/reference-type?post=129512"}],"curies":[{"name":"wp","href":"https:\/\/api.w.org\/{rel}","templated":true}]}}

<p>La grande majorité des Canadiens veulent que leurs communautés soient pleinement accessibles aux personnes handicapées, et croient que leur pays devrait être un chef de file dans ce domaine. Mais ils voient aussi des lacunes énormes entre cet idéal et les personnes à mobilité réalité défis face où ils vivent. Ils reconnaissent aussi les obstacles à l&#8217;emploi et l&#8217;éducation que rencontrent les personnes handicapées, mais en deux par exemple compréhensible de œIt si les entreprises estiment qu&#8217;il est risqué d&#8217;embaucher des employés à ces défis. Et alors que la plupart des Canadiens ont connu une certaine exposition aux personnes ayant un handicap physique dans leur vie de tous les jours, ils ont aussi largement sous-estiment l&#8217;invalidité de prégnance dans ce pays. Ceux-ci sont parmi les conclusions d&#8217;une nouvelle question du handicap de démarchage d&#8217;enquête nationale et d&#8217;accessibilité menées par l&#8217;Institut Angus Reid, en partenariat avec la Fondation Rick Hansen. Traduit à l'aide de Google Translate</p>

<p>La grande majorité des Canadiens veulent que leurs communautés soient pleinement accessibles aux personnes handicapées, et croient que leur pays devrait être un chef de file dans ce domaine. Mais ils voient aussi des lacunes énormes entre cet idéal et les personnes à mobilité réalité défis face où ils vivent. Ils reconnaissent aussi les obstacles à l&#8217;emploi et l&#8217;éducation que rencontrent les personnes handicapées, mais en deux par exemple compréhensible de œIt si les entreprises estiment qu&#8217;il est risqué d&#8217;embaucher des employés à ces défis. Et alors que la plupart des Canadiens ont connu une certaine exposition aux personnes ayant un handicap physique dans leur vie de tous les jours, ils ont aussi largement sous-estiment l&#8217;invalidité de prégnance dans ce pays. Ceux-ci sont parmi les conclusions d&#8217;une nouvelle question du handicap de démarchage d&#8217;enquête nationale et d&#8217;accessibilité menées par l&#8217;Institut Angus Reid, en partenariat avec la Fondation Rick Hansen. [googletranslate_fr]</p>

<!-- This site is optimized with the Yoast SEO plugin v27.4 - https://yoast.com/product/yoast-seo-wordpress/ -->
<title>Disability and accessibility: Canadians see significant room for improvement in communities where they live - Future Skills Centre • Centre des Compétences futures</title>
<meta name="robots" content="index, follow, max-snippet:-1, max-image-preview:large, max-video-preview:-1" />
<link rel="canonical" href="https://fsc-ccf.ca/fr/references/disability-and-accessibility-canadians-see-significant-room-for-improvement-in-communities-where-they-live-2/" />
<meta name="twitter:label1" content="Est. reading time" />
	<meta name="twitter:data1" content="1 minute" />
<script type="application/ld+json" class="yoast-schema-graph">{"@context":"https:\/\/schema.org","@graph":[{"@type":"WebPage","@id":"https:\/\/fsc-ccf.ca\/fr\/references\/disability-and-accessibility-canadians-see-significant-room-for-improvement-in-communities-where-they-live-2\/","url":"https:\/\/fsc-ccf.ca\/fr\/references\/disability-and-accessibility-canadians-see-significant-room-for-improvement-in-communities-where-they-live-2\/","name":"Disability and accessibility: Canadians see significant room for improvement in communities where they live - Future Skills Centre • Centre des Compétences futures","isPartOf":{"@id":"https:\/\/fsc-ccf.ca\/fr\/#website"},"datePublished":"2020-08-11T22:21:10+00:00","breadcrumb":{"@id":"https:\/\/fsc-ccf.ca\/fr\/references\/disability-and-accessibility-canadians-see-significant-room-for-improvement-in-communities-where-they-live-2\/#breadcrumb"},"inLanguage":"fr-FR","potentialAction":[{"@type":"ReadAction","target":["https:\/\/fsc-ccf.ca\/fr\/references\/disability-and-accessibility-canadians-see-significant-room-for-improvement-in-communities-where-they-live-2\/"]}]},{"@type":"BreadcrumbList","@id":"https:\/\/fsc-ccf.ca\/fr\/references\/disability-and-accessibility-canadians-see-significant-room-for-improvement-in-communities-where-they-live-2\/#breadcrumb","itemListElement":[{"@type":"ListItem","position":1,"name":"Home","item":"https:\/\/fsc-ccf.ca\/fr\/"},{"@type":"ListItem","position":2,"name":"References","item":"https:\/\/fsc-ccf.ca\/fr\/references\/"},{"@type":"ListItem","position":3,"name":"Disability and accessibility: Canadians see significant room for improvement in communities where they live"}]},{"@type":"WebSite","@id":"https:\/\/fsc-ccf.ca\/fr\/#website","url":"https:\/\/fsc-ccf.ca\/fr\/","name":"Future Skills Centre • Centre des Compétences futures","description":"","publisher":{"@id":"https:\/\/fsc-ccf.ca\/fr\/#organization"},"potentialAction":[{"@type":"SearchAction","target":{"@type":"EntryPoint","urlTemplate":"https:\/\/fsc-ccf.ca\/fr\/?s={search_term_string}"},"query-input":{"@type":"PropertyValueSpecification","valueRequired":true,"valueName":"search_term_string"}}],"inLanguage":"fr-FR"},{"@type":"Organization","@id":"https:\/\/fsc-ccf.ca\/fr\/#organization","name":"Future Skills Centre • Centre des Compétences futures","url":"https:\/\/fsc-ccf.ca\/fr\/","logo":{"@type":"ImageObject","inLanguage":"fr-FR","@id":"https:\/\/fsc-ccf.ca\/fr\/#\/schema\/logo\/image\/","url":"https:\/\/fsc-ccf.ca\/wp-content\/uploads\/2019\/08\/FSC_logo_colour_rgb_positive_ENG.png","contentUrl":"https:\/\/fsc-ccf.ca\/wp-content\/uploads\/2019\/08\/FSC_logo_colour_rgb_positive_ENG.png","width":618,"height":528,"caption":"Future Skills Centre • Centre des Compétences futures"},"image":{"@id":"https:\/\/fsc-ccf.ca\/fr\/#\/schema\/logo\/image\/"},"sameAs":["https:\/\/www.facebook.com\/2161871137193201\/","https:\/\/x.com\/fsc_ccf_en","https:\/\/www.instagram.com\/fsc_ccf\/","https:\/\/www.linkedin.com\/company\/fsc-ccf\/"]}]}</script>
<!-- / Yoast SEO plugin. -->

Disability and accessibility: Canadians see significant room for improvement in communities where they live - Future Skills Centre • Centre des Compétences futures

Future Skills Centre • Centre des Compétences futures
