			{"id":129496,"date":"2020-08-11T18:21:04","date_gmt":"2020-08-11T22:21:04","guid":{"rendered":"https:\/\/fsc-ccf.ca\/references\/labour-market-challenges-and-discrimination-faced-by-racialized-groups-in-the-black-creek-area-2\/"},"modified":"2020-08-11T18:21:04","modified_gmt":"2020-08-11T22:21:04","slug":"labour-market-challenges-and-discrimination-faced-by-racialized-groups-in-the-black-creek-area-2","status":"publish","type":"reference","link":"https:\/\/fsc-ccf.ca\/fr\/references\/labour-market-challenges-and-discrimination-faced-by-racialized-groups-in-the-black-creek-area-2\/","title":{"rendered":"Labour market challenges and discrimination faced by racialized groups in the Black Creek area"},"content":{"rendered":"<p>Le pr\u00e9sent bulletin d\u00e9crit les multiples obstacles et discriminations qui racialis\u00e9es groupes sont confront\u00e9s sur le march\u00e9 du travail. Les r\u00e9sultats de cette \u00e9tude indiquent que les personnes racialis\u00e9es vivant en face de la zone Black Creek nombreux obstacles syst\u00e9miques, la discrimination et les d\u00e9fis. Traduit a\u0300 l'aide de Google Translate<\/p>\n","protected":false},"excerpt":{"rendered":"<p>Le pr\u00e9sent bulletin d\u00e9crit les multiples obstacles et discriminations qui racialis\u00e9es groupes sont confront\u00e9s sur le march\u00e9 du travail. Les r\u00e9sultats de cette \u00e9tude indiquent que les personnes racialis\u00e9es vivant en face de la zone Black Creek nombreux obstacles syst\u00e9miques, la discrimination et les d\u00e9fis. [googletranslate_fr]<\/p>\n","protected":false},"template":"","reference-tag":[],"reference-type":[436],"class_list":["post-129496","reference","type-reference","status-publish","hentry","reference-type-white-paper"],"acf":{"citation":"Access Alliance (2011). Labour market challenges and discrimination faced by racialized groups in the Black Creek area. Toronto, ON: . Retrieved from http:\/\/accessalliance.ca\/wp-content\/uploads\/2015\/03\/ISRH-Research-Bulletin-1-Labour-Market-Barriers-faced-by-Racialized-Groups.pdf.","authors":"Access Alliance","org":"Adecco Group","year":"2011","title_fr":null,"editors_hidden":"","publication":"","publication_fr":null,"volume":"","issue":"","Series":"","SeriesNumber":"","page_range":"1\u20138","publisher_city":"Toronto","publisher_state":"ON","publisher":"","abstract_en":null,"abstract_fr":null,"keywords":"","paywall":"0","doi":"","isbn":"","url":"http:\/\/accessalliance.ca\/wp-content\/uploads\/2015\/03\/ISRH-Research-Bulletin-1-Labour-Market-Barriers-faced-by-Racialized-Groups.pdf","url_fr":null,"url_amazon":"","TRACK":"0"},"yoast_head":"<!-- This site is optimized with the Yoast SEO plugin v27.4 - https:\/\/yoast.com\/product\/yoast-seo-wordpress\/ -->\n<title>Labour market challenges and discrimination faced by racialized groups in the Black Creek area - Future Skills Centre \u2022 Centre des Comp\u00e9tences futures<\/title>\n<meta name=\"robots\" content=\"index, follow, max-snippet:-1, max-image-preview:large, max-video-preview:-1\" \/>\n<link rel=\"canonical\" href=\"https:\/\/fsc-ccf.ca\/fr\/references\/labour-market-challenges-and-discrimination-faced-by-racialized-groups-in-the-black-creek-area-2\/\" \/>\n<script type=\"application\/ld+json\" class=\"yoast-schema-graph\">{\"@context\":\"https:\\\/\\\/schema.org\",\"@graph\":[{\"@type\":\"WebPage\",\"@id\":\"https:\\\/\\\/fsc-ccf.ca\\\/fr\\\/references\\\/labour-market-challenges-and-discrimination-faced-by-racialized-groups-in-the-black-creek-area-2\\\/\",\"url\":\"https:\\\/\\\/fsc-ccf.ca\\\/fr\\\/references\\\/labour-market-challenges-and-discrimination-faced-by-racialized-groups-in-the-black-creek-area-2\\\/\",\"name\":\"Labour market challenges and discrimination faced by racialized groups in the Black Creek area - Future Skills Centre \u2022 Centre des Comp\u00e9tences futures\",\"isPartOf\":{\"@id\":\"https:\\\/\\\/fsc-ccf.ca\\\/fr\\\/#website\"},\"datePublished\":\"2020-08-11T22:21:04+00:00\",\"breadcrumb\":{\"@id\":\"https:\\\/\\\/fsc-ccf.ca\\\/fr\\\/references\\\/labour-market-challenges-and-discrimination-faced-by-racialized-groups-in-the-black-creek-area-2\\\/#breadcrumb\"},\"inLanguage\":\"fr-FR\",\"potentialAction\":[{\"@type\":\"ReadAction\",\"target\":[\"https:\\\/\\\/fsc-ccf.ca\\\/fr\\\/references\\\/labour-market-challenges-and-discrimination-faced-by-racialized-groups-in-the-black-creek-area-2\\\/\"]}]},{\"@type\":\"BreadcrumbList\",\"@id\":\"https:\\\/\\\/fsc-ccf.ca\\\/fr\\\/references\\\/labour-market-challenges-and-discrimination-faced-by-racialized-groups-in-the-black-creek-area-2\\\/#breadcrumb\",\"itemListElement\":[{\"@type\":\"ListItem\",\"position\":1,\"name\":\"Home\",\"item\":\"https:\\\/\\\/fsc-ccf.ca\\\/fr\\\/\"},{\"@type\":\"ListItem\",\"position\":2,\"name\":\"References\",\"item\":\"https:\\\/\\\/fsc-ccf.ca\\\/fr\\\/references\\\/\"},{\"@type\":\"ListItem\",\"position\":3,\"name\":\"Labour market challenges and discrimination faced by racialized groups in the Black Creek area\"}]},{\"@type\":\"WebSite\",\"@id\":\"https:\\\/\\\/fsc-ccf.ca\\\/fr\\\/#website\",\"url\":\"https:\\\/\\\/fsc-ccf.ca\\\/fr\\\/\",\"name\":\"Future Skills Centre \u2022 Centre des Comp\u00e9tences futures\",\"description\":\"\",\"publisher\":{\"@id\":\"https:\\\/\\\/fsc-ccf.ca\\\/fr\\\/#organization\"},\"potentialAction\":[{\"@type\":\"SearchAction\",\"target\":{\"@type\":\"EntryPoint\",\"urlTemplate\":\"https:\\\/\\\/fsc-ccf.ca\\\/fr\\\/?s={search_term_string}\"},\"query-input\":{\"@type\":\"PropertyValueSpecification\",\"valueRequired\":true,\"valueName\":\"search_term_string\"}}],\"inLanguage\":\"fr-FR\"},{\"@type\":\"Organization\",\"@id\":\"https:\\\/\\\/fsc-ccf.ca\\\/fr\\\/#organization\",\"name\":\"Future Skills Centre \u2022 Centre des Comp\u00e9tences futures\",\"url\":\"https:\\\/\\\/fsc-ccf.ca\\\/fr\\\/\",\"logo\":{\"@type\":\"ImageObject\",\"inLanguage\":\"fr-FR\",\"@id\":\"https:\\\/\\\/fsc-ccf.ca\\\/fr\\\/#\\\/schema\\\/logo\\\/image\\\/\",\"url\":\"https:\\\/\\\/fsc-ccf.ca\\\/wp-content\\\/uploads\\\/2019\\\/08\\\/FSC_logo_colour_rgb_positive_ENG.png\",\"contentUrl\":\"https:\\\/\\\/fsc-ccf.ca\\\/wp-content\\\/uploads\\\/2019\\\/08\\\/FSC_logo_colour_rgb_positive_ENG.png\",\"width\":618,\"height\":528,\"caption\":\"Future Skills Centre \u2022 Centre des Comp\u00e9tences futures\"},\"image\":{\"@id\":\"https:\\\/\\\/fsc-ccf.ca\\\/fr\\\/#\\\/schema\\\/logo\\\/image\\\/\"},\"sameAs\":[\"https:\\\/\\\/www.facebook.com\\\/2161871137193201\\\/\",\"https:\\\/\\\/x.com\\\/fsc_ccf_en\",\"https:\\\/\\\/www.instagram.com\\\/fsc_ccf\\\/\",\"https:\\\/\\\/www.linkedin.com\\\/company\\\/fsc-ccf\\\/\"]}]}<\/script>\n<!-- \/ Yoast SEO plugin. -->","yoast_head_json":{"title":"Labour market challenges and discrimination faced by racialized groups in the Black Creek area - Future Skills Centre \u2022 Centre des Comp\u00e9tences futures","robots":{"index":"index","follow":"follow","max-snippet":"max-snippet:-1","max-image-preview":"max-image-preview:large","max-video-preview":"max-video-preview:-1"},"canonical":"https:\/\/fsc-ccf.ca\/fr\/references\/labour-market-challenges-and-discrimination-faced-by-racialized-groups-in-the-black-creek-area-2\/","schema":{"@context":"https:\/\/schema.org","@graph":[{"@type":"WebPage","@id":"https:\/\/fsc-ccf.ca\/fr\/references\/labour-market-challenges-and-discrimination-faced-by-racialized-groups-in-the-black-creek-area-2\/","url":"https:\/\/fsc-ccf.ca\/fr\/references\/labour-market-challenges-and-discrimination-faced-by-racialized-groups-in-the-black-creek-area-2\/","name":"Labour market challenges and discrimination faced by racialized groups in the Black Creek area - Future Skills Centre \u2022 Centre des Comp\u00e9tences futures","isPartOf":{"@id":"https:\/\/fsc-ccf.ca\/fr\/#website"},"datePublished":"2020-08-11T22:21:04+00:00","breadcrumb":{"@id":"https:\/\/fsc-ccf.ca\/fr\/references\/labour-market-challenges-and-discrimination-faced-by-racialized-groups-in-the-black-creek-area-2\/#breadcrumb"},"inLanguage":"fr-FR","potentialAction":[{"@type":"ReadAction","target":["https:\/\/fsc-ccf.ca\/fr\/references\/labour-market-challenges-and-discrimination-faced-by-racialized-groups-in-the-black-creek-area-2\/"]}]},{"@type":"BreadcrumbList","@id":"https:\/\/fsc-ccf.ca\/fr\/references\/labour-market-challenges-and-discrimination-faced-by-racialized-groups-in-the-black-creek-area-2\/#breadcrumb","itemListElement":[{"@type":"ListItem","position":1,"name":"Home","item":"https:\/\/fsc-ccf.ca\/fr\/"},{"@type":"ListItem","position":2,"name":"References","item":"https:\/\/fsc-ccf.ca\/fr\/references\/"},{"@type":"ListItem","position":3,"name":"Labour market challenges and discrimination faced by racialized groups in the Black Creek area"}]},{"@type":"WebSite","@id":"https:\/\/fsc-ccf.ca\/fr\/#website","url":"https:\/\/fsc-ccf.ca\/fr\/","name":"Future Skills Centre \u2022 Centre des Comp\u00e9tences futures","description":"","publisher":{"@id":"https:\/\/fsc-ccf.ca\/fr\/#organization"},"potentialAction":[{"@type":"SearchAction","target":{"@type":"EntryPoint","urlTemplate":"https:\/\/fsc-ccf.ca\/fr\/?s={search_term_string}"},"query-input":{"@type":"PropertyValueSpecification","valueRequired":true,"valueName":"search_term_string"}}],"inLanguage":"fr-FR"},{"@type":"Organization","@id":"https:\/\/fsc-ccf.ca\/fr\/#organization","name":"Future Skills Centre \u2022 Centre des Comp\u00e9tences futures","url":"https:\/\/fsc-ccf.ca\/fr\/","logo":{"@type":"ImageObject","inLanguage":"fr-FR","@id":"https:\/\/fsc-ccf.ca\/fr\/#\/schema\/logo\/image\/","url":"https:\/\/fsc-ccf.ca\/wp-content\/uploads\/2019\/08\/FSC_logo_colour_rgb_positive_ENG.png","contentUrl":"https:\/\/fsc-ccf.ca\/wp-content\/uploads\/2019\/08\/FSC_logo_colour_rgb_positive_ENG.png","width":618,"height":528,"caption":"Future Skills Centre \u2022 Centre des Comp\u00e9tences futures"},"image":{"@id":"https:\/\/fsc-ccf.ca\/fr\/#\/schema\/logo\/image\/"},"sameAs":["https:\/\/www.facebook.com\/2161871137193201\/","https:\/\/x.com\/fsc_ccf_en","https:\/\/www.instagram.com\/fsc_ccf\/","https:\/\/www.linkedin.com\/company\/fsc-ccf\/"]}]}},"_links":{"self":[{"href":"https:\/\/fsc-ccf.ca\/fr\/wp-json\/wp\/v2\/reference\/129496","targetHints":{"allow":["GET"]}}],"collection":[{"href":"https:\/\/fsc-ccf.ca\/fr\/wp-json\/wp\/v2\/reference"}],"about":[{"href":"https:\/\/fsc-ccf.ca\/fr\/wp-json\/wp\/v2\/types\/reference"}],"version-history":[{"count":0,"href":"https:\/\/fsc-ccf.ca\/fr\/wp-json\/wp\/v2\/reference\/129496\/revisions"}],"wp:attachment":[{"href":"https:\/\/fsc-ccf.ca\/fr\/wp-json\/wp\/v2\/media?parent=129496"}],"wp:term":[{"taxonomy":"reference-tag","embeddable":true,"href":"https:\/\/fsc-ccf.ca\/fr\/wp-json\/wp\/v2\/reference-tag?post=129496"},{"taxonomy":"reference-type","embeddable":true,"href":"https:\/\/fsc-ccf.ca\/fr\/wp-json\/wp\/v2\/reference-type?post=129496"}],"curies":[{"name":"wp","href":"https:\/\/api.w.org\/{rel}","templated":true}]}}

<p>Le présent bulletin décrit les multiples obstacles et discriminations qui racialisées groupes sont confrontés sur le marché du travail. Les résultats de cette étude indiquent que les personnes racialisées vivant en face de la zone Black Creek nombreux obstacles systémiques, la discrimination et les défis. Traduit à l'aide de Google Translate</p>

<p>Le présent bulletin décrit les multiples obstacles et discriminations qui racialisées groupes sont confrontés sur le marché du travail. Les résultats de cette étude indiquent que les personnes racialisées vivant en face de la zone Black Creek nombreux obstacles systémiques, la discrimination et les défis. [googletranslate_fr]</p>

<!-- This site is optimized with the Yoast SEO plugin v27.4 - https://yoast.com/product/yoast-seo-wordpress/ -->
<title>Labour market challenges and discrimination faced by racialized groups in the Black Creek area - Future Skills Centre • Centre des Compétences futures</title>
<meta name="robots" content="index, follow, max-snippet:-1, max-image-preview:large, max-video-preview:-1" />
<link rel="canonical" href="https://fsc-ccf.ca/fr/references/labour-market-challenges-and-discrimination-faced-by-racialized-groups-in-the-black-creek-area-2/" />
<script type="application/ld+json" class="yoast-schema-graph">{"@context":"https:\/\/schema.org","@graph":[{"@type":"WebPage","@id":"https:\/\/fsc-ccf.ca\/fr\/references\/labour-market-challenges-and-discrimination-faced-by-racialized-groups-in-the-black-creek-area-2\/","url":"https:\/\/fsc-ccf.ca\/fr\/references\/labour-market-challenges-and-discrimination-faced-by-racialized-groups-in-the-black-creek-area-2\/","name":"Labour market challenges and discrimination faced by racialized groups in the Black Creek area - Future Skills Centre • Centre des Compétences futures","isPartOf":{"@id":"https:\/\/fsc-ccf.ca\/fr\/#website"},"datePublished":"2020-08-11T22:21:04+00:00","breadcrumb":{"@id":"https:\/\/fsc-ccf.ca\/fr\/references\/labour-market-challenges-and-discrimination-faced-by-racialized-groups-in-the-black-creek-area-2\/#breadcrumb"},"inLanguage":"fr-FR","potentialAction":[{"@type":"ReadAction","target":["https:\/\/fsc-ccf.ca\/fr\/references\/labour-market-challenges-and-discrimination-faced-by-racialized-groups-in-the-black-creek-area-2\/"]}]},{"@type":"BreadcrumbList","@id":"https:\/\/fsc-ccf.ca\/fr\/references\/labour-market-challenges-and-discrimination-faced-by-racialized-groups-in-the-black-creek-area-2\/#breadcrumb","itemListElement":[{"@type":"ListItem","position":1,"name":"Home","item":"https:\/\/fsc-ccf.ca\/fr\/"},{"@type":"ListItem","position":2,"name":"References","item":"https:\/\/fsc-ccf.ca\/fr\/references\/"},{"@type":"ListItem","position":3,"name":"Labour market challenges and discrimination faced by racialized groups in the Black Creek area"}]},{"@type":"WebSite","@id":"https:\/\/fsc-ccf.ca\/fr\/#website","url":"https:\/\/fsc-ccf.ca\/fr\/","name":"Future Skills Centre • Centre des Compétences futures","description":"","publisher":{"@id":"https:\/\/fsc-ccf.ca\/fr\/#organization"},"potentialAction":[{"@type":"SearchAction","target":{"@type":"EntryPoint","urlTemplate":"https:\/\/fsc-ccf.ca\/fr\/?s={search_term_string}"},"query-input":{"@type":"PropertyValueSpecification","valueRequired":true,"valueName":"search_term_string"}}],"inLanguage":"fr-FR"},{"@type":"Organization","@id":"https:\/\/fsc-ccf.ca\/fr\/#organization","name":"Future Skills Centre • Centre des Compétences futures","url":"https:\/\/fsc-ccf.ca\/fr\/","logo":{"@type":"ImageObject","inLanguage":"fr-FR","@id":"https:\/\/fsc-ccf.ca\/fr\/#\/schema\/logo\/image\/","url":"https:\/\/fsc-ccf.ca\/wp-content\/uploads\/2019\/08\/FSC_logo_colour_rgb_positive_ENG.png","contentUrl":"https:\/\/fsc-ccf.ca\/wp-content\/uploads\/2019\/08\/FSC_logo_colour_rgb_positive_ENG.png","width":618,"height":528,"caption":"Future Skills Centre • Centre des Compétences futures"},"image":{"@id":"https:\/\/fsc-ccf.ca\/fr\/#\/schema\/logo\/image\/"},"sameAs":["https:\/\/www.facebook.com\/2161871137193201\/","https:\/\/x.com\/fsc_ccf_en","https:\/\/www.instagram.com\/fsc_ccf\/","https:\/\/www.linkedin.com\/company\/fsc-ccf\/"]}]}</script>
<!-- / Yoast SEO plugin. -->

Labour market challenges and discrimination faced by racialized groups in the Black Creek area - Future Skills Centre • Centre des Compétences futures

Future Skills Centre • Centre des Compétences futures
