			{"id":129494,"date":"2020-08-11T18:21:03","date_gmt":"2020-08-11T22:21:03","guid":{"rendered":"https:\/\/fsc-ccf.ca\/references\/taking-the-pulse-of-work-integrated-learning-in-canada-2\/"},"modified":"2020-08-11T18:21:03","modified_gmt":"2020-08-11T22:21:03","slug":"taking-the-pulse-of-work-integrated-learning-in-canada-2","status":"publish","type":"reference","link":"https:\/\/fsc-ccf.ca\/fr\/references\/taking-the-pulse-of-work-integrated-learning-in-canada-2\/","title":{"rendered":"Taking the pulse of work-integrated learning in Canada"},"content":{"rendered":"<p>En Avril 2015, le Conseil du Canada a cr\u00e9\u00e9 la Table ronde \u00c9ducation \/ sup\u00e9rieur des affaires (Bher), un forum national comprenant 27 chefs d&#8217;entreprises, les universit\u00e9s, les coll\u00e8ges et les \u00e9coles polytechniques. Bher travaille \u00e0 aider les jeunes Canadiens lors de la transition de l&#8217;\u00e9cole au travail, renforcer la collaboration de recherche entre l&#8217;industrie et les institutions, et d&#8217;aider les employeurs canadiens \u00e0 s&#8217;adapter \u00e0 l&#8217;\u00e9conomie de l&#8217;avenir. La table ronde a identifi\u00e9 deux initiatives prioritaires avec les objectifs suivants: aider les jeunes Canadiens \u00e0 faire la transition de l&#8217;\u00e9cole au travail gr\u00e2ce \u00e0 des partenariats entre le milieu des affaires et des institutions postsecondaires et la promotion des possibilit\u00e9s d&#8217;apprentissage bas\u00e9 sur la pratique pour les \u00e9tudiants; Renforcer la recherche, le d\u00e9veloppement et les partenariats d&#8217;innovation entre les entreprises canadiennes et les \u00e9tablissements postsecondaires. La table ronde a engag\u00e9 Academica Group, un cabinet de conseil de l&#8217;enseignement sup\u00e9rieur, d&#8217;examiner: Le champ d&#8217;apprentissage int\u00e9gr\u00e9 au travail disponibles dans les \u00e9tablissements d&#8217;enseignement postsecondaire au Canada; La mesure dans laquelle les \u00e9tudiants postsecondaires participent \u00e0 des programmes li\u00e9s au travail; Les meilleures pratiques dans la conception et la mise en \u0153uvre des programmes d&#8217;apprentissage int\u00e9gr\u00e9 au travail. Ce rapport examine la recherche universitaire approfondie sur ces sujets. Il pr\u00e9sente de nombreux d\u00e9fis qui ont \u00e9merg\u00e9 dans le domaine de l&#8217;apprentissage workintegrated au Canada. Il identifie \u00e9galement un certain nombre de pratiques et de recommandations qui pourraient att\u00e9nuer ces pr\u00e9occupations et promouvoir une grande qualit\u00e9, exp\u00e9rience valeur \u00e9lev\u00e9e pour les \u00e9tudiants. Traduit a\u0300 l'aide de Google Translate<\/p>\n","protected":false},"excerpt":{"rendered":"<p>En Avril 2015, le Conseil du Canada a cr\u00e9\u00e9 la Table ronde \u00c9ducation \/ sup\u00e9rieur des affaires (Bher), un forum national comprenant 27 chefs d&#8217;entreprises, les universit\u00e9s, les coll\u00e8ges et les \u00e9coles polytechniques. Bher travaille \u00e0 aider les jeunes Canadiens lors de la transition de l&#8217;\u00e9cole au travail, renforcer la collaboration de recherche entre l&#8217;industrie et les institutions, et d&#8217;aider les employeurs canadiens \u00e0 s&#8217;adapter \u00e0 l&#8217;\u00e9conomie de l&#8217;avenir. La table ronde a identifi\u00e9 deux initiatives prioritaires avec les objectifs suivants: aider les jeunes Canadiens \u00e0 faire la transition de l&#8217;\u00e9cole au travail gr\u00e2ce \u00e0 des partenariats entre le milieu des affaires et des institutions postsecondaires et la promotion des possibilit\u00e9s d&#8217;apprentissage bas\u00e9 sur la pratique pour les \u00e9tudiants; Renforcer la recherche, le d\u00e9veloppement et les partenariats d&#8217;innovation entre les entreprises canadiennes et les \u00e9tablissements postsecondaires. La table ronde a engag\u00e9 Academica Group, un cabinet de conseil de l&#8217;enseignement sup\u00e9rieur, d&#8217;examiner: Le champ d&#8217;apprentissage int\u00e9gr\u00e9 au travail disponibles dans les \u00e9tablissements d&#8217;enseignement postsecondaire au Canada; La mesure dans laquelle les \u00e9tudiants postsecondaires participent \u00e0 des programmes li\u00e9s au travail; Les meilleures pratiques dans la conception et la mise en \u0153uvre des programmes d&#8217;apprentissage int\u00e9gr\u00e9 au travail. Ce rapport examine la recherche universitaire approfondie sur ces sujets. Il pr\u00e9sente de nombreux d\u00e9fis qui ont \u00e9merg\u00e9 dans le domaine de l&#8217;apprentissage workintegrated au Canada. Il identifie \u00e9galement un certain nombre de pratiques et de recommandations qui pourraient att\u00e9nuer ces pr\u00e9occupations et promouvoir une grande qualit\u00e9, exp\u00e9rience valeur \u00e9lev\u00e9e pour les \u00e9tudiants. [googletranslate_fr]<\/p>\n","protected":false},"template":"","reference-tag":[],"reference-type":[436],"class_list":["post-129494","reference","type-reference","status-publish","hentry","reference-type-white-paper"],"acf":{"citation":"Business\/Higher Education Roundtable (BHER) (2016). Taking the pulse of work-integrated learning in Canada. n.p., n.p.: . Retrieved from http:\/\/bher.ca\/wp-content\/uploads\/2016\/10\/BHER-Academica-report-full.pdf.","authors":"Business\/Higher Education Roundtable","org":"Business\/Higher Education Roundtable (BHER)","year":"2016","title_fr":null,"editors_hidden":"","publication":"","publication_fr":null,"volume":"","issue":"","Series":"","SeriesNumber":"","page_range":"1\u201374","publisher_city":"n.p.","publisher_state":"n.p.","publisher":"","abstract_en":null,"abstract_fr":null,"keywords":"","paywall":"0","doi":"","isbn":"","url":"http:\/\/bher.ca\/wp-content\/uploads\/2016\/10\/BHER-Academica-report-full.pdf","url_fr":null,"url_amazon":"","TRACK":"0"},"yoast_head":"<!-- This site is optimized with the Yoast SEO plugin v27.4 - https:\/\/yoast.com\/product\/yoast-seo-wordpress\/ -->\n<title>Taking the pulse of work-integrated learning in Canada - Future Skills Centre \u2022 Centre des Comp\u00e9tences futures<\/title>\n<meta name=\"robots\" content=\"index, follow, max-snippet:-1, max-image-preview:large, max-video-preview:-1\" \/>\n<link rel=\"canonical\" href=\"https:\/\/fsc-ccf.ca\/fr\/references\/taking-the-pulse-of-work-integrated-learning-in-canada-2\/\" \/>\n<meta name=\"twitter:label1\" content=\"Est. reading time\" \/>\n\t<meta name=\"twitter:data1\" content=\"1 minute\" \/>\n<script type=\"application\/ld+json\" class=\"yoast-schema-graph\">{\"@context\":\"https:\\\/\\\/schema.org\",\"@graph\":[{\"@type\":\"WebPage\",\"@id\":\"https:\\\/\\\/fsc-ccf.ca\\\/fr\\\/references\\\/taking-the-pulse-of-work-integrated-learning-in-canada-2\\\/\",\"url\":\"https:\\\/\\\/fsc-ccf.ca\\\/fr\\\/references\\\/taking-the-pulse-of-work-integrated-learning-in-canada-2\\\/\",\"name\":\"Taking the pulse of work-integrated learning in Canada - Future Skills Centre \u2022 Centre des Comp\u00e9tences futures\",\"isPartOf\":{\"@id\":\"https:\\\/\\\/fsc-ccf.ca\\\/fr\\\/#website\"},\"datePublished\":\"2020-08-11T22:21:03+00:00\",\"breadcrumb\":{\"@id\":\"https:\\\/\\\/fsc-ccf.ca\\\/fr\\\/references\\\/taking-the-pulse-of-work-integrated-learning-in-canada-2\\\/#breadcrumb\"},\"inLanguage\":\"fr-FR\",\"potentialAction\":[{\"@type\":\"ReadAction\",\"target\":[\"https:\\\/\\\/fsc-ccf.ca\\\/fr\\\/references\\\/taking-the-pulse-of-work-integrated-learning-in-canada-2\\\/\"]}]},{\"@type\":\"BreadcrumbList\",\"@id\":\"https:\\\/\\\/fsc-ccf.ca\\\/fr\\\/references\\\/taking-the-pulse-of-work-integrated-learning-in-canada-2\\\/#breadcrumb\",\"itemListElement\":[{\"@type\":\"ListItem\",\"position\":1,\"name\":\"Home\",\"item\":\"https:\\\/\\\/fsc-ccf.ca\\\/fr\\\/\"},{\"@type\":\"ListItem\",\"position\":2,\"name\":\"References\",\"item\":\"https:\\\/\\\/fsc-ccf.ca\\\/fr\\\/references\\\/\"},{\"@type\":\"ListItem\",\"position\":3,\"name\":\"Taking the pulse of work-integrated learning in Canada\"}]},{\"@type\":\"WebSite\",\"@id\":\"https:\\\/\\\/fsc-ccf.ca\\\/fr\\\/#website\",\"url\":\"https:\\\/\\\/fsc-ccf.ca\\\/fr\\\/\",\"name\":\"Future Skills Centre \u2022 Centre des Comp\u00e9tences futures\",\"description\":\"\",\"publisher\":{\"@id\":\"https:\\\/\\\/fsc-ccf.ca\\\/fr\\\/#organization\"},\"potentialAction\":[{\"@type\":\"SearchAction\",\"target\":{\"@type\":\"EntryPoint\",\"urlTemplate\":\"https:\\\/\\\/fsc-ccf.ca\\\/fr\\\/?s={search_term_string}\"},\"query-input\":{\"@type\":\"PropertyValueSpecification\",\"valueRequired\":true,\"valueName\":\"search_term_string\"}}],\"inLanguage\":\"fr-FR\"},{\"@type\":\"Organization\",\"@id\":\"https:\\\/\\\/fsc-ccf.ca\\\/fr\\\/#organization\",\"name\":\"Future Skills Centre \u2022 Centre des Comp\u00e9tences futures\",\"url\":\"https:\\\/\\\/fsc-ccf.ca\\\/fr\\\/\",\"logo\":{\"@type\":\"ImageObject\",\"inLanguage\":\"fr-FR\",\"@id\":\"https:\\\/\\\/fsc-ccf.ca\\\/fr\\\/#\\\/schema\\\/logo\\\/image\\\/\",\"url\":\"https:\\\/\\\/fsc-ccf.ca\\\/wp-content\\\/uploads\\\/2019\\\/08\\\/FSC_logo_colour_rgb_positive_ENG.png\",\"contentUrl\":\"https:\\\/\\\/fsc-ccf.ca\\\/wp-content\\\/uploads\\\/2019\\\/08\\\/FSC_logo_colour_rgb_positive_ENG.png\",\"width\":618,\"height\":528,\"caption\":\"Future Skills Centre \u2022 Centre des Comp\u00e9tences futures\"},\"image\":{\"@id\":\"https:\\\/\\\/fsc-ccf.ca\\\/fr\\\/#\\\/schema\\\/logo\\\/image\\\/\"},\"sameAs\":[\"https:\\\/\\\/www.facebook.com\\\/2161871137193201\\\/\",\"https:\\\/\\\/x.com\\\/fsc_ccf_en\",\"https:\\\/\\\/www.instagram.com\\\/fsc_ccf\\\/\",\"https:\\\/\\\/www.linkedin.com\\\/company\\\/fsc-ccf\\\/\"]}]}<\/script>\n<!-- \/ Yoast SEO plugin. -->","yoast_head_json":{"title":"Taking the pulse of work-integrated learning in Canada - Future Skills Centre \u2022 Centre des Comp\u00e9tences futures","robots":{"index":"index","follow":"follow","max-snippet":"max-snippet:-1","max-image-preview":"max-image-preview:large","max-video-preview":"max-video-preview:-1"},"canonical":"https:\/\/fsc-ccf.ca\/fr\/references\/taking-the-pulse-of-work-integrated-learning-in-canada-2\/","twitter_misc":{"Est. reading time":"1 minute"},"schema":{"@context":"https:\/\/schema.org","@graph":[{"@type":"WebPage","@id":"https:\/\/fsc-ccf.ca\/fr\/references\/taking-the-pulse-of-work-integrated-learning-in-canada-2\/","url":"https:\/\/fsc-ccf.ca\/fr\/references\/taking-the-pulse-of-work-integrated-learning-in-canada-2\/","name":"Taking the pulse of work-integrated learning in Canada - Future Skills Centre \u2022 Centre des Comp\u00e9tences futures","isPartOf":{"@id":"https:\/\/fsc-ccf.ca\/fr\/#website"},"datePublished":"2020-08-11T22:21:03+00:00","breadcrumb":{"@id":"https:\/\/fsc-ccf.ca\/fr\/references\/taking-the-pulse-of-work-integrated-learning-in-canada-2\/#breadcrumb"},"inLanguage":"fr-FR","potentialAction":[{"@type":"ReadAction","target":["https:\/\/fsc-ccf.ca\/fr\/references\/taking-the-pulse-of-work-integrated-learning-in-canada-2\/"]}]},{"@type":"BreadcrumbList","@id":"https:\/\/fsc-ccf.ca\/fr\/references\/taking-the-pulse-of-work-integrated-learning-in-canada-2\/#breadcrumb","itemListElement":[{"@type":"ListItem","position":1,"name":"Home","item":"https:\/\/fsc-ccf.ca\/fr\/"},{"@type":"ListItem","position":2,"name":"References","item":"https:\/\/fsc-ccf.ca\/fr\/references\/"},{"@type":"ListItem","position":3,"name":"Taking the pulse of work-integrated learning in Canada"}]},{"@type":"WebSite","@id":"https:\/\/fsc-ccf.ca\/fr\/#website","url":"https:\/\/fsc-ccf.ca\/fr\/","name":"Future Skills Centre \u2022 Centre des Comp\u00e9tences futures","description":"","publisher":{"@id":"https:\/\/fsc-ccf.ca\/fr\/#organization"},"potentialAction":[{"@type":"SearchAction","target":{"@type":"EntryPoint","urlTemplate":"https:\/\/fsc-ccf.ca\/fr\/?s={search_term_string}"},"query-input":{"@type":"PropertyValueSpecification","valueRequired":true,"valueName":"search_term_string"}}],"inLanguage":"fr-FR"},{"@type":"Organization","@id":"https:\/\/fsc-ccf.ca\/fr\/#organization","name":"Future Skills Centre \u2022 Centre des Comp\u00e9tences futures","url":"https:\/\/fsc-ccf.ca\/fr\/","logo":{"@type":"ImageObject","inLanguage":"fr-FR","@id":"https:\/\/fsc-ccf.ca\/fr\/#\/schema\/logo\/image\/","url":"https:\/\/fsc-ccf.ca\/wp-content\/uploads\/2019\/08\/FSC_logo_colour_rgb_positive_ENG.png","contentUrl":"https:\/\/fsc-ccf.ca\/wp-content\/uploads\/2019\/08\/FSC_logo_colour_rgb_positive_ENG.png","width":618,"height":528,"caption":"Future Skills Centre \u2022 Centre des Comp\u00e9tences futures"},"image":{"@id":"https:\/\/fsc-ccf.ca\/fr\/#\/schema\/logo\/image\/"},"sameAs":["https:\/\/www.facebook.com\/2161871137193201\/","https:\/\/x.com\/fsc_ccf_en","https:\/\/www.instagram.com\/fsc_ccf\/","https:\/\/www.linkedin.com\/company\/fsc-ccf\/"]}]}},"_links":{"self":[{"href":"https:\/\/fsc-ccf.ca\/fr\/wp-json\/wp\/v2\/reference\/129494","targetHints":{"allow":["GET"]}}],"collection":[{"href":"https:\/\/fsc-ccf.ca\/fr\/wp-json\/wp\/v2\/reference"}],"about":[{"href":"https:\/\/fsc-ccf.ca\/fr\/wp-json\/wp\/v2\/types\/reference"}],"version-history":[{"count":0,"href":"https:\/\/fsc-ccf.ca\/fr\/wp-json\/wp\/v2\/reference\/129494\/revisions"}],"wp:attachment":[{"href":"https:\/\/fsc-ccf.ca\/fr\/wp-json\/wp\/v2\/media?parent=129494"}],"wp:term":[{"taxonomy":"reference-tag","embeddable":true,"href":"https:\/\/fsc-ccf.ca\/fr\/wp-json\/wp\/v2\/reference-tag?post=129494"},{"taxonomy":"reference-type","embeddable":true,"href":"https:\/\/fsc-ccf.ca\/fr\/wp-json\/wp\/v2\/reference-type?post=129494"}],"curies":[{"name":"wp","href":"https:\/\/api.w.org\/{rel}","templated":true}]}}

<p>En Avril 2015, le Conseil du Canada a créé la Table ronde Éducation / supérieur des affaires (Bher), un forum national comprenant 27 chefs d&#8217;entreprises, les universités, les collèges et les écoles polytechniques. Bher travaille à aider les jeunes Canadiens lors de la transition de l&#8217;école au travail, renforcer la collaboration de recherche entre l&#8217;industrie et les institutions, et d&#8217;aider les employeurs canadiens à s&#8217;adapter à l&#8217;économie de l&#8217;avenir. La table ronde a identifié deux initiatives prioritaires avec les objectifs suivants: aider les jeunes Canadiens à faire la transition de l&#8217;école au travail grâce à des partenariats entre le milieu des affaires et des institutions postsecondaires et la promotion des possibilités d&#8217;apprentissage basé sur la pratique pour les étudiants; Renforcer la recherche, le développement et les partenariats d&#8217;innovation entre les entreprises canadiennes et les établissements postsecondaires. La table ronde a engagé Academica Group, un cabinet de conseil de l&#8217;enseignement supérieur, d&#8217;examiner: Le champ d&#8217;apprentissage intégré au travail disponibles dans les établissements d&#8217;enseignement postsecondaire au Canada; La mesure dans laquelle les étudiants postsecondaires participent à des programmes liés au travail; Les meilleures pratiques dans la conception et la mise en œuvre des programmes d&#8217;apprentissage intégré au travail. Ce rapport examine la recherche universitaire approfondie sur ces sujets. Il présente de nombreux défis qui ont émergé dans le domaine de l&#8217;apprentissage workintegrated au Canada. Il identifie également un certain nombre de pratiques et de recommandations qui pourraient atténuer ces préoccupations et promouvoir une grande qualité, expérience valeur élevée pour les étudiants. Traduit à l'aide de Google Translate</p>

<p>En Avril 2015, le Conseil du Canada a créé la Table ronde Éducation / supérieur des affaires (Bher), un forum national comprenant 27 chefs d&#8217;entreprises, les universités, les collèges et les écoles polytechniques. Bher travaille à aider les jeunes Canadiens lors de la transition de l&#8217;école au travail, renforcer la collaboration de recherche entre l&#8217;industrie et les institutions, et d&#8217;aider les employeurs canadiens à s&#8217;adapter à l&#8217;économie de l&#8217;avenir. La table ronde a identifié deux initiatives prioritaires avec les objectifs suivants: aider les jeunes Canadiens à faire la transition de l&#8217;école au travail grâce à des partenariats entre le milieu des affaires et des institutions postsecondaires et la promotion des possibilités d&#8217;apprentissage basé sur la pratique pour les étudiants; Renforcer la recherche, le développement et les partenariats d&#8217;innovation entre les entreprises canadiennes et les établissements postsecondaires. La table ronde a engagé Academica Group, un cabinet de conseil de l&#8217;enseignement supérieur, d&#8217;examiner: Le champ d&#8217;apprentissage intégré au travail disponibles dans les établissements d&#8217;enseignement postsecondaire au Canada; La mesure dans laquelle les étudiants postsecondaires participent à des programmes liés au travail; Les meilleures pratiques dans la conception et la mise en œuvre des programmes d&#8217;apprentissage intégré au travail. Ce rapport examine la recherche universitaire approfondie sur ces sujets. Il présente de nombreux défis qui ont émergé dans le domaine de l&#8217;apprentissage workintegrated au Canada. Il identifie également un certain nombre de pratiques et de recommandations qui pourraient atténuer ces préoccupations et promouvoir une grande qualité, expérience valeur élevée pour les étudiants. [googletranslate_fr]</p>

<!-- This site is optimized with the Yoast SEO plugin v27.4 - https://yoast.com/product/yoast-seo-wordpress/ -->
<title>Taking the pulse of work-integrated learning in Canada - Future Skills Centre • Centre des Compétences futures</title>
<meta name="robots" content="index, follow, max-snippet:-1, max-image-preview:large, max-video-preview:-1" />
<link rel="canonical" href="https://fsc-ccf.ca/fr/references/taking-the-pulse-of-work-integrated-learning-in-canada-2/" />
<meta name="twitter:label1" content="Est. reading time" />
	<meta name="twitter:data1" content="1 minute" />
<script type="application/ld+json" class="yoast-schema-graph">{"@context":"https:\/\/schema.org","@graph":[{"@type":"WebPage","@id":"https:\/\/fsc-ccf.ca\/fr\/references\/taking-the-pulse-of-work-integrated-learning-in-canada-2\/","url":"https:\/\/fsc-ccf.ca\/fr\/references\/taking-the-pulse-of-work-integrated-learning-in-canada-2\/","name":"Taking the pulse of work-integrated learning in Canada - Future Skills Centre • Centre des Compétences futures","isPartOf":{"@id":"https:\/\/fsc-ccf.ca\/fr\/#website"},"datePublished":"2020-08-11T22:21:03+00:00","breadcrumb":{"@id":"https:\/\/fsc-ccf.ca\/fr\/references\/taking-the-pulse-of-work-integrated-learning-in-canada-2\/#breadcrumb"},"inLanguage":"fr-FR","potentialAction":[{"@type":"ReadAction","target":["https:\/\/fsc-ccf.ca\/fr\/references\/taking-the-pulse-of-work-integrated-learning-in-canada-2\/"]}]},{"@type":"BreadcrumbList","@id":"https:\/\/fsc-ccf.ca\/fr\/references\/taking-the-pulse-of-work-integrated-learning-in-canada-2\/#breadcrumb","itemListElement":[{"@type":"ListItem","position":1,"name":"Home","item":"https:\/\/fsc-ccf.ca\/fr\/"},{"@type":"ListItem","position":2,"name":"References","item":"https:\/\/fsc-ccf.ca\/fr\/references\/"},{"@type":"ListItem","position":3,"name":"Taking the pulse of work-integrated learning in Canada"}]},{"@type":"WebSite","@id":"https:\/\/fsc-ccf.ca\/fr\/#website","url":"https:\/\/fsc-ccf.ca\/fr\/","name":"Future Skills Centre • Centre des Compétences futures","description":"","publisher":{"@id":"https:\/\/fsc-ccf.ca\/fr\/#organization"},"potentialAction":[{"@type":"SearchAction","target":{"@type":"EntryPoint","urlTemplate":"https:\/\/fsc-ccf.ca\/fr\/?s={search_term_string}"},"query-input":{"@type":"PropertyValueSpecification","valueRequired":true,"valueName":"search_term_string"}}],"inLanguage":"fr-FR"},{"@type":"Organization","@id":"https:\/\/fsc-ccf.ca\/fr\/#organization","name":"Future Skills Centre • Centre des Compétences futures","url":"https:\/\/fsc-ccf.ca\/fr\/","logo":{"@type":"ImageObject","inLanguage":"fr-FR","@id":"https:\/\/fsc-ccf.ca\/fr\/#\/schema\/logo\/image\/","url":"https:\/\/fsc-ccf.ca\/wp-content\/uploads\/2019\/08\/FSC_logo_colour_rgb_positive_ENG.png","contentUrl":"https:\/\/fsc-ccf.ca\/wp-content\/uploads\/2019\/08\/FSC_logo_colour_rgb_positive_ENG.png","width":618,"height":528,"caption":"Future Skills Centre • Centre des Compétences futures"},"image":{"@id":"https:\/\/fsc-ccf.ca\/fr\/#\/schema\/logo\/image\/"},"sameAs":["https:\/\/www.facebook.com\/2161871137193201\/","https:\/\/x.com\/fsc_ccf_en","https:\/\/www.instagram.com\/fsc_ccf\/","https:\/\/www.linkedin.com\/company\/fsc-ccf\/"]}]}</script>
<!-- / Yoast SEO plugin. -->

Taking the pulse of work-integrated learning in Canada - Future Skills Centre • Centre des Compétences futures

Future Skills Centre • Centre des Compétences futures
