			{"id":129450,"date":"2020-08-11T18:20:44","date_gmt":"2020-08-11T22:20:44","guid":{"rendered":"https:\/\/fsc-ccf.ca\/references\/impact-of-the-timing-type-and-severity-of-disability-on-the-subjective-well-being-of-individuals-with-disabilities-2\/"},"modified":"2020-08-11T18:20:44","modified_gmt":"2020-08-11T22:20:44","slug":"impact-of-the-timing-type-and-severity-of-disability-on-the-subjective-well-being-of-individuals-with-disabilities-2","status":"publish","type":"reference","link":"https:\/\/fsc-ccf.ca\/fr\/references\/impact-of-the-timing-type-and-severity-of-disability-on-the-subjective-well-being-of-individuals-with-disabilities-2\/","title":{"rendered":"Impact of the timing, type and severity of disability on the subjective well-being of individuals with disabilities"},"content":{"rendered":"<p>En d\u00e9pit de l&#8217;existence d&#8217;un volume important de la litt\u00e9rature sur le bien-\u00eatre (SWB) de la population g\u00e9n\u00e9rale subjective, tr\u00e8s peu d&#8217;\u00e9tudes ont port\u00e9 sur les personnes handicap\u00e9es. La pr\u00e9sente \u00e9tude utilise des donn\u00e9es sur les Canadiens handicap\u00e9s 24,036 pour \u00e9tudier les facteurs qui influent sur leur SWB. Il a constat\u00e9 que SWB, mesur\u00e9e ici par niveau de bonheur, diminue avec la gravit\u00e9 de l&#8217;invalidit\u00e9, mais est ind\u00e9pendante du type de handicap physique. Ceux qui sont n\u00e9s avec un handicap sont susceptibles d&#8217;\u00eatre plus heureux par rapport \u00e0 ceux plus tard personnes handicap\u00e9es dans la vie. Revenu familial par habitant n&#8217;a pas d&#8217;effet sur le bonheur. Cependant, le ch\u00f4mage diminue le bonheur. Le bonheur se trouve \u00eatre en forme de U en \u00e2ge, environ 40 creux de ans. Certains de ces r\u00e9sultats varient lorsque l&#8217;\u00e9chantillon est r\u00e9parti en fonction du moment, le type ou la gravit\u00e9 du handicap. Traduit a\u0300 l'aide de Google Translate<\/p>\n","protected":false},"excerpt":{"rendered":"<p>En d\u00e9pit de l&#8217;existence d&#8217;un volume important de la litt\u00e9rature sur le bien-\u00eatre (SWB) de la population g\u00e9n\u00e9rale subjective, tr\u00e8s peu d&#8217;\u00e9tudes ont port\u00e9 sur les personnes handicap\u00e9es. La pr\u00e9sente \u00e9tude utilise des donn\u00e9es sur les Canadiens handicap\u00e9s 24,036 pour \u00e9tudier les facteurs qui influent sur leur SWB. Il a constat\u00e9 que SWB, mesur\u00e9e ici par niveau de bonheur, diminue avec la gravit\u00e9 de l&#8217;invalidit\u00e9, mais est ind\u00e9pendante du type de handicap physique. Ceux qui sont n\u00e9s avec un handicap sont susceptibles d&#8217;\u00eatre plus heureux par rapport \u00e0 ceux plus tard personnes handicap\u00e9es dans la vie. Revenu familial par habitant n&#8217;a pas d&#8217;effet sur le bonheur. Cependant, le ch\u00f4mage diminue le bonheur. Le bonheur se trouve \u00eatre en forme de U en \u00e2ge, environ 40 creux de ans. Certains de ces r\u00e9sultats varient lorsque l&#8217;\u00e9chantillon est r\u00e9parti en fonction du moment, le type ou la gravit\u00e9 du handicap. [googletranslate_fr]<\/p>\n","protected":false},"template":"","reference-tag":[],"reference-type":[435],"class_list":["post-129450","reference","type-reference","status-publish","hentry","reference-type-journal-article"],"acf":{"citation":"Uppal, S. (2006). Impact of the timing, type and severity of disability on the subjective well-being of individuals with disabilities. Social Science and Medicine, 63(2), 525\u2013539. Retrieved from https:\/\/www.sciencedirect.com\/science\/article\/abs\/pii\/S027795360600044X.","authors":"Uppal, S.","org":"","year":"2006","title_fr":null,"editors_hidden":"","publication":"Social Science and Medicine","publication_fr":null,"volume":"63","issue":"2","Series":"","SeriesNumber":"","page_range":"525\u2013539","publisher_city":"","publisher_state":"","publisher":"Elsevier","abstract_en":null,"abstract_fr":null,"keywords":"Canada, Disability, Disabled, Happiness, Subjective well-being","paywall":"1","doi":"10.1016\/j.socscimed.2006.01.016","isbn":"","url":"https:\/\/www.sciencedirect.com\/science\/article\/abs\/pii\/S027795360600044X","url_fr":null,"url_amazon":"","TRACK":"0"},"yoast_head":"<!-- This site is optimized with the Yoast SEO plugin v27.4 - https:\/\/yoast.com\/product\/yoast-seo-wordpress\/ -->\n<title>Impact of the timing, type and severity of disability on the subjective well-being of individuals with disabilities - Future Skills Centre \u2022 Centre des Comp\u00e9tences futures<\/title>\n<meta name=\"robots\" content=\"index, follow, max-snippet:-1, max-image-preview:large, max-video-preview:-1\" \/>\n<link rel=\"canonical\" href=\"https:\/\/fsc-ccf.ca\/fr\/references\/impact-of-the-timing-type-and-severity-of-disability-on-the-subjective-well-being-of-individuals-with-disabilities-2\/\" \/>\n<meta name=\"twitter:label1\" content=\"Est. reading time\" \/>\n\t<meta name=\"twitter:data1\" content=\"1 minute\" \/>\n<script type=\"application\/ld+json\" class=\"yoast-schema-graph\">{\"@context\":\"https:\\\/\\\/schema.org\",\"@graph\":[{\"@type\":\"WebPage\",\"@id\":\"https:\\\/\\\/fsc-ccf.ca\\\/fr\\\/references\\\/impact-of-the-timing-type-and-severity-of-disability-on-the-subjective-well-being-of-individuals-with-disabilities-2\\\/\",\"url\":\"https:\\\/\\\/fsc-ccf.ca\\\/fr\\\/references\\\/impact-of-the-timing-type-and-severity-of-disability-on-the-subjective-well-being-of-individuals-with-disabilities-2\\\/\",\"name\":\"Impact of the timing, type and severity of disability on the subjective well-being of individuals with disabilities - Future Skills Centre \u2022 Centre des Comp\u00e9tences futures\",\"isPartOf\":{\"@id\":\"https:\\\/\\\/fsc-ccf.ca\\\/fr\\\/#website\"},\"datePublished\":\"2020-08-11T22:20:44+00:00\",\"breadcrumb\":{\"@id\":\"https:\\\/\\\/fsc-ccf.ca\\\/fr\\\/references\\\/impact-of-the-timing-type-and-severity-of-disability-on-the-subjective-well-being-of-individuals-with-disabilities-2\\\/#breadcrumb\"},\"inLanguage\":\"fr-FR\",\"potentialAction\":[{\"@type\":\"ReadAction\",\"target\":[\"https:\\\/\\\/fsc-ccf.ca\\\/fr\\\/references\\\/impact-of-the-timing-type-and-severity-of-disability-on-the-subjective-well-being-of-individuals-with-disabilities-2\\\/\"]}]},{\"@type\":\"BreadcrumbList\",\"@id\":\"https:\\\/\\\/fsc-ccf.ca\\\/fr\\\/references\\\/impact-of-the-timing-type-and-severity-of-disability-on-the-subjective-well-being-of-individuals-with-disabilities-2\\\/#breadcrumb\",\"itemListElement\":[{\"@type\":\"ListItem\",\"position\":1,\"name\":\"Home\",\"item\":\"https:\\\/\\\/fsc-ccf.ca\\\/fr\\\/\"},{\"@type\":\"ListItem\",\"position\":2,\"name\":\"References\",\"item\":\"https:\\\/\\\/fsc-ccf.ca\\\/fr\\\/references\\\/\"},{\"@type\":\"ListItem\",\"position\":3,\"name\":\"Impact of the timing, type and severity of disability on the subjective well-being of individuals with disabilities\"}]},{\"@type\":\"WebSite\",\"@id\":\"https:\\\/\\\/fsc-ccf.ca\\\/fr\\\/#website\",\"url\":\"https:\\\/\\\/fsc-ccf.ca\\\/fr\\\/\",\"name\":\"Future Skills Centre \u2022 Centre des Comp\u00e9tences futures\",\"description\":\"\",\"publisher\":{\"@id\":\"https:\\\/\\\/fsc-ccf.ca\\\/fr\\\/#organization\"},\"potentialAction\":[{\"@type\":\"SearchAction\",\"target\":{\"@type\":\"EntryPoint\",\"urlTemplate\":\"https:\\\/\\\/fsc-ccf.ca\\\/fr\\\/?s={search_term_string}\"},\"query-input\":{\"@type\":\"PropertyValueSpecification\",\"valueRequired\":true,\"valueName\":\"search_term_string\"}}],\"inLanguage\":\"fr-FR\"},{\"@type\":\"Organization\",\"@id\":\"https:\\\/\\\/fsc-ccf.ca\\\/fr\\\/#organization\",\"name\":\"Future Skills Centre \u2022 Centre des Comp\u00e9tences futures\",\"url\":\"https:\\\/\\\/fsc-ccf.ca\\\/fr\\\/\",\"logo\":{\"@type\":\"ImageObject\",\"inLanguage\":\"fr-FR\",\"@id\":\"https:\\\/\\\/fsc-ccf.ca\\\/fr\\\/#\\\/schema\\\/logo\\\/image\\\/\",\"url\":\"https:\\\/\\\/fsc-ccf.ca\\\/wp-content\\\/uploads\\\/2019\\\/08\\\/FSC_logo_colour_rgb_positive_ENG.png\",\"contentUrl\":\"https:\\\/\\\/fsc-ccf.ca\\\/wp-content\\\/uploads\\\/2019\\\/08\\\/FSC_logo_colour_rgb_positive_ENG.png\",\"width\":618,\"height\":528,\"caption\":\"Future Skills Centre \u2022 Centre des Comp\u00e9tences futures\"},\"image\":{\"@id\":\"https:\\\/\\\/fsc-ccf.ca\\\/fr\\\/#\\\/schema\\\/logo\\\/image\\\/\"},\"sameAs\":[\"https:\\\/\\\/www.facebook.com\\\/2161871137193201\\\/\",\"https:\\\/\\\/x.com\\\/fsc_ccf_en\",\"https:\\\/\\\/www.instagram.com\\\/fsc_ccf\\\/\",\"https:\\\/\\\/www.linkedin.com\\\/company\\\/fsc-ccf\\\/\"]}]}<\/script>\n<!-- \/ Yoast SEO plugin. -->","yoast_head_json":{"title":"Impact of the timing, type and severity of disability on the subjective well-being of individuals with disabilities - Future Skills Centre \u2022 Centre des Comp\u00e9tences futures","robots":{"index":"index","follow":"follow","max-snippet":"max-snippet:-1","max-image-preview":"max-image-preview:large","max-video-preview":"max-video-preview:-1"},"canonical":"https:\/\/fsc-ccf.ca\/fr\/references\/impact-of-the-timing-type-and-severity-of-disability-on-the-subjective-well-being-of-individuals-with-disabilities-2\/","twitter_misc":{"Est. reading time":"1 minute"},"schema":{"@context":"https:\/\/schema.org","@graph":[{"@type":"WebPage","@id":"https:\/\/fsc-ccf.ca\/fr\/references\/impact-of-the-timing-type-and-severity-of-disability-on-the-subjective-well-being-of-individuals-with-disabilities-2\/","url":"https:\/\/fsc-ccf.ca\/fr\/references\/impact-of-the-timing-type-and-severity-of-disability-on-the-subjective-well-being-of-individuals-with-disabilities-2\/","name":"Impact of the timing, type and severity of disability on the subjective well-being of individuals with disabilities - Future Skills Centre \u2022 Centre des Comp\u00e9tences futures","isPartOf":{"@id":"https:\/\/fsc-ccf.ca\/fr\/#website"},"datePublished":"2020-08-11T22:20:44+00:00","breadcrumb":{"@id":"https:\/\/fsc-ccf.ca\/fr\/references\/impact-of-the-timing-type-and-severity-of-disability-on-the-subjective-well-being-of-individuals-with-disabilities-2\/#breadcrumb"},"inLanguage":"fr-FR","potentialAction":[{"@type":"ReadAction","target":["https:\/\/fsc-ccf.ca\/fr\/references\/impact-of-the-timing-type-and-severity-of-disability-on-the-subjective-well-being-of-individuals-with-disabilities-2\/"]}]},{"@type":"BreadcrumbList","@id":"https:\/\/fsc-ccf.ca\/fr\/references\/impact-of-the-timing-type-and-severity-of-disability-on-the-subjective-well-being-of-individuals-with-disabilities-2\/#breadcrumb","itemListElement":[{"@type":"ListItem","position":1,"name":"Home","item":"https:\/\/fsc-ccf.ca\/fr\/"},{"@type":"ListItem","position":2,"name":"References","item":"https:\/\/fsc-ccf.ca\/fr\/references\/"},{"@type":"ListItem","position":3,"name":"Impact of the timing, type and severity of disability on the subjective well-being of individuals with disabilities"}]},{"@type":"WebSite","@id":"https:\/\/fsc-ccf.ca\/fr\/#website","url":"https:\/\/fsc-ccf.ca\/fr\/","name":"Future Skills Centre \u2022 Centre des Comp\u00e9tences futures","description":"","publisher":{"@id":"https:\/\/fsc-ccf.ca\/fr\/#organization"},"potentialAction":[{"@type":"SearchAction","target":{"@type":"EntryPoint","urlTemplate":"https:\/\/fsc-ccf.ca\/fr\/?s={search_term_string}"},"query-input":{"@type":"PropertyValueSpecification","valueRequired":true,"valueName":"search_term_string"}}],"inLanguage":"fr-FR"},{"@type":"Organization","@id":"https:\/\/fsc-ccf.ca\/fr\/#organization","name":"Future Skills Centre \u2022 Centre des Comp\u00e9tences futures","url":"https:\/\/fsc-ccf.ca\/fr\/","logo":{"@type":"ImageObject","inLanguage":"fr-FR","@id":"https:\/\/fsc-ccf.ca\/fr\/#\/schema\/logo\/image\/","url":"https:\/\/fsc-ccf.ca\/wp-content\/uploads\/2019\/08\/FSC_logo_colour_rgb_positive_ENG.png","contentUrl":"https:\/\/fsc-ccf.ca\/wp-content\/uploads\/2019\/08\/FSC_logo_colour_rgb_positive_ENG.png","width":618,"height":528,"caption":"Future Skills Centre \u2022 Centre des Comp\u00e9tences futures"},"image":{"@id":"https:\/\/fsc-ccf.ca\/fr\/#\/schema\/logo\/image\/"},"sameAs":["https:\/\/www.facebook.com\/2161871137193201\/","https:\/\/x.com\/fsc_ccf_en","https:\/\/www.instagram.com\/fsc_ccf\/","https:\/\/www.linkedin.com\/company\/fsc-ccf\/"]}]}},"_links":{"self":[{"href":"https:\/\/fsc-ccf.ca\/fr\/wp-json\/wp\/v2\/reference\/129450","targetHints":{"allow":["GET"]}}],"collection":[{"href":"https:\/\/fsc-ccf.ca\/fr\/wp-json\/wp\/v2\/reference"}],"about":[{"href":"https:\/\/fsc-ccf.ca\/fr\/wp-json\/wp\/v2\/types\/reference"}],"version-history":[{"count":0,"href":"https:\/\/fsc-ccf.ca\/fr\/wp-json\/wp\/v2\/reference\/129450\/revisions"}],"wp:attachment":[{"href":"https:\/\/fsc-ccf.ca\/fr\/wp-json\/wp\/v2\/media?parent=129450"}],"wp:term":[{"taxonomy":"reference-tag","embeddable":true,"href":"https:\/\/fsc-ccf.ca\/fr\/wp-json\/wp\/v2\/reference-tag?post=129450"},{"taxonomy":"reference-type","embeddable":true,"href":"https:\/\/fsc-ccf.ca\/fr\/wp-json\/wp\/v2\/reference-type?post=129450"}],"curies":[{"name":"wp","href":"https:\/\/api.w.org\/{rel}","templated":true}]}}

<p>En dépit de l&#8217;existence d&#8217;un volume important de la littérature sur le bien-être (SWB) de la population générale subjective, très peu d&#8217;études ont porté sur les personnes handicapées. La présente étude utilise des données sur les Canadiens handicapés 24,036 pour étudier les facteurs qui influent sur leur SWB. Il a constaté que SWB, mesurée ici par niveau de bonheur, diminue avec la gravité de l&#8217;invalidité, mais est indépendante du type de handicap physique. Ceux qui sont nés avec un handicap sont susceptibles d&#8217;être plus heureux par rapport à ceux plus tard personnes handicapées dans la vie. Revenu familial par habitant n&#8217;a pas d&#8217;effet sur le bonheur. Cependant, le chômage diminue le bonheur. Le bonheur se trouve être en forme de U en âge, environ 40 creux de ans. Certains de ces résultats varient lorsque l&#8217;échantillon est réparti en fonction du moment, le type ou la gravité du handicap. Traduit à l'aide de Google Translate</p>

<p>En dépit de l&#8217;existence d&#8217;un volume important de la littérature sur le bien-être (SWB) de la population générale subjective, très peu d&#8217;études ont porté sur les personnes handicapées. La présente étude utilise des données sur les Canadiens handicapés 24,036 pour étudier les facteurs qui influent sur leur SWB. Il a constaté que SWB, mesurée ici par niveau de bonheur, diminue avec la gravité de l&#8217;invalidité, mais est indépendante du type de handicap physique. Ceux qui sont nés avec un handicap sont susceptibles d&#8217;être plus heureux par rapport à ceux plus tard personnes handicapées dans la vie. Revenu familial par habitant n&#8217;a pas d&#8217;effet sur le bonheur. Cependant, le chômage diminue le bonheur. Le bonheur se trouve être en forme de U en âge, environ 40 creux de ans. Certains de ces résultats varient lorsque l&#8217;échantillon est réparti en fonction du moment, le type ou la gravité du handicap. [googletranslate_fr]</p>

<!-- This site is optimized with the Yoast SEO plugin v27.4 - https://yoast.com/product/yoast-seo-wordpress/ -->
<title>Impact of the timing, type and severity of disability on the subjective well-being of individuals with disabilities - Future Skills Centre • Centre des Compétences futures</title>
<meta name="robots" content="index, follow, max-snippet:-1, max-image-preview:large, max-video-preview:-1" />
<link rel="canonical" href="https://fsc-ccf.ca/fr/references/impact-of-the-timing-type-and-severity-of-disability-on-the-subjective-well-being-of-individuals-with-disabilities-2/" />
<meta name="twitter:label1" content="Est. reading time" />
	<meta name="twitter:data1" content="1 minute" />
<script type="application/ld+json" class="yoast-schema-graph">{"@context":"https:\/\/schema.org","@graph":[{"@type":"WebPage","@id":"https:\/\/fsc-ccf.ca\/fr\/references\/impact-of-the-timing-type-and-severity-of-disability-on-the-subjective-well-being-of-individuals-with-disabilities-2\/","url":"https:\/\/fsc-ccf.ca\/fr\/references\/impact-of-the-timing-type-and-severity-of-disability-on-the-subjective-well-being-of-individuals-with-disabilities-2\/","name":"Impact of the timing, type and severity of disability on the subjective well-being of individuals with disabilities - Future Skills Centre • Centre des Compétences futures","isPartOf":{"@id":"https:\/\/fsc-ccf.ca\/fr\/#website"},"datePublished":"2020-08-11T22:20:44+00:00","breadcrumb":{"@id":"https:\/\/fsc-ccf.ca\/fr\/references\/impact-of-the-timing-type-and-severity-of-disability-on-the-subjective-well-being-of-individuals-with-disabilities-2\/#breadcrumb"},"inLanguage":"fr-FR","potentialAction":[{"@type":"ReadAction","target":["https:\/\/fsc-ccf.ca\/fr\/references\/impact-of-the-timing-type-and-severity-of-disability-on-the-subjective-well-being-of-individuals-with-disabilities-2\/"]}]},{"@type":"BreadcrumbList","@id":"https:\/\/fsc-ccf.ca\/fr\/references\/impact-of-the-timing-type-and-severity-of-disability-on-the-subjective-well-being-of-individuals-with-disabilities-2\/#breadcrumb","itemListElement":[{"@type":"ListItem","position":1,"name":"Home","item":"https:\/\/fsc-ccf.ca\/fr\/"},{"@type":"ListItem","position":2,"name":"References","item":"https:\/\/fsc-ccf.ca\/fr\/references\/"},{"@type":"ListItem","position":3,"name":"Impact of the timing, type and severity of disability on the subjective well-being of individuals with disabilities"}]},{"@type":"WebSite","@id":"https:\/\/fsc-ccf.ca\/fr\/#website","url":"https:\/\/fsc-ccf.ca\/fr\/","name":"Future Skills Centre • Centre des Compétences futures","description":"","publisher":{"@id":"https:\/\/fsc-ccf.ca\/fr\/#organization"},"potentialAction":[{"@type":"SearchAction","target":{"@type":"EntryPoint","urlTemplate":"https:\/\/fsc-ccf.ca\/fr\/?s={search_term_string}"},"query-input":{"@type":"PropertyValueSpecification","valueRequired":true,"valueName":"search_term_string"}}],"inLanguage":"fr-FR"},{"@type":"Organization","@id":"https:\/\/fsc-ccf.ca\/fr\/#organization","name":"Future Skills Centre • Centre des Compétences futures","url":"https:\/\/fsc-ccf.ca\/fr\/","logo":{"@type":"ImageObject","inLanguage":"fr-FR","@id":"https:\/\/fsc-ccf.ca\/fr\/#\/schema\/logo\/image\/","url":"https:\/\/fsc-ccf.ca\/wp-content\/uploads\/2019\/08\/FSC_logo_colour_rgb_positive_ENG.png","contentUrl":"https:\/\/fsc-ccf.ca\/wp-content\/uploads\/2019\/08\/FSC_logo_colour_rgb_positive_ENG.png","width":618,"height":528,"caption":"Future Skills Centre • Centre des Compétences futures"},"image":{"@id":"https:\/\/fsc-ccf.ca\/fr\/#\/schema\/logo\/image\/"},"sameAs":["https:\/\/www.facebook.com\/2161871137193201\/","https:\/\/x.com\/fsc_ccf_en","https:\/\/www.instagram.com\/fsc_ccf\/","https:\/\/www.linkedin.com\/company\/fsc-ccf\/"]}]}</script>
<!-- / Yoast SEO plugin. -->

Impact of the timing, type and severity of disability on the subjective well-being of individuals with disabilities - Future Skills Centre • Centre des Compétences futures

Future Skills Centre • Centre des Compétences futures
