			{"id":129429,"date":"2020-08-11T18:20:34","date_gmt":"2020-08-11T22:20:34","guid":{"rendered":"https:\/\/fsc-ccf.ca\/references\/barriers-to-employment-as-experienced-by-disabled-people-a-qualitative-analysis-in-calgary-and-regina-canada-2\/"},"modified":"2020-08-11T18:20:34","modified_gmt":"2020-08-11T22:20:34","slug":"barriers-to-employment-as-experienced-by-disabled-people-a-qualitative-analysis-in-calgary-and-regina-canada-2","status":"publish","type":"reference","link":"https:\/\/fsc-ccf.ca\/fr\/references\/barriers-to-employment-as-experienced-by-disabled-people-a-qualitative-analysis-in-calgary-and-regina-canada-2\/","title":{"rendered":"Barriers to employment as experienced by disabled people: A qualitative analysis in calgary and regina, Canada"},"content":{"rendered":"<p>Les politiques publiques mettent l&#8217;accent sur une plus grande int\u00e9gration des personnes handicap\u00e9es sur le march\u00e9 du travail et de proposer des moyens de mettre en \u0153uvre des mesures accommodantes \u00e0 ces fins. manque souvent de cette litt\u00e9rature est l&#8217;exp\u00e9rience des personnes handicap\u00e9es dans le march\u00e9 du travail. Cet article pr\u00e9sente les r\u00e9sultats d&#8217;une \u00e9tude qualitative men\u00e9e en 2005 et 2006 consistant en un-\u00e0-un et des entrevues de groupe de discussion avec 56 personnes handicap\u00e9es qui participent \u00e0 des programmes de formation \u00e0 l&#8217;emploi \u00e0 Calgary et \u00e0 Regina, au Canada. Les r\u00e9sultats sugg\u00e8rent la pr\u00e9sence de lieu de travail et la discrimination des employeurs et de l&#8217;\u00e9tiquetage comme principaux facteurs entravant la r\u00e9ussite des r\u00e9pondants dans la s\u00e9curisation et le maintien de l&#8217;emploi sur le march\u00e9 du travail. Les 56 r\u00e9pondants fournissent des preuves solides que la perception du handicap ont un impact plus important sur leur incapacit\u00e9 \u00e0 maintenir et conserver un emploi que ne l&#8217;absence de pratiques et de mesures accommodantes en milieu de travail. Traduit a\u0300 l'aide de Google Translate<\/p>\n","protected":false},"excerpt":{"rendered":"<p>Les politiques publiques mettent l&#8217;accent sur une plus grande int\u00e9gration des personnes handicap\u00e9es sur le march\u00e9 du travail et de proposer des moyens de mettre en \u0153uvre des mesures accommodantes \u00e0 ces fins. manque souvent de cette litt\u00e9rature est l&#8217;exp\u00e9rience des personnes handicap\u00e9es dans le march\u00e9 du travail. Cet article pr\u00e9sente les r\u00e9sultats d&#8217;une \u00e9tude qualitative men\u00e9e en 2005 et 2006 consistant en un-\u00e0-un et des entrevues de groupe de discussion avec 56 personnes handicap\u00e9es qui participent \u00e0 des programmes de formation \u00e0 l&#8217;emploi \u00e0 Calgary et \u00e0 Regina, au Canada. Les r\u00e9sultats sugg\u00e8rent la pr\u00e9sence de lieu de travail et la discrimination des employeurs et de l&#8217;\u00e9tiquetage comme principaux facteurs entravant la r\u00e9ussite des r\u00e9pondants dans la s\u00e9curisation et le maintien de l&#8217;emploi sur le march\u00e9 du travail. Les 56 r\u00e9pondants fournissent des preuves solides que la perception du handicap ont un impact plus important sur leur incapacit\u00e9 \u00e0 maintenir et conserver un emploi que ne l&#8217;absence de pratiques et de mesures accommodantes en milieu de travail. [googletranslate_fr]<\/p>\n","protected":false},"template":"","reference-tag":[],"reference-type":[435],"class_list":["post-129429","reference","type-reference","status-publish","hentry","reference-type-journal-article"],"acf":{"citation":"Shier, M., Graham, J., and Jones, M. (2009). Barriers to employment as experienced by disabled people: A qualitative analysis in calgary and regina, Canada. Disability and Society, 24(1), 63\u201375. Retrieved from https:\/\/doi.org\/10.1080\/09687590802535485.","authors":"Shier, M., Graham, J., and Jones, M.","org":"","year":"2009","title_fr":null,"editors_hidden":"","publication":"Disability and Society","publication_fr":null,"volume":"24","issue":"1","Series":"","SeriesNumber":"","page_range":"63\u201375","publisher_city":"","publisher_state":"","publisher":"Taylor & Francis Group","abstract_en":null,"abstract_fr":null,"keywords":"Barriers, Canada, Disability, Employment","paywall":"1","doi":"10.1080\/09687590802535485","isbn":"","url":"https:\/\/doi.org\/10.1080\/09687590802535485","url_fr":null,"url_amazon":"","TRACK":"0"},"yoast_head":"<!-- This site is optimized with the Yoast SEO plugin v27.4 - https:\/\/yoast.com\/product\/yoast-seo-wordpress\/ -->\n<title>Barriers to employment as experienced by disabled people: A qualitative analysis in calgary and regina, Canada - Future Skills Centre \u2022 Centre des Comp\u00e9tences futures<\/title>\n<meta name=\"robots\" content=\"index, follow, max-snippet:-1, max-image-preview:large, max-video-preview:-1\" \/>\n<link rel=\"canonical\" href=\"https:\/\/fsc-ccf.ca\/fr\/references\/barriers-to-employment-as-experienced-by-disabled-people-a-qualitative-analysis-in-calgary-and-regina-canada-2\/\" \/>\n<meta name=\"twitter:label1\" content=\"Est. reading time\" \/>\n\t<meta name=\"twitter:data1\" content=\"1 minute\" \/>\n<script type=\"application\/ld+json\" class=\"yoast-schema-graph\">{\"@context\":\"https:\\\/\\\/schema.org\",\"@graph\":[{\"@type\":\"WebPage\",\"@id\":\"https:\\\/\\\/fsc-ccf.ca\\\/fr\\\/references\\\/barriers-to-employment-as-experienced-by-disabled-people-a-qualitative-analysis-in-calgary-and-regina-canada-2\\\/\",\"url\":\"https:\\\/\\\/fsc-ccf.ca\\\/fr\\\/references\\\/barriers-to-employment-as-experienced-by-disabled-people-a-qualitative-analysis-in-calgary-and-regina-canada-2\\\/\",\"name\":\"Barriers to employment as experienced by disabled people: A qualitative analysis in calgary and regina, Canada - Future Skills Centre \u2022 Centre des Comp\u00e9tences futures\",\"isPartOf\":{\"@id\":\"https:\\\/\\\/fsc-ccf.ca\\\/fr\\\/#website\"},\"datePublished\":\"2020-08-11T22:20:34+00:00\",\"breadcrumb\":{\"@id\":\"https:\\\/\\\/fsc-ccf.ca\\\/fr\\\/references\\\/barriers-to-employment-as-experienced-by-disabled-people-a-qualitative-analysis-in-calgary-and-regina-canada-2\\\/#breadcrumb\"},\"inLanguage\":\"fr-FR\",\"potentialAction\":[{\"@type\":\"ReadAction\",\"target\":[\"https:\\\/\\\/fsc-ccf.ca\\\/fr\\\/references\\\/barriers-to-employment-as-experienced-by-disabled-people-a-qualitative-analysis-in-calgary-and-regina-canada-2\\\/\"]}]},{\"@type\":\"BreadcrumbList\",\"@id\":\"https:\\\/\\\/fsc-ccf.ca\\\/fr\\\/references\\\/barriers-to-employment-as-experienced-by-disabled-people-a-qualitative-analysis-in-calgary-and-regina-canada-2\\\/#breadcrumb\",\"itemListElement\":[{\"@type\":\"ListItem\",\"position\":1,\"name\":\"Home\",\"item\":\"https:\\\/\\\/fsc-ccf.ca\\\/fr\\\/\"},{\"@type\":\"ListItem\",\"position\":2,\"name\":\"References\",\"item\":\"https:\\\/\\\/fsc-ccf.ca\\\/fr\\\/references\\\/\"},{\"@type\":\"ListItem\",\"position\":3,\"name\":\"Barriers to employment as experienced by disabled people: A qualitative analysis in calgary and regina, Canada\"}]},{\"@type\":\"WebSite\",\"@id\":\"https:\\\/\\\/fsc-ccf.ca\\\/fr\\\/#website\",\"url\":\"https:\\\/\\\/fsc-ccf.ca\\\/fr\\\/\",\"name\":\"Future Skills Centre \u2022 Centre des Comp\u00e9tences futures\",\"description\":\"\",\"publisher\":{\"@id\":\"https:\\\/\\\/fsc-ccf.ca\\\/fr\\\/#organization\"},\"potentialAction\":[{\"@type\":\"SearchAction\",\"target\":{\"@type\":\"EntryPoint\",\"urlTemplate\":\"https:\\\/\\\/fsc-ccf.ca\\\/fr\\\/?s={search_term_string}\"},\"query-input\":{\"@type\":\"PropertyValueSpecification\",\"valueRequired\":true,\"valueName\":\"search_term_string\"}}],\"inLanguage\":\"fr-FR\"},{\"@type\":\"Organization\",\"@id\":\"https:\\\/\\\/fsc-ccf.ca\\\/fr\\\/#organization\",\"name\":\"Future Skills Centre \u2022 Centre des Comp\u00e9tences futures\",\"url\":\"https:\\\/\\\/fsc-ccf.ca\\\/fr\\\/\",\"logo\":{\"@type\":\"ImageObject\",\"inLanguage\":\"fr-FR\",\"@id\":\"https:\\\/\\\/fsc-ccf.ca\\\/fr\\\/#\\\/schema\\\/logo\\\/image\\\/\",\"url\":\"https:\\\/\\\/fsc-ccf.ca\\\/wp-content\\\/uploads\\\/2019\\\/08\\\/FSC_logo_colour_rgb_positive_ENG.png\",\"contentUrl\":\"https:\\\/\\\/fsc-ccf.ca\\\/wp-content\\\/uploads\\\/2019\\\/08\\\/FSC_logo_colour_rgb_positive_ENG.png\",\"width\":618,\"height\":528,\"caption\":\"Future Skills Centre \u2022 Centre des Comp\u00e9tences futures\"},\"image\":{\"@id\":\"https:\\\/\\\/fsc-ccf.ca\\\/fr\\\/#\\\/schema\\\/logo\\\/image\\\/\"},\"sameAs\":[\"https:\\\/\\\/www.facebook.com\\\/2161871137193201\\\/\",\"https:\\\/\\\/x.com\\\/fsc_ccf_en\",\"https:\\\/\\\/www.instagram.com\\\/fsc_ccf\\\/\",\"https:\\\/\\\/www.linkedin.com\\\/company\\\/fsc-ccf\\\/\"]}]}<\/script>\n<!-- \/ Yoast SEO plugin. -->","yoast_head_json":{"title":"Barriers to employment as experienced by disabled people: A qualitative analysis in calgary and regina, Canada - Future Skills Centre \u2022 Centre des Comp\u00e9tences futures","robots":{"index":"index","follow":"follow","max-snippet":"max-snippet:-1","max-image-preview":"max-image-preview:large","max-video-preview":"max-video-preview:-1"},"canonical":"https:\/\/fsc-ccf.ca\/fr\/references\/barriers-to-employment-as-experienced-by-disabled-people-a-qualitative-analysis-in-calgary-and-regina-canada-2\/","twitter_misc":{"Est. reading time":"1 minute"},"schema":{"@context":"https:\/\/schema.org","@graph":[{"@type":"WebPage","@id":"https:\/\/fsc-ccf.ca\/fr\/references\/barriers-to-employment-as-experienced-by-disabled-people-a-qualitative-analysis-in-calgary-and-regina-canada-2\/","url":"https:\/\/fsc-ccf.ca\/fr\/references\/barriers-to-employment-as-experienced-by-disabled-people-a-qualitative-analysis-in-calgary-and-regina-canada-2\/","name":"Barriers to employment as experienced by disabled people: A qualitative analysis in calgary and regina, Canada - Future Skills Centre \u2022 Centre des Comp\u00e9tences futures","isPartOf":{"@id":"https:\/\/fsc-ccf.ca\/fr\/#website"},"datePublished":"2020-08-11T22:20:34+00:00","breadcrumb":{"@id":"https:\/\/fsc-ccf.ca\/fr\/references\/barriers-to-employment-as-experienced-by-disabled-people-a-qualitative-analysis-in-calgary-and-regina-canada-2\/#breadcrumb"},"inLanguage":"fr-FR","potentialAction":[{"@type":"ReadAction","target":["https:\/\/fsc-ccf.ca\/fr\/references\/barriers-to-employment-as-experienced-by-disabled-people-a-qualitative-analysis-in-calgary-and-regina-canada-2\/"]}]},{"@type":"BreadcrumbList","@id":"https:\/\/fsc-ccf.ca\/fr\/references\/barriers-to-employment-as-experienced-by-disabled-people-a-qualitative-analysis-in-calgary-and-regina-canada-2\/#breadcrumb","itemListElement":[{"@type":"ListItem","position":1,"name":"Home","item":"https:\/\/fsc-ccf.ca\/fr\/"},{"@type":"ListItem","position":2,"name":"References","item":"https:\/\/fsc-ccf.ca\/fr\/references\/"},{"@type":"ListItem","position":3,"name":"Barriers to employment as experienced by disabled people: A qualitative analysis in calgary and regina, Canada"}]},{"@type":"WebSite","@id":"https:\/\/fsc-ccf.ca\/fr\/#website","url":"https:\/\/fsc-ccf.ca\/fr\/","name":"Future Skills Centre \u2022 Centre des Comp\u00e9tences futures","description":"","publisher":{"@id":"https:\/\/fsc-ccf.ca\/fr\/#organization"},"potentialAction":[{"@type":"SearchAction","target":{"@type":"EntryPoint","urlTemplate":"https:\/\/fsc-ccf.ca\/fr\/?s={search_term_string}"},"query-input":{"@type":"PropertyValueSpecification","valueRequired":true,"valueName":"search_term_string"}}],"inLanguage":"fr-FR"},{"@type":"Organization","@id":"https:\/\/fsc-ccf.ca\/fr\/#organization","name":"Future Skills Centre \u2022 Centre des Comp\u00e9tences futures","url":"https:\/\/fsc-ccf.ca\/fr\/","logo":{"@type":"ImageObject","inLanguage":"fr-FR","@id":"https:\/\/fsc-ccf.ca\/fr\/#\/schema\/logo\/image\/","url":"https:\/\/fsc-ccf.ca\/wp-content\/uploads\/2019\/08\/FSC_logo_colour_rgb_positive_ENG.png","contentUrl":"https:\/\/fsc-ccf.ca\/wp-content\/uploads\/2019\/08\/FSC_logo_colour_rgb_positive_ENG.png","width":618,"height":528,"caption":"Future Skills Centre \u2022 Centre des Comp\u00e9tences futures"},"image":{"@id":"https:\/\/fsc-ccf.ca\/fr\/#\/schema\/logo\/image\/"},"sameAs":["https:\/\/www.facebook.com\/2161871137193201\/","https:\/\/x.com\/fsc_ccf_en","https:\/\/www.instagram.com\/fsc_ccf\/","https:\/\/www.linkedin.com\/company\/fsc-ccf\/"]}]}},"_links":{"self":[{"href":"https:\/\/fsc-ccf.ca\/fr\/wp-json\/wp\/v2\/reference\/129429","targetHints":{"allow":["GET"]}}],"collection":[{"href":"https:\/\/fsc-ccf.ca\/fr\/wp-json\/wp\/v2\/reference"}],"about":[{"href":"https:\/\/fsc-ccf.ca\/fr\/wp-json\/wp\/v2\/types\/reference"}],"version-history":[{"count":0,"href":"https:\/\/fsc-ccf.ca\/fr\/wp-json\/wp\/v2\/reference\/129429\/revisions"}],"wp:attachment":[{"href":"https:\/\/fsc-ccf.ca\/fr\/wp-json\/wp\/v2\/media?parent=129429"}],"wp:term":[{"taxonomy":"reference-tag","embeddable":true,"href":"https:\/\/fsc-ccf.ca\/fr\/wp-json\/wp\/v2\/reference-tag?post=129429"},{"taxonomy":"reference-type","embeddable":true,"href":"https:\/\/fsc-ccf.ca\/fr\/wp-json\/wp\/v2\/reference-type?post=129429"}],"curies":[{"name":"wp","href":"https:\/\/api.w.org\/{rel}","templated":true}]}}

<p>Les politiques publiques mettent l&#8217;accent sur une plus grande intégration des personnes handicapées sur le marché du travail et de proposer des moyens de mettre en œuvre des mesures accommodantes à ces fins. manque souvent de cette littérature est l&#8217;expérience des personnes handicapées dans le marché du travail. Cet article présente les résultats d&#8217;une étude qualitative menée en 2005 et 2006 consistant en un-à-un et des entrevues de groupe de discussion avec 56 personnes handicapées qui participent à des programmes de formation à l&#8217;emploi à Calgary et à Regina, au Canada. Les résultats suggèrent la présence de lieu de travail et la discrimination des employeurs et de l&#8217;étiquetage comme principaux facteurs entravant la réussite des répondants dans la sécurisation et le maintien de l&#8217;emploi sur le marché du travail. Les 56 répondants fournissent des preuves solides que la perception du handicap ont un impact plus important sur leur incapacité à maintenir et conserver un emploi que ne l&#8217;absence de pratiques et de mesures accommodantes en milieu de travail. Traduit à l'aide de Google Translate</p>

<p>Les politiques publiques mettent l&#8217;accent sur une plus grande intégration des personnes handicapées sur le marché du travail et de proposer des moyens de mettre en œuvre des mesures accommodantes à ces fins. manque souvent de cette littérature est l&#8217;expérience des personnes handicapées dans le marché du travail. Cet article présente les résultats d&#8217;une étude qualitative menée en 2005 et 2006 consistant en un-à-un et des entrevues de groupe de discussion avec 56 personnes handicapées qui participent à des programmes de formation à l&#8217;emploi à Calgary et à Regina, au Canada. Les résultats suggèrent la présence de lieu de travail et la discrimination des employeurs et de l&#8217;étiquetage comme principaux facteurs entravant la réussite des répondants dans la sécurisation et le maintien de l&#8217;emploi sur le marché du travail. Les 56 répondants fournissent des preuves solides que la perception du handicap ont un impact plus important sur leur incapacité à maintenir et conserver un emploi que ne l&#8217;absence de pratiques et de mesures accommodantes en milieu de travail. [googletranslate_fr]</p>

<!-- This site is optimized with the Yoast SEO plugin v27.4 - https://yoast.com/product/yoast-seo-wordpress/ -->
<title>Barriers to employment as experienced by disabled people: A qualitative analysis in calgary and regina, Canada - Future Skills Centre • Centre des Compétences futures</title>
<meta name="robots" content="index, follow, max-snippet:-1, max-image-preview:large, max-video-preview:-1" />
<link rel="canonical" href="https://fsc-ccf.ca/fr/references/barriers-to-employment-as-experienced-by-disabled-people-a-qualitative-analysis-in-calgary-and-regina-canada-2/" />
<meta name="twitter:label1" content="Est. reading time" />
	<meta name="twitter:data1" content="1 minute" />
<script type="application/ld+json" class="yoast-schema-graph">{"@context":"https:\/\/schema.org","@graph":[{"@type":"WebPage","@id":"https:\/\/fsc-ccf.ca\/fr\/references\/barriers-to-employment-as-experienced-by-disabled-people-a-qualitative-analysis-in-calgary-and-regina-canada-2\/","url":"https:\/\/fsc-ccf.ca\/fr\/references\/barriers-to-employment-as-experienced-by-disabled-people-a-qualitative-analysis-in-calgary-and-regina-canada-2\/","name":"Barriers to employment as experienced by disabled people: A qualitative analysis in calgary and regina, Canada - Future Skills Centre • Centre des Compétences futures","isPartOf":{"@id":"https:\/\/fsc-ccf.ca\/fr\/#website"},"datePublished":"2020-08-11T22:20:34+00:00","breadcrumb":{"@id":"https:\/\/fsc-ccf.ca\/fr\/references\/barriers-to-employment-as-experienced-by-disabled-people-a-qualitative-analysis-in-calgary-and-regina-canada-2\/#breadcrumb"},"inLanguage":"fr-FR","potentialAction":[{"@type":"ReadAction","target":["https:\/\/fsc-ccf.ca\/fr\/references\/barriers-to-employment-as-experienced-by-disabled-people-a-qualitative-analysis-in-calgary-and-regina-canada-2\/"]}]},{"@type":"BreadcrumbList","@id":"https:\/\/fsc-ccf.ca\/fr\/references\/barriers-to-employment-as-experienced-by-disabled-people-a-qualitative-analysis-in-calgary-and-regina-canada-2\/#breadcrumb","itemListElement":[{"@type":"ListItem","position":1,"name":"Home","item":"https:\/\/fsc-ccf.ca\/fr\/"},{"@type":"ListItem","position":2,"name":"References","item":"https:\/\/fsc-ccf.ca\/fr\/references\/"},{"@type":"ListItem","position":3,"name":"Barriers to employment as experienced by disabled people: A qualitative analysis in calgary and regina, Canada"}]},{"@type":"WebSite","@id":"https:\/\/fsc-ccf.ca\/fr\/#website","url":"https:\/\/fsc-ccf.ca\/fr\/","name":"Future Skills Centre • Centre des Compétences futures","description":"","publisher":{"@id":"https:\/\/fsc-ccf.ca\/fr\/#organization"},"potentialAction":[{"@type":"SearchAction","target":{"@type":"EntryPoint","urlTemplate":"https:\/\/fsc-ccf.ca\/fr\/?s={search_term_string}"},"query-input":{"@type":"PropertyValueSpecification","valueRequired":true,"valueName":"search_term_string"}}],"inLanguage":"fr-FR"},{"@type":"Organization","@id":"https:\/\/fsc-ccf.ca\/fr\/#organization","name":"Future Skills Centre • Centre des Compétences futures","url":"https:\/\/fsc-ccf.ca\/fr\/","logo":{"@type":"ImageObject","inLanguage":"fr-FR","@id":"https:\/\/fsc-ccf.ca\/fr\/#\/schema\/logo\/image\/","url":"https:\/\/fsc-ccf.ca\/wp-content\/uploads\/2019\/08\/FSC_logo_colour_rgb_positive_ENG.png","contentUrl":"https:\/\/fsc-ccf.ca\/wp-content\/uploads\/2019\/08\/FSC_logo_colour_rgb_positive_ENG.png","width":618,"height":528,"caption":"Future Skills Centre • Centre des Compétences futures"},"image":{"@id":"https:\/\/fsc-ccf.ca\/fr\/#\/schema\/logo\/image\/"},"sameAs":["https:\/\/www.facebook.com\/2161871137193201\/","https:\/\/x.com\/fsc_ccf_en","https:\/\/www.instagram.com\/fsc_ccf\/","https:\/\/www.linkedin.com\/company\/fsc-ccf\/"]}]}</script>
<!-- / Yoast SEO plugin. -->

Barriers to employment as experienced by disabled people: A qualitative analysis in calgary and regina, Canada - Future Skills Centre • Centre des Compétences futures

Future Skills Centre • Centre des Compétences futures
