			{"id":129401,"date":"2020-08-11T18:20:22","date_gmt":"2020-08-11T22:20:22","guid":{"rendered":"https:\/\/fsc-ccf.ca\/references\/graduate-education-and-social-stratification-2\/"},"modified":"2020-08-11T18:20:22","modified_gmt":"2020-08-11T22:20:22","slug":"graduate-education-and-social-stratification-2","status":"publish","type":"reference","link":"https:\/\/fsc-ccf.ca\/fr\/references\/graduate-education-and-social-stratification-2\/","title":{"rendered":"Graduate education and social stratification"},"content":{"rendered":"<p>Dipl\u00f4m\u00e9s et la formation professionnelle jouent un r\u00f4le de plus en plus important dans les in\u00e9galit\u00e9s \u00e9conomiques et la formation des \u00e9lites aux Etats-Unis, mais les sociologues n&#8217;ont pas soumis la stratification et par l&#8217;enseignement sup\u00e9rieur au m\u00eame niveau d&#8217;examen r\u00e9cemment appliqu\u00e9 \u00e0 l&#8217;\u00e9ducation de premier cycle et subbaccalaureate. Dans cette revue, nous discutons comment les th\u00e9ories stratification importante pourrait \u00eatre \u00e9tendue \u00e0 des \u00e9tudes sur le r\u00f4le des \u00e9tudes sup\u00e9rieures et la formation professionnelle, et nous passons en revue des recherches sur la stratification au long de son parcours conjonctures \u00e9tudiants dans et par l&#8217;\u00e9ducation post-baccalaur\u00e9al sur le march\u00e9 du travail. Surtout dans la formation doctorale et professionnelle, nous trouvons la stratification persistante, y compris l&#8217;h\u00e9ritage \u00e9ducatif prononc\u00e9 et les disparit\u00e9s dans la participation et le niveau de dipl\u00f4me par la race \/ l&#8217;origine ethnique et le sexe. Nous vous proposons des orientations futures pour l&#8217;enqu\u00eate, mettant en lumi\u00e8re les questions sans r\u00e9ponse et les questions conceptuelles concernant la fa\u00e7on dont le domaine de l&#8217;\u00e9ducation et les voies par post-baccalaur\u00e9al contribuent \u00e0 la stratification sociale. Traduit a\u0300 l'aide de Google Translate<\/p>\n","protected":false},"excerpt":{"rendered":"<p>Dipl\u00f4m\u00e9s et la formation professionnelle jouent un r\u00f4le de plus en plus important dans les in\u00e9galit\u00e9s \u00e9conomiques et la formation des \u00e9lites aux Etats-Unis, mais les sociologues n&#8217;ont pas soumis la stratification et par l&#8217;enseignement sup\u00e9rieur au m\u00eame niveau d&#8217;examen r\u00e9cemment appliqu\u00e9 \u00e0 l&#8217;\u00e9ducation de premier cycle et subbaccalaureate. Dans cette revue, nous discutons comment les th\u00e9ories stratification importante pourrait \u00eatre \u00e9tendue \u00e0 des \u00e9tudes sur le r\u00f4le des \u00e9tudes sup\u00e9rieures et la formation professionnelle, et nous passons en revue des recherches sur la stratification au long de son parcours conjonctures \u00e9tudiants dans et par l&#8217;\u00e9ducation post-baccalaur\u00e9al sur le march\u00e9 du travail. Surtout dans la formation doctorale et professionnelle, nous trouvons la stratification persistante, y compris l&#8217;h\u00e9ritage \u00e9ducatif prononc\u00e9 et les disparit\u00e9s dans la participation et le niveau de dipl\u00f4me par la race \/ l&#8217;origine ethnique et le sexe. Nous vous proposons des orientations futures pour l&#8217;enqu\u00eate, mettant en lumi\u00e8re les questions sans r\u00e9ponse et les questions conceptuelles concernant la fa\u00e7on dont le domaine de l&#8217;\u00e9ducation et les voies par post-baccalaur\u00e9al contribuent \u00e0 la stratification sociale. [googletranslate_fr]<\/p>\n","protected":false},"template":"","reference-tag":[],"reference-type":[435],"class_list":["post-129401","reference","type-reference","status-publish","hentry","reference-type-journal-article"],"acf":{"citation":"Posselt, J. and Grodsky, E. (2017). Graduate education and social stratification. Annual Review of Sociology, 43(1), 353\u2013378. Retrieved from https:\/\/doi.org\/10.1146\/annurev-soc-081715-074324.","authors":"Posselt, J. and Grodsky, E.","org":"","year":"2017","title_fr":null,"editors_hidden":"","publication":"Annual Review of Sociology","publication_fr":null,"volume":"43","issue":"1","Series":"","SeriesNumber":"","page_range":"353\u2013378","publisher_city":"","publisher_state":"","publisher":"Annual Reviews","abstract_en":null,"abstract_fr":null,"keywords":"","paywall":"1","doi":"10.1146\/annurev-soc-081715-074324","isbn":"","url":"https:\/\/doi.org\/10.1146\/annurev-soc-081715-074324","url_fr":null,"url_amazon":"","TRACK":"0"},"yoast_head":"<!-- This site is optimized with the Yoast SEO plugin v27.4 - https:\/\/yoast.com\/product\/yoast-seo-wordpress\/ -->\n<title>Graduate education and social stratification - Future Skills Centre \u2022 Centre des Comp\u00e9tences futures<\/title>\n<meta name=\"robots\" content=\"index, follow, max-snippet:-1, max-image-preview:large, max-video-preview:-1\" \/>\n<link rel=\"canonical\" href=\"https:\/\/fsc-ccf.ca\/fr\/references\/graduate-education-and-social-stratification-2\/\" \/>\n<meta name=\"twitter:label1\" content=\"Est. reading time\" \/>\n\t<meta name=\"twitter:data1\" content=\"1 minute\" \/>\n<script type=\"application\/ld+json\" class=\"yoast-schema-graph\">{\"@context\":\"https:\\\/\\\/schema.org\",\"@graph\":[{\"@type\":\"WebPage\",\"@id\":\"https:\\\/\\\/fsc-ccf.ca\\\/fr\\\/references\\\/graduate-education-and-social-stratification-2\\\/\",\"url\":\"https:\\\/\\\/fsc-ccf.ca\\\/fr\\\/references\\\/graduate-education-and-social-stratification-2\\\/\",\"name\":\"Graduate education and social stratification - Future Skills Centre \u2022 Centre des Comp\u00e9tences futures\",\"isPartOf\":{\"@id\":\"https:\\\/\\\/fsc-ccf.ca\\\/fr\\\/#website\"},\"datePublished\":\"2020-08-11T22:20:22+00:00\",\"breadcrumb\":{\"@id\":\"https:\\\/\\\/fsc-ccf.ca\\\/fr\\\/references\\\/graduate-education-and-social-stratification-2\\\/#breadcrumb\"},\"inLanguage\":\"fr-FR\",\"potentialAction\":[{\"@type\":\"ReadAction\",\"target\":[\"https:\\\/\\\/fsc-ccf.ca\\\/fr\\\/references\\\/graduate-education-and-social-stratification-2\\\/\"]}]},{\"@type\":\"BreadcrumbList\",\"@id\":\"https:\\\/\\\/fsc-ccf.ca\\\/fr\\\/references\\\/graduate-education-and-social-stratification-2\\\/#breadcrumb\",\"itemListElement\":[{\"@type\":\"ListItem\",\"position\":1,\"name\":\"Home\",\"item\":\"https:\\\/\\\/fsc-ccf.ca\\\/fr\\\/\"},{\"@type\":\"ListItem\",\"position\":2,\"name\":\"References\",\"item\":\"https:\\\/\\\/fsc-ccf.ca\\\/fr\\\/references\\\/\"},{\"@type\":\"ListItem\",\"position\":3,\"name\":\"Graduate education and social stratification\"}]},{\"@type\":\"WebSite\",\"@id\":\"https:\\\/\\\/fsc-ccf.ca\\\/fr\\\/#website\",\"url\":\"https:\\\/\\\/fsc-ccf.ca\\\/fr\\\/\",\"name\":\"Future Skills Centre \u2022 Centre des Comp\u00e9tences futures\",\"description\":\"\",\"publisher\":{\"@id\":\"https:\\\/\\\/fsc-ccf.ca\\\/fr\\\/#organization\"},\"potentialAction\":[{\"@type\":\"SearchAction\",\"target\":{\"@type\":\"EntryPoint\",\"urlTemplate\":\"https:\\\/\\\/fsc-ccf.ca\\\/fr\\\/?s={search_term_string}\"},\"query-input\":{\"@type\":\"PropertyValueSpecification\",\"valueRequired\":true,\"valueName\":\"search_term_string\"}}],\"inLanguage\":\"fr-FR\"},{\"@type\":\"Organization\",\"@id\":\"https:\\\/\\\/fsc-ccf.ca\\\/fr\\\/#organization\",\"name\":\"Future Skills Centre \u2022 Centre des Comp\u00e9tences futures\",\"url\":\"https:\\\/\\\/fsc-ccf.ca\\\/fr\\\/\",\"logo\":{\"@type\":\"ImageObject\",\"inLanguage\":\"fr-FR\",\"@id\":\"https:\\\/\\\/fsc-ccf.ca\\\/fr\\\/#\\\/schema\\\/logo\\\/image\\\/\",\"url\":\"https:\\\/\\\/fsc-ccf.ca\\\/wp-content\\\/uploads\\\/2019\\\/08\\\/FSC_logo_colour_rgb_positive_ENG.png\",\"contentUrl\":\"https:\\\/\\\/fsc-ccf.ca\\\/wp-content\\\/uploads\\\/2019\\\/08\\\/FSC_logo_colour_rgb_positive_ENG.png\",\"width\":618,\"height\":528,\"caption\":\"Future Skills Centre \u2022 Centre des Comp\u00e9tences futures\"},\"image\":{\"@id\":\"https:\\\/\\\/fsc-ccf.ca\\\/fr\\\/#\\\/schema\\\/logo\\\/image\\\/\"},\"sameAs\":[\"https:\\\/\\\/www.facebook.com\\\/2161871137193201\\\/\",\"https:\\\/\\\/x.com\\\/fsc_ccf_en\",\"https:\\\/\\\/www.instagram.com\\\/fsc_ccf\\\/\",\"https:\\\/\\\/www.linkedin.com\\\/company\\\/fsc-ccf\\\/\"]}]}<\/script>\n<!-- \/ Yoast SEO plugin. -->","yoast_head_json":{"title":"Graduate education and social stratification - Future Skills Centre \u2022 Centre des Comp\u00e9tences futures","robots":{"index":"index","follow":"follow","max-snippet":"max-snippet:-1","max-image-preview":"max-image-preview:large","max-video-preview":"max-video-preview:-1"},"canonical":"https:\/\/fsc-ccf.ca\/fr\/references\/graduate-education-and-social-stratification-2\/","twitter_misc":{"Est. reading time":"1 minute"},"schema":{"@context":"https:\/\/schema.org","@graph":[{"@type":"WebPage","@id":"https:\/\/fsc-ccf.ca\/fr\/references\/graduate-education-and-social-stratification-2\/","url":"https:\/\/fsc-ccf.ca\/fr\/references\/graduate-education-and-social-stratification-2\/","name":"Graduate education and social stratification - Future Skills Centre \u2022 Centre des Comp\u00e9tences futures","isPartOf":{"@id":"https:\/\/fsc-ccf.ca\/fr\/#website"},"datePublished":"2020-08-11T22:20:22+00:00","breadcrumb":{"@id":"https:\/\/fsc-ccf.ca\/fr\/references\/graduate-education-and-social-stratification-2\/#breadcrumb"},"inLanguage":"fr-FR","potentialAction":[{"@type":"ReadAction","target":["https:\/\/fsc-ccf.ca\/fr\/references\/graduate-education-and-social-stratification-2\/"]}]},{"@type":"BreadcrumbList","@id":"https:\/\/fsc-ccf.ca\/fr\/references\/graduate-education-and-social-stratification-2\/#breadcrumb","itemListElement":[{"@type":"ListItem","position":1,"name":"Home","item":"https:\/\/fsc-ccf.ca\/fr\/"},{"@type":"ListItem","position":2,"name":"References","item":"https:\/\/fsc-ccf.ca\/fr\/references\/"},{"@type":"ListItem","position":3,"name":"Graduate education and social stratification"}]},{"@type":"WebSite","@id":"https:\/\/fsc-ccf.ca\/fr\/#website","url":"https:\/\/fsc-ccf.ca\/fr\/","name":"Future Skills Centre \u2022 Centre des Comp\u00e9tences futures","description":"","publisher":{"@id":"https:\/\/fsc-ccf.ca\/fr\/#organization"},"potentialAction":[{"@type":"SearchAction","target":{"@type":"EntryPoint","urlTemplate":"https:\/\/fsc-ccf.ca\/fr\/?s={search_term_string}"},"query-input":{"@type":"PropertyValueSpecification","valueRequired":true,"valueName":"search_term_string"}}],"inLanguage":"fr-FR"},{"@type":"Organization","@id":"https:\/\/fsc-ccf.ca\/fr\/#organization","name":"Future Skills Centre \u2022 Centre des Comp\u00e9tences futures","url":"https:\/\/fsc-ccf.ca\/fr\/","logo":{"@type":"ImageObject","inLanguage":"fr-FR","@id":"https:\/\/fsc-ccf.ca\/fr\/#\/schema\/logo\/image\/","url":"https:\/\/fsc-ccf.ca\/wp-content\/uploads\/2019\/08\/FSC_logo_colour_rgb_positive_ENG.png","contentUrl":"https:\/\/fsc-ccf.ca\/wp-content\/uploads\/2019\/08\/FSC_logo_colour_rgb_positive_ENG.png","width":618,"height":528,"caption":"Future Skills Centre \u2022 Centre des Comp\u00e9tences futures"},"image":{"@id":"https:\/\/fsc-ccf.ca\/fr\/#\/schema\/logo\/image\/"},"sameAs":["https:\/\/www.facebook.com\/2161871137193201\/","https:\/\/x.com\/fsc_ccf_en","https:\/\/www.instagram.com\/fsc_ccf\/","https:\/\/www.linkedin.com\/company\/fsc-ccf\/"]}]}},"_links":{"self":[{"href":"https:\/\/fsc-ccf.ca\/fr\/wp-json\/wp\/v2\/reference\/129401","targetHints":{"allow":["GET"]}}],"collection":[{"href":"https:\/\/fsc-ccf.ca\/fr\/wp-json\/wp\/v2\/reference"}],"about":[{"href":"https:\/\/fsc-ccf.ca\/fr\/wp-json\/wp\/v2\/types\/reference"}],"version-history":[{"count":0,"href":"https:\/\/fsc-ccf.ca\/fr\/wp-json\/wp\/v2\/reference\/129401\/revisions"}],"wp:attachment":[{"href":"https:\/\/fsc-ccf.ca\/fr\/wp-json\/wp\/v2\/media?parent=129401"}],"wp:term":[{"taxonomy":"reference-tag","embeddable":true,"href":"https:\/\/fsc-ccf.ca\/fr\/wp-json\/wp\/v2\/reference-tag?post=129401"},{"taxonomy":"reference-type","embeddable":true,"href":"https:\/\/fsc-ccf.ca\/fr\/wp-json\/wp\/v2\/reference-type?post=129401"}],"curies":[{"name":"wp","href":"https:\/\/api.w.org\/{rel}","templated":true}]}}

<p>Diplômés et la formation professionnelle jouent un rôle de plus en plus important dans les inégalités économiques et la formation des élites aux Etats-Unis, mais les sociologues n&#8217;ont pas soumis la stratification et par l&#8217;enseignement supérieur au même niveau d&#8217;examen récemment appliqué à l&#8217;éducation de premier cycle et subbaccalaureate. Dans cette revue, nous discutons comment les théories stratification importante pourrait être étendue à des études sur le rôle des études supérieures et la formation professionnelle, et nous passons en revue des recherches sur la stratification au long de son parcours conjonctures étudiants dans et par l&#8217;éducation post-baccalauréal sur le marché du travail. Surtout dans la formation doctorale et professionnelle, nous trouvons la stratification persistante, y compris l&#8217;héritage éducatif prononcé et les disparités dans la participation et le niveau de diplôme par la race / l&#8217;origine ethnique et le sexe. Nous vous proposons des orientations futures pour l&#8217;enquête, mettant en lumière les questions sans réponse et les questions conceptuelles concernant la façon dont le domaine de l&#8217;éducation et les voies par post-baccalauréal contribuent à la stratification sociale. Traduit à l'aide de Google Translate</p>

<p>Diplômés et la formation professionnelle jouent un rôle de plus en plus important dans les inégalités économiques et la formation des élites aux Etats-Unis, mais les sociologues n&#8217;ont pas soumis la stratification et par l&#8217;enseignement supérieur au même niveau d&#8217;examen récemment appliqué à l&#8217;éducation de premier cycle et subbaccalaureate. Dans cette revue, nous discutons comment les théories stratification importante pourrait être étendue à des études sur le rôle des études supérieures et la formation professionnelle, et nous passons en revue des recherches sur la stratification au long de son parcours conjonctures étudiants dans et par l&#8217;éducation post-baccalauréal sur le marché du travail. Surtout dans la formation doctorale et professionnelle, nous trouvons la stratification persistante, y compris l&#8217;héritage éducatif prononcé et les disparités dans la participation et le niveau de diplôme par la race / l&#8217;origine ethnique et le sexe. Nous vous proposons des orientations futures pour l&#8217;enquête, mettant en lumière les questions sans réponse et les questions conceptuelles concernant la façon dont le domaine de l&#8217;éducation et les voies par post-baccalauréal contribuent à la stratification sociale. [googletranslate_fr]</p>

<!-- This site is optimized with the Yoast SEO plugin v27.4 - https://yoast.com/product/yoast-seo-wordpress/ -->
<title>Graduate education and social stratification - Future Skills Centre • Centre des Compétences futures</title>
<meta name="robots" content="index, follow, max-snippet:-1, max-image-preview:large, max-video-preview:-1" />
<link rel="canonical" href="https://fsc-ccf.ca/fr/references/graduate-education-and-social-stratification-2/" />
<meta name="twitter:label1" content="Est. reading time" />
	<meta name="twitter:data1" content="1 minute" />
<script type="application/ld+json" class="yoast-schema-graph">{"@context":"https:\/\/schema.org","@graph":[{"@type":"WebPage","@id":"https:\/\/fsc-ccf.ca\/fr\/references\/graduate-education-and-social-stratification-2\/","url":"https:\/\/fsc-ccf.ca\/fr\/references\/graduate-education-and-social-stratification-2\/","name":"Graduate education and social stratification - Future Skills Centre • Centre des Compétences futures","isPartOf":{"@id":"https:\/\/fsc-ccf.ca\/fr\/#website"},"datePublished":"2020-08-11T22:20:22+00:00","breadcrumb":{"@id":"https:\/\/fsc-ccf.ca\/fr\/references\/graduate-education-and-social-stratification-2\/#breadcrumb"},"inLanguage":"fr-FR","potentialAction":[{"@type":"ReadAction","target":["https:\/\/fsc-ccf.ca\/fr\/references\/graduate-education-and-social-stratification-2\/"]}]},{"@type":"BreadcrumbList","@id":"https:\/\/fsc-ccf.ca\/fr\/references\/graduate-education-and-social-stratification-2\/#breadcrumb","itemListElement":[{"@type":"ListItem","position":1,"name":"Home","item":"https:\/\/fsc-ccf.ca\/fr\/"},{"@type":"ListItem","position":2,"name":"References","item":"https:\/\/fsc-ccf.ca\/fr\/references\/"},{"@type":"ListItem","position":3,"name":"Graduate education and social stratification"}]},{"@type":"WebSite","@id":"https:\/\/fsc-ccf.ca\/fr\/#website","url":"https:\/\/fsc-ccf.ca\/fr\/","name":"Future Skills Centre • Centre des Compétences futures","description":"","publisher":{"@id":"https:\/\/fsc-ccf.ca\/fr\/#organization"},"potentialAction":[{"@type":"SearchAction","target":{"@type":"EntryPoint","urlTemplate":"https:\/\/fsc-ccf.ca\/fr\/?s={search_term_string}"},"query-input":{"@type":"PropertyValueSpecification","valueRequired":true,"valueName":"search_term_string"}}],"inLanguage":"fr-FR"},{"@type":"Organization","@id":"https:\/\/fsc-ccf.ca\/fr\/#organization","name":"Future Skills Centre • Centre des Compétences futures","url":"https:\/\/fsc-ccf.ca\/fr\/","logo":{"@type":"ImageObject","inLanguage":"fr-FR","@id":"https:\/\/fsc-ccf.ca\/fr\/#\/schema\/logo\/image\/","url":"https:\/\/fsc-ccf.ca\/wp-content\/uploads\/2019\/08\/FSC_logo_colour_rgb_positive_ENG.png","contentUrl":"https:\/\/fsc-ccf.ca\/wp-content\/uploads\/2019\/08\/FSC_logo_colour_rgb_positive_ENG.png","width":618,"height":528,"caption":"Future Skills Centre • Centre des Compétences futures"},"image":{"@id":"https:\/\/fsc-ccf.ca\/fr\/#\/schema\/logo\/image\/"},"sameAs":["https:\/\/www.facebook.com\/2161871137193201\/","https:\/\/x.com\/fsc_ccf_en","https:\/\/www.instagram.com\/fsc_ccf\/","https:\/\/www.linkedin.com\/company\/fsc-ccf\/"]}]}</script>
<!-- / Yoast SEO plugin. -->

Graduate education and social stratification - Future Skills Centre • Centre des Compétences futures

Future Skills Centre • Centre des Compétences futures
