			{"id":129379,"date":"2020-08-11T18:20:12","date_gmt":"2020-08-11T22:20:12","guid":{"rendered":"https:\/\/fsc-ccf.ca\/references\/the-social-model-of-disability-thirty-years-on-2\/"},"modified":"2020-08-11T18:20:12","modified_gmt":"2020-08-11T22:20:12","slug":"the-social-model-of-disability-thirty-years-on-2","status":"publish","type":"reference","link":"https:\/\/fsc-ccf.ca\/fr\/references\/the-social-model-of-disability-thirty-years-on-2\/","title":{"rendered":"The social model of disability: Thirty years on"},"content":{"rendered":"<p>Cette ann\u00e9e marque exactement 30 ans que je a publi\u00e9 un livre pr\u00e9sentant le mod\u00e8le social du handicap sur un monde sans m\u00e9fiance et pourtant, en d\u00e9pit de l&#8217;impact de ce mod\u00e8le a eu, tout ce que nous semblons \u00e0 faire est de parler. Alors que tout ce bavardage n&#8217;a pas trop d&#8217;importance lorsque l&#8217;\u00e9conomie \u00e9tait en plein essor, maintenant il ne booms plus il est d\u00e9sastreux dans beaucoup de personnes handicap\u00e9es dont les prestations et services sont de nouveau s\u00e9v\u00e8rement coup\u00e9 ou retir\u00e9 compl\u00e8tement. Dans l&#8217;article, je reformule mon avis de ce que le mod\u00e8le social \u00e9tait et ce que je vois son potentiel pour am\u00e9liorer la vie des personnes handicap\u00e9es. Enfin je me concentre sur les critiques malheureuses de lui et les cons\u00e9quences d\u00e9sastreuses ceux-ci ont eu pour les personnes handicap\u00e9es. Traduit a\u0300 l'aide de Google Translate<\/p>\n","protected":false},"excerpt":{"rendered":"<p>Cette ann\u00e9e marque exactement 30 ans que je a publi\u00e9 un livre pr\u00e9sentant le mod\u00e8le social du handicap sur un monde sans m\u00e9fiance et pourtant, en d\u00e9pit de l&#8217;impact de ce mod\u00e8le a eu, tout ce que nous semblons \u00e0 faire est de parler. Alors que tout ce bavardage n&#8217;a pas trop d&#8217;importance lorsque l&#8217;\u00e9conomie \u00e9tait en plein essor, maintenant il ne booms plus il est d\u00e9sastreux dans beaucoup de personnes handicap\u00e9es dont les prestations et services sont de nouveau s\u00e9v\u00e8rement coup\u00e9 ou retir\u00e9 compl\u00e8tement. Dans l&#8217;article, je reformule mon avis de ce que le mod\u00e8le social \u00e9tait et ce que je vois son potentiel pour am\u00e9liorer la vie des personnes handicap\u00e9es. Enfin je me concentre sur les critiques malheureuses de lui et les cons\u00e9quences d\u00e9sastreuses ceux-ci ont eu pour les personnes handicap\u00e9es. [googletranslate_fr]<\/p>\n","protected":false},"template":"","reference-tag":[],"reference-type":[435],"class_list":["post-129379","reference","type-reference","status-publish","hentry","reference-type-journal-article"],"acf":{"citation":"Oliver, M. (2013). The social model of disability: Thirty years on. Disability and Society, 28(7), 1024\u20131026. Retrieved from https:\/\/www.tandfonline.com\/doi\/abs\/10.1080\/09687599.2013.818773?journalCode=cdso20.","authors":"Oliver, M.","org":"","year":"2013","title_fr":null,"editors_hidden":"","publication":"Disability and Society","publication_fr":null,"volume":"28","issue":"7","Series":"","SeriesNumber":"","page_range":"1024\u20131026","publisher_city":"","publisher_state":"","publisher":"Taylor & Francis Group","abstract_en":null,"abstract_fr":null,"keywords":"Cutbacks in benefits and services, Disabled peoples' movement, Disabling barriers, Individual model, Social model","paywall":"1","doi":"10.1080\/09687599.2013.818773","isbn":"","url":"https:\/\/www.tandfonline.com\/doi\/abs\/10.1080\/09687599.2013.818773?journalCode=cdso20","url_fr":null,"url_amazon":"","TRACK":"0"},"yoast_head":"<!-- This site is optimized with the Yoast SEO plugin v27.4 - https:\/\/yoast.com\/product\/yoast-seo-wordpress\/ -->\n<title>The social model of disability: Thirty years on - Future Skills Centre \u2022 Centre des Comp\u00e9tences futures<\/title>\n<meta name=\"robots\" content=\"index, follow, max-snippet:-1, max-image-preview:large, max-video-preview:-1\" \/>\n<link rel=\"canonical\" href=\"https:\/\/fsc-ccf.ca\/fr\/references\/the-social-model-of-disability-thirty-years-on-2\/\" \/>\n<meta name=\"twitter:label1\" content=\"Est. reading time\" \/>\n\t<meta name=\"twitter:data1\" content=\"1 minute\" \/>\n<script type=\"application\/ld+json\" class=\"yoast-schema-graph\">{\"@context\":\"https:\\\/\\\/schema.org\",\"@graph\":[{\"@type\":\"WebPage\",\"@id\":\"https:\\\/\\\/fsc-ccf.ca\\\/fr\\\/references\\\/the-social-model-of-disability-thirty-years-on-2\\\/\",\"url\":\"https:\\\/\\\/fsc-ccf.ca\\\/fr\\\/references\\\/the-social-model-of-disability-thirty-years-on-2\\\/\",\"name\":\"The social model of disability: Thirty years on - Future Skills Centre \u2022 Centre des Comp\u00e9tences futures\",\"isPartOf\":{\"@id\":\"https:\\\/\\\/fsc-ccf.ca\\\/fr\\\/#website\"},\"datePublished\":\"2020-08-11T22:20:12+00:00\",\"breadcrumb\":{\"@id\":\"https:\\\/\\\/fsc-ccf.ca\\\/fr\\\/references\\\/the-social-model-of-disability-thirty-years-on-2\\\/#breadcrumb\"},\"inLanguage\":\"fr-FR\",\"potentialAction\":[{\"@type\":\"ReadAction\",\"target\":[\"https:\\\/\\\/fsc-ccf.ca\\\/fr\\\/references\\\/the-social-model-of-disability-thirty-years-on-2\\\/\"]}]},{\"@type\":\"BreadcrumbList\",\"@id\":\"https:\\\/\\\/fsc-ccf.ca\\\/fr\\\/references\\\/the-social-model-of-disability-thirty-years-on-2\\\/#breadcrumb\",\"itemListElement\":[{\"@type\":\"ListItem\",\"position\":1,\"name\":\"Home\",\"item\":\"https:\\\/\\\/fsc-ccf.ca\\\/fr\\\/\"},{\"@type\":\"ListItem\",\"position\":2,\"name\":\"References\",\"item\":\"https:\\\/\\\/fsc-ccf.ca\\\/fr\\\/references\\\/\"},{\"@type\":\"ListItem\",\"position\":3,\"name\":\"The social model of disability: Thirty years on\"}]},{\"@type\":\"WebSite\",\"@id\":\"https:\\\/\\\/fsc-ccf.ca\\\/fr\\\/#website\",\"url\":\"https:\\\/\\\/fsc-ccf.ca\\\/fr\\\/\",\"name\":\"Future Skills Centre \u2022 Centre des Comp\u00e9tences futures\",\"description\":\"\",\"publisher\":{\"@id\":\"https:\\\/\\\/fsc-ccf.ca\\\/fr\\\/#organization\"},\"potentialAction\":[{\"@type\":\"SearchAction\",\"target\":{\"@type\":\"EntryPoint\",\"urlTemplate\":\"https:\\\/\\\/fsc-ccf.ca\\\/fr\\\/?s={search_term_string}\"},\"query-input\":{\"@type\":\"PropertyValueSpecification\",\"valueRequired\":true,\"valueName\":\"search_term_string\"}}],\"inLanguage\":\"fr-FR\"},{\"@type\":\"Organization\",\"@id\":\"https:\\\/\\\/fsc-ccf.ca\\\/fr\\\/#organization\",\"name\":\"Future Skills Centre \u2022 Centre des Comp\u00e9tences futures\",\"url\":\"https:\\\/\\\/fsc-ccf.ca\\\/fr\\\/\",\"logo\":{\"@type\":\"ImageObject\",\"inLanguage\":\"fr-FR\",\"@id\":\"https:\\\/\\\/fsc-ccf.ca\\\/fr\\\/#\\\/schema\\\/logo\\\/image\\\/\",\"url\":\"https:\\\/\\\/fsc-ccf.ca\\\/wp-content\\\/uploads\\\/2019\\\/08\\\/FSC_logo_colour_rgb_positive_ENG.png\",\"contentUrl\":\"https:\\\/\\\/fsc-ccf.ca\\\/wp-content\\\/uploads\\\/2019\\\/08\\\/FSC_logo_colour_rgb_positive_ENG.png\",\"width\":618,\"height\":528,\"caption\":\"Future Skills Centre \u2022 Centre des Comp\u00e9tences futures\"},\"image\":{\"@id\":\"https:\\\/\\\/fsc-ccf.ca\\\/fr\\\/#\\\/schema\\\/logo\\\/image\\\/\"},\"sameAs\":[\"https:\\\/\\\/www.facebook.com\\\/2161871137193201\\\/\",\"https:\\\/\\\/x.com\\\/fsc_ccf_en\",\"https:\\\/\\\/www.instagram.com\\\/fsc_ccf\\\/\",\"https:\\\/\\\/www.linkedin.com\\\/company\\\/fsc-ccf\\\/\"]}]}<\/script>\n<!-- \/ Yoast SEO plugin. -->","yoast_head_json":{"title":"The social model of disability: Thirty years on - Future Skills Centre \u2022 Centre des Comp\u00e9tences futures","robots":{"index":"index","follow":"follow","max-snippet":"max-snippet:-1","max-image-preview":"max-image-preview:large","max-video-preview":"max-video-preview:-1"},"canonical":"https:\/\/fsc-ccf.ca\/fr\/references\/the-social-model-of-disability-thirty-years-on-2\/","twitter_misc":{"Est. reading time":"1 minute"},"schema":{"@context":"https:\/\/schema.org","@graph":[{"@type":"WebPage","@id":"https:\/\/fsc-ccf.ca\/fr\/references\/the-social-model-of-disability-thirty-years-on-2\/","url":"https:\/\/fsc-ccf.ca\/fr\/references\/the-social-model-of-disability-thirty-years-on-2\/","name":"The social model of disability: Thirty years on - Future Skills Centre \u2022 Centre des Comp\u00e9tences futures","isPartOf":{"@id":"https:\/\/fsc-ccf.ca\/fr\/#website"},"datePublished":"2020-08-11T22:20:12+00:00","breadcrumb":{"@id":"https:\/\/fsc-ccf.ca\/fr\/references\/the-social-model-of-disability-thirty-years-on-2\/#breadcrumb"},"inLanguage":"fr-FR","potentialAction":[{"@type":"ReadAction","target":["https:\/\/fsc-ccf.ca\/fr\/references\/the-social-model-of-disability-thirty-years-on-2\/"]}]},{"@type":"BreadcrumbList","@id":"https:\/\/fsc-ccf.ca\/fr\/references\/the-social-model-of-disability-thirty-years-on-2\/#breadcrumb","itemListElement":[{"@type":"ListItem","position":1,"name":"Home","item":"https:\/\/fsc-ccf.ca\/fr\/"},{"@type":"ListItem","position":2,"name":"References","item":"https:\/\/fsc-ccf.ca\/fr\/references\/"},{"@type":"ListItem","position":3,"name":"The social model of disability: Thirty years on"}]},{"@type":"WebSite","@id":"https:\/\/fsc-ccf.ca\/fr\/#website","url":"https:\/\/fsc-ccf.ca\/fr\/","name":"Future Skills Centre \u2022 Centre des Comp\u00e9tences futures","description":"","publisher":{"@id":"https:\/\/fsc-ccf.ca\/fr\/#organization"},"potentialAction":[{"@type":"SearchAction","target":{"@type":"EntryPoint","urlTemplate":"https:\/\/fsc-ccf.ca\/fr\/?s={search_term_string}"},"query-input":{"@type":"PropertyValueSpecification","valueRequired":true,"valueName":"search_term_string"}}],"inLanguage":"fr-FR"},{"@type":"Organization","@id":"https:\/\/fsc-ccf.ca\/fr\/#organization","name":"Future Skills Centre \u2022 Centre des Comp\u00e9tences futures","url":"https:\/\/fsc-ccf.ca\/fr\/","logo":{"@type":"ImageObject","inLanguage":"fr-FR","@id":"https:\/\/fsc-ccf.ca\/fr\/#\/schema\/logo\/image\/","url":"https:\/\/fsc-ccf.ca\/wp-content\/uploads\/2019\/08\/FSC_logo_colour_rgb_positive_ENG.png","contentUrl":"https:\/\/fsc-ccf.ca\/wp-content\/uploads\/2019\/08\/FSC_logo_colour_rgb_positive_ENG.png","width":618,"height":528,"caption":"Future Skills Centre \u2022 Centre des Comp\u00e9tences futures"},"image":{"@id":"https:\/\/fsc-ccf.ca\/fr\/#\/schema\/logo\/image\/"},"sameAs":["https:\/\/www.facebook.com\/2161871137193201\/","https:\/\/x.com\/fsc_ccf_en","https:\/\/www.instagram.com\/fsc_ccf\/","https:\/\/www.linkedin.com\/company\/fsc-ccf\/"]}]}},"_links":{"self":[{"href":"https:\/\/fsc-ccf.ca\/fr\/wp-json\/wp\/v2\/reference\/129379","targetHints":{"allow":["GET"]}}],"collection":[{"href":"https:\/\/fsc-ccf.ca\/fr\/wp-json\/wp\/v2\/reference"}],"about":[{"href":"https:\/\/fsc-ccf.ca\/fr\/wp-json\/wp\/v2\/types\/reference"}],"version-history":[{"count":0,"href":"https:\/\/fsc-ccf.ca\/fr\/wp-json\/wp\/v2\/reference\/129379\/revisions"}],"wp:attachment":[{"href":"https:\/\/fsc-ccf.ca\/fr\/wp-json\/wp\/v2\/media?parent=129379"}],"wp:term":[{"taxonomy":"reference-tag","embeddable":true,"href":"https:\/\/fsc-ccf.ca\/fr\/wp-json\/wp\/v2\/reference-tag?post=129379"},{"taxonomy":"reference-type","embeddable":true,"href":"https:\/\/fsc-ccf.ca\/fr\/wp-json\/wp\/v2\/reference-type?post=129379"}],"curies":[{"name":"wp","href":"https:\/\/api.w.org\/{rel}","templated":true}]}}

<p>Cette année marque exactement 30 ans que je a publié un livre présentant le modèle social du handicap sur un monde sans méfiance et pourtant, en dépit de l&#8217;impact de ce modèle a eu, tout ce que nous semblons à faire est de parler. Alors que tout ce bavardage n&#8217;a pas trop d&#8217;importance lorsque l&#8217;économie était en plein essor, maintenant il ne booms plus il est désastreux dans beaucoup de personnes handicapées dont les prestations et services sont de nouveau sévèrement coupé ou retiré complètement. Dans l&#8217;article, je reformule mon avis de ce que le modèle social était et ce que je vois son potentiel pour améliorer la vie des personnes handicapées. Enfin je me concentre sur les critiques malheureuses de lui et les conséquences désastreuses ceux-ci ont eu pour les personnes handicapées. Traduit à l'aide de Google Translate</p>

<p>Cette année marque exactement 30 ans que je a publié un livre présentant le modèle social du handicap sur un monde sans méfiance et pourtant, en dépit de l&#8217;impact de ce modèle a eu, tout ce que nous semblons à faire est de parler. Alors que tout ce bavardage n&#8217;a pas trop d&#8217;importance lorsque l&#8217;économie était en plein essor, maintenant il ne booms plus il est désastreux dans beaucoup de personnes handicapées dont les prestations et services sont de nouveau sévèrement coupé ou retiré complètement. Dans l&#8217;article, je reformule mon avis de ce que le modèle social était et ce que je vois son potentiel pour améliorer la vie des personnes handicapées. Enfin je me concentre sur les critiques malheureuses de lui et les conséquences désastreuses ceux-ci ont eu pour les personnes handicapées. [googletranslate_fr]</p>

<!-- This site is optimized with the Yoast SEO plugin v27.4 - https://yoast.com/product/yoast-seo-wordpress/ -->
<title>The social model of disability: Thirty years on - Future Skills Centre • Centre des Compétences futures</title>
<meta name="robots" content="index, follow, max-snippet:-1, max-image-preview:large, max-video-preview:-1" />
<link rel="canonical" href="https://fsc-ccf.ca/fr/references/the-social-model-of-disability-thirty-years-on-2/" />
<meta name="twitter:label1" content="Est. reading time" />
	<meta name="twitter:data1" content="1 minute" />
<script type="application/ld+json" class="yoast-schema-graph">{"@context":"https:\/\/schema.org","@graph":[{"@type":"WebPage","@id":"https:\/\/fsc-ccf.ca\/fr\/references\/the-social-model-of-disability-thirty-years-on-2\/","url":"https:\/\/fsc-ccf.ca\/fr\/references\/the-social-model-of-disability-thirty-years-on-2\/","name":"The social model of disability: Thirty years on - Future Skills Centre • Centre des Compétences futures","isPartOf":{"@id":"https:\/\/fsc-ccf.ca\/fr\/#website"},"datePublished":"2020-08-11T22:20:12+00:00","breadcrumb":{"@id":"https:\/\/fsc-ccf.ca\/fr\/references\/the-social-model-of-disability-thirty-years-on-2\/#breadcrumb"},"inLanguage":"fr-FR","potentialAction":[{"@type":"ReadAction","target":["https:\/\/fsc-ccf.ca\/fr\/references\/the-social-model-of-disability-thirty-years-on-2\/"]}]},{"@type":"BreadcrumbList","@id":"https:\/\/fsc-ccf.ca\/fr\/references\/the-social-model-of-disability-thirty-years-on-2\/#breadcrumb","itemListElement":[{"@type":"ListItem","position":1,"name":"Home","item":"https:\/\/fsc-ccf.ca\/fr\/"},{"@type":"ListItem","position":2,"name":"References","item":"https:\/\/fsc-ccf.ca\/fr\/references\/"},{"@type":"ListItem","position":3,"name":"The social model of disability: Thirty years on"}]},{"@type":"WebSite","@id":"https:\/\/fsc-ccf.ca\/fr\/#website","url":"https:\/\/fsc-ccf.ca\/fr\/","name":"Future Skills Centre • Centre des Compétences futures","description":"","publisher":{"@id":"https:\/\/fsc-ccf.ca\/fr\/#organization"},"potentialAction":[{"@type":"SearchAction","target":{"@type":"EntryPoint","urlTemplate":"https:\/\/fsc-ccf.ca\/fr\/?s={search_term_string}"},"query-input":{"@type":"PropertyValueSpecification","valueRequired":true,"valueName":"search_term_string"}}],"inLanguage":"fr-FR"},{"@type":"Organization","@id":"https:\/\/fsc-ccf.ca\/fr\/#organization","name":"Future Skills Centre • Centre des Compétences futures","url":"https:\/\/fsc-ccf.ca\/fr\/","logo":{"@type":"ImageObject","inLanguage":"fr-FR","@id":"https:\/\/fsc-ccf.ca\/fr\/#\/schema\/logo\/image\/","url":"https:\/\/fsc-ccf.ca\/wp-content\/uploads\/2019\/08\/FSC_logo_colour_rgb_positive_ENG.png","contentUrl":"https:\/\/fsc-ccf.ca\/wp-content\/uploads\/2019\/08\/FSC_logo_colour_rgb_positive_ENG.png","width":618,"height":528,"caption":"Future Skills Centre • Centre des Compétences futures"},"image":{"@id":"https:\/\/fsc-ccf.ca\/fr\/#\/schema\/logo\/image\/"},"sameAs":["https:\/\/www.facebook.com\/2161871137193201\/","https:\/\/x.com\/fsc_ccf_en","https:\/\/www.instagram.com\/fsc_ccf\/","https:\/\/www.linkedin.com\/company\/fsc-ccf\/"]}]}</script>
<!-- / Yoast SEO plugin. -->

The social model of disability: Thirty years on - Future Skills Centre • Centre des Compétences futures

Future Skills Centre • Centre des Compétences futures
