			{"id":129320,"date":"2020-08-11T18:19:47","date_gmt":"2020-08-11T22:19:47","guid":{"rendered":"https:\/\/fsc-ccf.ca\/references\/measuring-economic-exclusion-for-racialized-minorities-immigrants-and-women-in-canada-results-from-2000-and-2010-2\/"},"modified":"2020-08-11T18:19:47","modified_gmt":"2020-08-11T22:19:47","slug":"measuring-economic-exclusion-for-racialized-minorities-immigrants-and-women-in-canada-results-from-2000-and-2010-2","status":"publish","type":"reference","link":"https:\/\/fsc-ccf.ca\/fr\/references\/measuring-economic-exclusion-for-racialized-minorities-immigrants-and-women-in-canada-results-from-2000-and-2010-2\/","title":{"rendered":"Measuring economic exclusion for racialized minorities, immigrants and women in Canada: Results from 2000 and 2010"},"content":{"rendered":"<p>Dans cet article, les auteurs examinent les sch\u00e9mas d&#8217;exclusion \u00e9conomique sur le march\u00e9 du travail canadien en 2000 et 2010. L&#8217;utilisation Enqu\u00eate sur les donn\u00e9es du travail et de la dynamique des revenus du Canada, les auteurs \u00e9laborent un indice d&#8217;exclusion \u00e9conomique unique de disparit\u00e9s de capture des revenus, la pr\u00e9carit\u00e9 de l&#8217;emploi et la richesse. Les auteurs montrent des handicaps persistants li\u00e9s au statut d&#8217;immigrant, la race et le sexe sur le march\u00e9 du travail du Canada; Plus pr\u00e9cis\u00e9ment, les individus identifi\u00e9s comme Noirs, les Asiatiques du Sud et arabes, ainsi que les immigrants r\u00e9cents et les femmes, tarif pire. Les auteurs concluent qu&#8217;il existe un besoin de changements structurels qui permettent aux groupes d\u00e9favoris\u00e9s de progresser vers l&#8217;int\u00e9gration \u00e9conomique sur le march\u00e9 du travail canadien. Traduit a\u0300 l'aide de Google Translate<\/p>\n","protected":false},"excerpt":{"rendered":"<p>Dans cet article, les auteurs examinent les sch\u00e9mas d&#8217;exclusion \u00e9conomique sur le march\u00e9 du travail canadien en 2000 et 2010. L&#8217;utilisation Enqu\u00eate sur les donn\u00e9es du travail et de la dynamique des revenus du Canada, les auteurs \u00e9laborent un indice d&#8217;exclusion \u00e9conomique unique de disparit\u00e9s de capture des revenus, la pr\u00e9carit\u00e9 de l&#8217;emploi et la richesse. Les auteurs montrent des handicaps persistants li\u00e9s au statut d&#8217;immigrant, la race et le sexe sur le march\u00e9 du travail du Canada; Plus pr\u00e9cis\u00e9ment, les individus identifi\u00e9s comme Noirs, les Asiatiques du Sud et arabes, ainsi que les immigrants r\u00e9cents et les femmes, tarif pire. Les auteurs concluent qu&#8217;il existe un besoin de changements structurels qui permettent aux groupes d\u00e9favoris\u00e9s de progresser vers l&#8217;int\u00e9gration \u00e9conomique sur le march\u00e9 du travail canadien. [googletranslate_fr]<\/p>\n","protected":false},"template":"","reference-tag":[],"reference-type":[435],"class_list":["post-129320","reference","type-reference","status-publish","hentry","reference-type-journal-article"],"acf":{"citation":"Lightman, N. and Good Gingrich, L. (2018). Measuring economic exclusion for racialized minorities, immigrants and women in Canada: Results from 2000 and 2010. Journal of Poverty, 22(5), 398\u2013420. Retrieved from https:\/\/www.tandfonline.com\/doi\/full\/10.1080\/10875549.2018.1460736.","authors":"Lightman, N. and Good Gingrich, L.","org":"","year":"2018","title_fr":null,"editors_hidden":"","publication":"Journal of Poverty","publication_fr":null,"volume":"22","issue":"5","Series":"","SeriesNumber":"","page_range":"398\u2013420","publisher_city":"","publisher_state":"","publisher":"Taylor & Francis Group","abstract_en":null,"abstract_fr":null,"keywords":"Canada, migration, poverty, race, social exclusion","paywall":"1","doi":"10.1080\/10875549.2018.1460736","isbn":"","url":"https:\/\/www.tandfonline.com\/doi\/full\/10.1080\/10875549.2018.1460736","url_fr":null,"url_amazon":"","TRACK":"0"},"yoast_head":"<!-- This site is optimized with the Yoast SEO plugin v27.4 - https:\/\/yoast.com\/product\/yoast-seo-wordpress\/ -->\n<title>Measuring economic exclusion for racialized minorities, immigrants and women in Canada: Results from 2000 and 2010 - Future Skills Centre \u2022 Centre des Comp\u00e9tences futures<\/title>\n<meta name=\"robots\" content=\"index, follow, max-snippet:-1, max-image-preview:large, max-video-preview:-1\" \/>\n<link rel=\"canonical\" href=\"https:\/\/fsc-ccf.ca\/fr\/references\/measuring-economic-exclusion-for-racialized-minorities-immigrants-and-women-in-canada-results-from-2000-and-2010-2\/\" \/>\n<meta name=\"twitter:label1\" content=\"Est. reading time\" \/>\n\t<meta name=\"twitter:data1\" content=\"1 minute\" \/>\n<script type=\"application\/ld+json\" class=\"yoast-schema-graph\">{\"@context\":\"https:\\\/\\\/schema.org\",\"@graph\":[{\"@type\":\"WebPage\",\"@id\":\"https:\\\/\\\/fsc-ccf.ca\\\/fr\\\/references\\\/measuring-economic-exclusion-for-racialized-minorities-immigrants-and-women-in-canada-results-from-2000-and-2010-2\\\/\",\"url\":\"https:\\\/\\\/fsc-ccf.ca\\\/fr\\\/references\\\/measuring-economic-exclusion-for-racialized-minorities-immigrants-and-women-in-canada-results-from-2000-and-2010-2\\\/\",\"name\":\"Measuring economic exclusion for racialized minorities, immigrants and women in Canada: Results from 2000 and 2010 - Future Skills Centre \u2022 Centre des Comp\u00e9tences futures\",\"isPartOf\":{\"@id\":\"https:\\\/\\\/fsc-ccf.ca\\\/fr\\\/#website\"},\"datePublished\":\"2020-08-11T22:19:47+00:00\",\"breadcrumb\":{\"@id\":\"https:\\\/\\\/fsc-ccf.ca\\\/fr\\\/references\\\/measuring-economic-exclusion-for-racialized-minorities-immigrants-and-women-in-canada-results-from-2000-and-2010-2\\\/#breadcrumb\"},\"inLanguage\":\"fr-FR\",\"potentialAction\":[{\"@type\":\"ReadAction\",\"target\":[\"https:\\\/\\\/fsc-ccf.ca\\\/fr\\\/references\\\/measuring-economic-exclusion-for-racialized-minorities-immigrants-and-women-in-canada-results-from-2000-and-2010-2\\\/\"]}]},{\"@type\":\"BreadcrumbList\",\"@id\":\"https:\\\/\\\/fsc-ccf.ca\\\/fr\\\/references\\\/measuring-economic-exclusion-for-racialized-minorities-immigrants-and-women-in-canada-results-from-2000-and-2010-2\\\/#breadcrumb\",\"itemListElement\":[{\"@type\":\"ListItem\",\"position\":1,\"name\":\"Home\",\"item\":\"https:\\\/\\\/fsc-ccf.ca\\\/fr\\\/\"},{\"@type\":\"ListItem\",\"position\":2,\"name\":\"References\",\"item\":\"https:\\\/\\\/fsc-ccf.ca\\\/fr\\\/references\\\/\"},{\"@type\":\"ListItem\",\"position\":3,\"name\":\"Measuring economic exclusion for racialized minorities, immigrants and women in Canada: Results from 2000 and 2010\"}]},{\"@type\":\"WebSite\",\"@id\":\"https:\\\/\\\/fsc-ccf.ca\\\/fr\\\/#website\",\"url\":\"https:\\\/\\\/fsc-ccf.ca\\\/fr\\\/\",\"name\":\"Future Skills Centre \u2022 Centre des Comp\u00e9tences futures\",\"description\":\"\",\"publisher\":{\"@id\":\"https:\\\/\\\/fsc-ccf.ca\\\/fr\\\/#organization\"},\"potentialAction\":[{\"@type\":\"SearchAction\",\"target\":{\"@type\":\"EntryPoint\",\"urlTemplate\":\"https:\\\/\\\/fsc-ccf.ca\\\/fr\\\/?s={search_term_string}\"},\"query-input\":{\"@type\":\"PropertyValueSpecification\",\"valueRequired\":true,\"valueName\":\"search_term_string\"}}],\"inLanguage\":\"fr-FR\"},{\"@type\":\"Organization\",\"@id\":\"https:\\\/\\\/fsc-ccf.ca\\\/fr\\\/#organization\",\"name\":\"Future Skills Centre \u2022 Centre des Comp\u00e9tences futures\",\"url\":\"https:\\\/\\\/fsc-ccf.ca\\\/fr\\\/\",\"logo\":{\"@type\":\"ImageObject\",\"inLanguage\":\"fr-FR\",\"@id\":\"https:\\\/\\\/fsc-ccf.ca\\\/fr\\\/#\\\/schema\\\/logo\\\/image\\\/\",\"url\":\"https:\\\/\\\/fsc-ccf.ca\\\/wp-content\\\/uploads\\\/2019\\\/08\\\/FSC_logo_colour_rgb_positive_ENG.png\",\"contentUrl\":\"https:\\\/\\\/fsc-ccf.ca\\\/wp-content\\\/uploads\\\/2019\\\/08\\\/FSC_logo_colour_rgb_positive_ENG.png\",\"width\":618,\"height\":528,\"caption\":\"Future Skills Centre \u2022 Centre des Comp\u00e9tences futures\"},\"image\":{\"@id\":\"https:\\\/\\\/fsc-ccf.ca\\\/fr\\\/#\\\/schema\\\/logo\\\/image\\\/\"},\"sameAs\":[\"https:\\\/\\\/www.facebook.com\\\/2161871137193201\\\/\",\"https:\\\/\\\/x.com\\\/fsc_ccf_en\",\"https:\\\/\\\/www.instagram.com\\\/fsc_ccf\\\/\",\"https:\\\/\\\/www.linkedin.com\\\/company\\\/fsc-ccf\\\/\"]}]}<\/script>\n<!-- \/ Yoast SEO plugin. -->","yoast_head_json":{"title":"Measuring economic exclusion for racialized minorities, immigrants and women in Canada: Results from 2000 and 2010 - Future Skills Centre \u2022 Centre des Comp\u00e9tences futures","robots":{"index":"index","follow":"follow","max-snippet":"max-snippet:-1","max-image-preview":"max-image-preview:large","max-video-preview":"max-video-preview:-1"},"canonical":"https:\/\/fsc-ccf.ca\/fr\/references\/measuring-economic-exclusion-for-racialized-minorities-immigrants-and-women-in-canada-results-from-2000-and-2010-2\/","twitter_misc":{"Est. reading time":"1 minute"},"schema":{"@context":"https:\/\/schema.org","@graph":[{"@type":"WebPage","@id":"https:\/\/fsc-ccf.ca\/fr\/references\/measuring-economic-exclusion-for-racialized-minorities-immigrants-and-women-in-canada-results-from-2000-and-2010-2\/","url":"https:\/\/fsc-ccf.ca\/fr\/references\/measuring-economic-exclusion-for-racialized-minorities-immigrants-and-women-in-canada-results-from-2000-and-2010-2\/","name":"Measuring economic exclusion for racialized minorities, immigrants and women in Canada: Results from 2000 and 2010 - Future Skills Centre \u2022 Centre des Comp\u00e9tences futures","isPartOf":{"@id":"https:\/\/fsc-ccf.ca\/fr\/#website"},"datePublished":"2020-08-11T22:19:47+00:00","breadcrumb":{"@id":"https:\/\/fsc-ccf.ca\/fr\/references\/measuring-economic-exclusion-for-racialized-minorities-immigrants-and-women-in-canada-results-from-2000-and-2010-2\/#breadcrumb"},"inLanguage":"fr-FR","potentialAction":[{"@type":"ReadAction","target":["https:\/\/fsc-ccf.ca\/fr\/references\/measuring-economic-exclusion-for-racialized-minorities-immigrants-and-women-in-canada-results-from-2000-and-2010-2\/"]}]},{"@type":"BreadcrumbList","@id":"https:\/\/fsc-ccf.ca\/fr\/references\/measuring-economic-exclusion-for-racialized-minorities-immigrants-and-women-in-canada-results-from-2000-and-2010-2\/#breadcrumb","itemListElement":[{"@type":"ListItem","position":1,"name":"Home","item":"https:\/\/fsc-ccf.ca\/fr\/"},{"@type":"ListItem","position":2,"name":"References","item":"https:\/\/fsc-ccf.ca\/fr\/references\/"},{"@type":"ListItem","position":3,"name":"Measuring economic exclusion for racialized minorities, immigrants and women in Canada: Results from 2000 and 2010"}]},{"@type":"WebSite","@id":"https:\/\/fsc-ccf.ca\/fr\/#website","url":"https:\/\/fsc-ccf.ca\/fr\/","name":"Future Skills Centre \u2022 Centre des Comp\u00e9tences futures","description":"","publisher":{"@id":"https:\/\/fsc-ccf.ca\/fr\/#organization"},"potentialAction":[{"@type":"SearchAction","target":{"@type":"EntryPoint","urlTemplate":"https:\/\/fsc-ccf.ca\/fr\/?s={search_term_string}"},"query-input":{"@type":"PropertyValueSpecification","valueRequired":true,"valueName":"search_term_string"}}],"inLanguage":"fr-FR"},{"@type":"Organization","@id":"https:\/\/fsc-ccf.ca\/fr\/#organization","name":"Future Skills Centre \u2022 Centre des Comp\u00e9tences futures","url":"https:\/\/fsc-ccf.ca\/fr\/","logo":{"@type":"ImageObject","inLanguage":"fr-FR","@id":"https:\/\/fsc-ccf.ca\/fr\/#\/schema\/logo\/image\/","url":"https:\/\/fsc-ccf.ca\/wp-content\/uploads\/2019\/08\/FSC_logo_colour_rgb_positive_ENG.png","contentUrl":"https:\/\/fsc-ccf.ca\/wp-content\/uploads\/2019\/08\/FSC_logo_colour_rgb_positive_ENG.png","width":618,"height":528,"caption":"Future Skills Centre \u2022 Centre des Comp\u00e9tences futures"},"image":{"@id":"https:\/\/fsc-ccf.ca\/fr\/#\/schema\/logo\/image\/"},"sameAs":["https:\/\/www.facebook.com\/2161871137193201\/","https:\/\/x.com\/fsc_ccf_en","https:\/\/www.instagram.com\/fsc_ccf\/","https:\/\/www.linkedin.com\/company\/fsc-ccf\/"]}]}},"_links":{"self":[{"href":"https:\/\/fsc-ccf.ca\/fr\/wp-json\/wp\/v2\/reference\/129320","targetHints":{"allow":["GET"]}}],"collection":[{"href":"https:\/\/fsc-ccf.ca\/fr\/wp-json\/wp\/v2\/reference"}],"about":[{"href":"https:\/\/fsc-ccf.ca\/fr\/wp-json\/wp\/v2\/types\/reference"}],"version-history":[{"count":0,"href":"https:\/\/fsc-ccf.ca\/fr\/wp-json\/wp\/v2\/reference\/129320\/revisions"}],"wp:attachment":[{"href":"https:\/\/fsc-ccf.ca\/fr\/wp-json\/wp\/v2\/media?parent=129320"}],"wp:term":[{"taxonomy":"reference-tag","embeddable":true,"href":"https:\/\/fsc-ccf.ca\/fr\/wp-json\/wp\/v2\/reference-tag?post=129320"},{"taxonomy":"reference-type","embeddable":true,"href":"https:\/\/fsc-ccf.ca\/fr\/wp-json\/wp\/v2\/reference-type?post=129320"}],"curies":[{"name":"wp","href":"https:\/\/api.w.org\/{rel}","templated":true}]}}

<p>Dans cet article, les auteurs examinent les schémas d&#8217;exclusion économique sur le marché du travail canadien en 2000 et 2010. L&#8217;utilisation Enquête sur les données du travail et de la dynamique des revenus du Canada, les auteurs élaborent un indice d&#8217;exclusion économique unique de disparités de capture des revenus, la précarité de l&#8217;emploi et la richesse. Les auteurs montrent des handicaps persistants liés au statut d&#8217;immigrant, la race et le sexe sur le marché du travail du Canada; Plus précisément, les individus identifiés comme Noirs, les Asiatiques du Sud et arabes, ainsi que les immigrants récents et les femmes, tarif pire. Les auteurs concluent qu&#8217;il existe un besoin de changements structurels qui permettent aux groupes défavorisés de progresser vers l&#8217;intégration économique sur le marché du travail canadien. Traduit à l'aide de Google Translate</p>

<p>Dans cet article, les auteurs examinent les schémas d&#8217;exclusion économique sur le marché du travail canadien en 2000 et 2010. L&#8217;utilisation Enquête sur les données du travail et de la dynamique des revenus du Canada, les auteurs élaborent un indice d&#8217;exclusion économique unique de disparités de capture des revenus, la précarité de l&#8217;emploi et la richesse. Les auteurs montrent des handicaps persistants liés au statut d&#8217;immigrant, la race et le sexe sur le marché du travail du Canada; Plus précisément, les individus identifiés comme Noirs, les Asiatiques du Sud et arabes, ainsi que les immigrants récents et les femmes, tarif pire. Les auteurs concluent qu&#8217;il existe un besoin de changements structurels qui permettent aux groupes défavorisés de progresser vers l&#8217;intégration économique sur le marché du travail canadien. [googletranslate_fr]</p>

<!-- This site is optimized with the Yoast SEO plugin v27.4 - https://yoast.com/product/yoast-seo-wordpress/ -->
<title>Measuring economic exclusion for racialized minorities, immigrants and women in Canada: Results from 2000 and 2010 - Future Skills Centre • Centre des Compétences futures</title>
<meta name="robots" content="index, follow, max-snippet:-1, max-image-preview:large, max-video-preview:-1" />
<link rel="canonical" href="https://fsc-ccf.ca/fr/references/measuring-economic-exclusion-for-racialized-minorities-immigrants-and-women-in-canada-results-from-2000-and-2010-2/" />
<meta name="twitter:label1" content="Est. reading time" />
	<meta name="twitter:data1" content="1 minute" />
<script type="application/ld+json" class="yoast-schema-graph">{"@context":"https:\/\/schema.org","@graph":[{"@type":"WebPage","@id":"https:\/\/fsc-ccf.ca\/fr\/references\/measuring-economic-exclusion-for-racialized-minorities-immigrants-and-women-in-canada-results-from-2000-and-2010-2\/","url":"https:\/\/fsc-ccf.ca\/fr\/references\/measuring-economic-exclusion-for-racialized-minorities-immigrants-and-women-in-canada-results-from-2000-and-2010-2\/","name":"Measuring economic exclusion for racialized minorities, immigrants and women in Canada: Results from 2000 and 2010 - Future Skills Centre • Centre des Compétences futures","isPartOf":{"@id":"https:\/\/fsc-ccf.ca\/fr\/#website"},"datePublished":"2020-08-11T22:19:47+00:00","breadcrumb":{"@id":"https:\/\/fsc-ccf.ca\/fr\/references\/measuring-economic-exclusion-for-racialized-minorities-immigrants-and-women-in-canada-results-from-2000-and-2010-2\/#breadcrumb"},"inLanguage":"fr-FR","potentialAction":[{"@type":"ReadAction","target":["https:\/\/fsc-ccf.ca\/fr\/references\/measuring-economic-exclusion-for-racialized-minorities-immigrants-and-women-in-canada-results-from-2000-and-2010-2\/"]}]},{"@type":"BreadcrumbList","@id":"https:\/\/fsc-ccf.ca\/fr\/references\/measuring-economic-exclusion-for-racialized-minorities-immigrants-and-women-in-canada-results-from-2000-and-2010-2\/#breadcrumb","itemListElement":[{"@type":"ListItem","position":1,"name":"Home","item":"https:\/\/fsc-ccf.ca\/fr\/"},{"@type":"ListItem","position":2,"name":"References","item":"https:\/\/fsc-ccf.ca\/fr\/references\/"},{"@type":"ListItem","position":3,"name":"Measuring economic exclusion for racialized minorities, immigrants and women in Canada: Results from 2000 and 2010"}]},{"@type":"WebSite","@id":"https:\/\/fsc-ccf.ca\/fr\/#website","url":"https:\/\/fsc-ccf.ca\/fr\/","name":"Future Skills Centre • Centre des Compétences futures","description":"","publisher":{"@id":"https:\/\/fsc-ccf.ca\/fr\/#organization"},"potentialAction":[{"@type":"SearchAction","target":{"@type":"EntryPoint","urlTemplate":"https:\/\/fsc-ccf.ca\/fr\/?s={search_term_string}"},"query-input":{"@type":"PropertyValueSpecification","valueRequired":true,"valueName":"search_term_string"}}],"inLanguage":"fr-FR"},{"@type":"Organization","@id":"https:\/\/fsc-ccf.ca\/fr\/#organization","name":"Future Skills Centre • Centre des Compétences futures","url":"https:\/\/fsc-ccf.ca\/fr\/","logo":{"@type":"ImageObject","inLanguage":"fr-FR","@id":"https:\/\/fsc-ccf.ca\/fr\/#\/schema\/logo\/image\/","url":"https:\/\/fsc-ccf.ca\/wp-content\/uploads\/2019\/08\/FSC_logo_colour_rgb_positive_ENG.png","contentUrl":"https:\/\/fsc-ccf.ca\/wp-content\/uploads\/2019\/08\/FSC_logo_colour_rgb_positive_ENG.png","width":618,"height":528,"caption":"Future Skills Centre • Centre des Compétences futures"},"image":{"@id":"https:\/\/fsc-ccf.ca\/fr\/#\/schema\/logo\/image\/"},"sameAs":["https:\/\/www.facebook.com\/2161871137193201\/","https:\/\/x.com\/fsc_ccf_en","https:\/\/www.instagram.com\/fsc_ccf\/","https:\/\/www.linkedin.com\/company\/fsc-ccf\/"]}]}</script>
<!-- / Yoast SEO plugin. -->

Measuring economic exclusion for racialized minorities, immigrants and women in Canada: Results from 2000 and 2010 - Future Skills Centre • Centre des Compétences futures

Future Skills Centre • Centre des Compétences futures
