			{"id":129276,"date":"2020-08-11T18:19:28","date_gmt":"2020-08-11T22:19:28","guid":{"rendered":"https:\/\/fsc-ccf.ca\/references\/earnings-gaps-for-canadian-born-visible-minorities-in-the-public-and-private-sectors-2\/"},"modified":"2020-08-11T18:19:27","modified_gmt":"2020-08-11T22:19:27","slug":"earnings-gaps-for-canadian-born-visible-minorities-in-the-public-and-private-sectors-2","status":"publish","type":"reference","link":"https:\/\/fsc-ccf.ca\/fr\/references\/earnings-gaps-for-canadian-born-visible-minorities-in-the-public-and-private-sectors-2\/","title":{"rendered":"Earnings gaps for Canadian-born visible minorities in the public and private sectors"},"content":{"rendered":"<p>Cette \u00e9tude examine les \u00e9carts de r\u00e9mun\u00e9ration entre les minorit\u00e9s visibles n\u00e9s au Canada et les Blancs dans les secteurs public et priv\u00e9. Sur la base des donn\u00e9es du recensement de 2006, cette \u00e9tude montre que les minorit\u00e9s visibles et les Blancs re\u00e7oivent un salaire similaire pour des emplois similaires dans le secteur public. En revanche, dans le secteur priv\u00e9 les hommes de minorit\u00e9s visibles gagnent beaucoup moins que les Blancs observationnellement comparables. Parmi les grands groupes de minorit\u00e9s visibles, les hommes noirs font face \u00e0 un grand \u00e9cart entre les gains dans le secteur priv\u00e9 alors que les femmes noires font face \u00e0 un grand \u00e9cart dans les secteurs public et priv\u00e9. Pour les Chinois et les Sud-Asiatiques, les petites lacunes dans le b\u00e9n\u00e9fice ajust\u00e9 n&#8217;existent que chez les hommes dans le secteur priv\u00e9. Traduit a\u0300 l'aide de Google Translate<\/p>\n","protected":false},"excerpt":{"rendered":"<p>Cette \u00e9tude examine les \u00e9carts de r\u00e9mun\u00e9ration entre les minorit\u00e9s visibles n\u00e9s au Canada et les Blancs dans les secteurs public et priv\u00e9. Sur la base des donn\u00e9es du recensement de 2006, cette \u00e9tude montre que les minorit\u00e9s visibles et les Blancs re\u00e7oivent un salaire similaire pour des emplois similaires dans le secteur public. En revanche, dans le secteur priv\u00e9 les hommes de minorit\u00e9s visibles gagnent beaucoup moins que les Blancs observationnellement comparables. Parmi les grands groupes de minorit\u00e9s visibles, les hommes noirs font face \u00e0 un grand \u00e9cart entre les gains dans le secteur priv\u00e9 alors que les femmes noires font face \u00e0 un grand \u00e9cart dans les secteurs public et priv\u00e9. Pour les Chinois et les Sud-Asiatiques, les petites lacunes dans le b\u00e9n\u00e9fice ajust\u00e9 n&#8217;existent que chez les hommes dans le secteur priv\u00e9. [googletranslate_fr]<\/p>\n","protected":false},"template":"","reference-tag":[],"reference-type":[435],"class_list":["post-129276","reference","type-reference","status-publish","hentry","reference-type-journal-article"],"acf":{"citation":"Hou, F. and Coulombe, S. (2010). Earnings gaps for Canadian-born visible minorities in the public and private sectors. Canadian Public Policy, 36(1), 29\u201343. Retrieved from https:\/\/www.crossref.org\/iPage?doi=10.3138%2Fcpp.36.1.29.","authors":"Hou, F. and Coulombe, S.","org":"","year":"2010","title_fr":null,"editors_hidden":"","publication":"Canadian Public Policy","publication_fr":null,"volume":"36","issue":"1","Series":"","SeriesNumber":"","page_range":"29\u201343","publisher_city":"","publisher_state":"","publisher":"University of Toronto Press","abstract_en":null,"abstract_fr":null,"keywords":"Earnings gaps, Private sector, Public sector, Visible minorities","paywall":"1","doi":"10.3138\/cpp.36.1.29","isbn":"","url":"https:\/\/www.crossref.org\/iPage?doi=10.3138%2Fcpp.36.1.29","url_fr":null,"url_amazon":"","TRACK":"0"},"yoast_head":"<!-- This site is optimized with the Yoast SEO plugin v27.4 - https:\/\/yoast.com\/product\/yoast-seo-wordpress\/ -->\n<title>Earnings gaps for Canadian-born visible minorities in the public and private sectors - Future Skills Centre \u2022 Centre des Comp\u00e9tences futures<\/title>\n<meta name=\"robots\" content=\"index, follow, max-snippet:-1, max-image-preview:large, max-video-preview:-1\" \/>\n<link rel=\"canonical\" href=\"https:\/\/fsc-ccf.ca\/fr\/references\/earnings-gaps-for-canadian-born-visible-minorities-in-the-public-and-private-sectors-2\/\" \/>\n<meta name=\"twitter:label1\" content=\"Est. reading time\" \/>\n\t<meta name=\"twitter:data1\" content=\"1 minute\" \/>\n<script type=\"application\/ld+json\" class=\"yoast-schema-graph\">{\"@context\":\"https:\\\/\\\/schema.org\",\"@graph\":[{\"@type\":\"WebPage\",\"@id\":\"https:\\\/\\\/fsc-ccf.ca\\\/fr\\\/references\\\/earnings-gaps-for-canadian-born-visible-minorities-in-the-public-and-private-sectors-2\\\/\",\"url\":\"https:\\\/\\\/fsc-ccf.ca\\\/fr\\\/references\\\/earnings-gaps-for-canadian-born-visible-minorities-in-the-public-and-private-sectors-2\\\/\",\"name\":\"Earnings gaps for Canadian-born visible minorities in the public and private sectors - Future Skills Centre \u2022 Centre des Comp\u00e9tences futures\",\"isPartOf\":{\"@id\":\"https:\\\/\\\/fsc-ccf.ca\\\/fr\\\/#website\"},\"datePublished\":\"2020-08-11T22:19:28+00:00\",\"breadcrumb\":{\"@id\":\"https:\\\/\\\/fsc-ccf.ca\\\/fr\\\/references\\\/earnings-gaps-for-canadian-born-visible-minorities-in-the-public-and-private-sectors-2\\\/#breadcrumb\"},\"inLanguage\":\"fr-FR\",\"potentialAction\":[{\"@type\":\"ReadAction\",\"target\":[\"https:\\\/\\\/fsc-ccf.ca\\\/fr\\\/references\\\/earnings-gaps-for-canadian-born-visible-minorities-in-the-public-and-private-sectors-2\\\/\"]}]},{\"@type\":\"BreadcrumbList\",\"@id\":\"https:\\\/\\\/fsc-ccf.ca\\\/fr\\\/references\\\/earnings-gaps-for-canadian-born-visible-minorities-in-the-public-and-private-sectors-2\\\/#breadcrumb\",\"itemListElement\":[{\"@type\":\"ListItem\",\"position\":1,\"name\":\"Home\",\"item\":\"https:\\\/\\\/fsc-ccf.ca\\\/fr\\\/\"},{\"@type\":\"ListItem\",\"position\":2,\"name\":\"References\",\"item\":\"https:\\\/\\\/fsc-ccf.ca\\\/fr\\\/references\\\/\"},{\"@type\":\"ListItem\",\"position\":3,\"name\":\"Earnings gaps for Canadian-born visible minorities in the public and private sectors\"}]},{\"@type\":\"WebSite\",\"@id\":\"https:\\\/\\\/fsc-ccf.ca\\\/fr\\\/#website\",\"url\":\"https:\\\/\\\/fsc-ccf.ca\\\/fr\\\/\",\"name\":\"Future Skills Centre \u2022 Centre des Comp\u00e9tences futures\",\"description\":\"\",\"publisher\":{\"@id\":\"https:\\\/\\\/fsc-ccf.ca\\\/fr\\\/#organization\"},\"potentialAction\":[{\"@type\":\"SearchAction\",\"target\":{\"@type\":\"EntryPoint\",\"urlTemplate\":\"https:\\\/\\\/fsc-ccf.ca\\\/fr\\\/?s={search_term_string}\"},\"query-input\":{\"@type\":\"PropertyValueSpecification\",\"valueRequired\":true,\"valueName\":\"search_term_string\"}}],\"inLanguage\":\"fr-FR\"},{\"@type\":\"Organization\",\"@id\":\"https:\\\/\\\/fsc-ccf.ca\\\/fr\\\/#organization\",\"name\":\"Future Skills Centre \u2022 Centre des Comp\u00e9tences futures\",\"url\":\"https:\\\/\\\/fsc-ccf.ca\\\/fr\\\/\",\"logo\":{\"@type\":\"ImageObject\",\"inLanguage\":\"fr-FR\",\"@id\":\"https:\\\/\\\/fsc-ccf.ca\\\/fr\\\/#\\\/schema\\\/logo\\\/image\\\/\",\"url\":\"https:\\\/\\\/fsc-ccf.ca\\\/wp-content\\\/uploads\\\/2019\\\/08\\\/FSC_logo_colour_rgb_positive_ENG.png\",\"contentUrl\":\"https:\\\/\\\/fsc-ccf.ca\\\/wp-content\\\/uploads\\\/2019\\\/08\\\/FSC_logo_colour_rgb_positive_ENG.png\",\"width\":618,\"height\":528,\"caption\":\"Future Skills Centre \u2022 Centre des Comp\u00e9tences futures\"},\"image\":{\"@id\":\"https:\\\/\\\/fsc-ccf.ca\\\/fr\\\/#\\\/schema\\\/logo\\\/image\\\/\"},\"sameAs\":[\"https:\\\/\\\/www.facebook.com\\\/2161871137193201\\\/\",\"https:\\\/\\\/x.com\\\/fsc_ccf_en\",\"https:\\\/\\\/www.instagram.com\\\/fsc_ccf\\\/\",\"https:\\\/\\\/www.linkedin.com\\\/company\\\/fsc-ccf\\\/\"]}]}<\/script>\n<!-- \/ Yoast SEO plugin. -->","yoast_head_json":{"title":"Earnings gaps for Canadian-born visible minorities in the public and private sectors - Future Skills Centre \u2022 Centre des Comp\u00e9tences futures","robots":{"index":"index","follow":"follow","max-snippet":"max-snippet:-1","max-image-preview":"max-image-preview:large","max-video-preview":"max-video-preview:-1"},"canonical":"https:\/\/fsc-ccf.ca\/fr\/references\/earnings-gaps-for-canadian-born-visible-minorities-in-the-public-and-private-sectors-2\/","twitter_misc":{"Est. reading time":"1 minute"},"schema":{"@context":"https:\/\/schema.org","@graph":[{"@type":"WebPage","@id":"https:\/\/fsc-ccf.ca\/fr\/references\/earnings-gaps-for-canadian-born-visible-minorities-in-the-public-and-private-sectors-2\/","url":"https:\/\/fsc-ccf.ca\/fr\/references\/earnings-gaps-for-canadian-born-visible-minorities-in-the-public-and-private-sectors-2\/","name":"Earnings gaps for Canadian-born visible minorities in the public and private sectors - Future Skills Centre \u2022 Centre des Comp\u00e9tences futures","isPartOf":{"@id":"https:\/\/fsc-ccf.ca\/fr\/#website"},"datePublished":"2020-08-11T22:19:28+00:00","breadcrumb":{"@id":"https:\/\/fsc-ccf.ca\/fr\/references\/earnings-gaps-for-canadian-born-visible-minorities-in-the-public-and-private-sectors-2\/#breadcrumb"},"inLanguage":"fr-FR","potentialAction":[{"@type":"ReadAction","target":["https:\/\/fsc-ccf.ca\/fr\/references\/earnings-gaps-for-canadian-born-visible-minorities-in-the-public-and-private-sectors-2\/"]}]},{"@type":"BreadcrumbList","@id":"https:\/\/fsc-ccf.ca\/fr\/references\/earnings-gaps-for-canadian-born-visible-minorities-in-the-public-and-private-sectors-2\/#breadcrumb","itemListElement":[{"@type":"ListItem","position":1,"name":"Home","item":"https:\/\/fsc-ccf.ca\/fr\/"},{"@type":"ListItem","position":2,"name":"References","item":"https:\/\/fsc-ccf.ca\/fr\/references\/"},{"@type":"ListItem","position":3,"name":"Earnings gaps for Canadian-born visible minorities in the public and private sectors"}]},{"@type":"WebSite","@id":"https:\/\/fsc-ccf.ca\/fr\/#website","url":"https:\/\/fsc-ccf.ca\/fr\/","name":"Future Skills Centre \u2022 Centre des Comp\u00e9tences futures","description":"","publisher":{"@id":"https:\/\/fsc-ccf.ca\/fr\/#organization"},"potentialAction":[{"@type":"SearchAction","target":{"@type":"EntryPoint","urlTemplate":"https:\/\/fsc-ccf.ca\/fr\/?s={search_term_string}"},"query-input":{"@type":"PropertyValueSpecification","valueRequired":true,"valueName":"search_term_string"}}],"inLanguage":"fr-FR"},{"@type":"Organization","@id":"https:\/\/fsc-ccf.ca\/fr\/#organization","name":"Future Skills Centre \u2022 Centre des Comp\u00e9tences futures","url":"https:\/\/fsc-ccf.ca\/fr\/","logo":{"@type":"ImageObject","inLanguage":"fr-FR","@id":"https:\/\/fsc-ccf.ca\/fr\/#\/schema\/logo\/image\/","url":"https:\/\/fsc-ccf.ca\/wp-content\/uploads\/2019\/08\/FSC_logo_colour_rgb_positive_ENG.png","contentUrl":"https:\/\/fsc-ccf.ca\/wp-content\/uploads\/2019\/08\/FSC_logo_colour_rgb_positive_ENG.png","width":618,"height":528,"caption":"Future Skills Centre \u2022 Centre des Comp\u00e9tences futures"},"image":{"@id":"https:\/\/fsc-ccf.ca\/fr\/#\/schema\/logo\/image\/"},"sameAs":["https:\/\/www.facebook.com\/2161871137193201\/","https:\/\/x.com\/fsc_ccf_en","https:\/\/www.instagram.com\/fsc_ccf\/","https:\/\/www.linkedin.com\/company\/fsc-ccf\/"]}]}},"_links":{"self":[{"href":"https:\/\/fsc-ccf.ca\/fr\/wp-json\/wp\/v2\/reference\/129276","targetHints":{"allow":["GET"]}}],"collection":[{"href":"https:\/\/fsc-ccf.ca\/fr\/wp-json\/wp\/v2\/reference"}],"about":[{"href":"https:\/\/fsc-ccf.ca\/fr\/wp-json\/wp\/v2\/types\/reference"}],"version-history":[{"count":0,"href":"https:\/\/fsc-ccf.ca\/fr\/wp-json\/wp\/v2\/reference\/129276\/revisions"}],"wp:attachment":[{"href":"https:\/\/fsc-ccf.ca\/fr\/wp-json\/wp\/v2\/media?parent=129276"}],"wp:term":[{"taxonomy":"reference-tag","embeddable":true,"href":"https:\/\/fsc-ccf.ca\/fr\/wp-json\/wp\/v2\/reference-tag?post=129276"},{"taxonomy":"reference-type","embeddable":true,"href":"https:\/\/fsc-ccf.ca\/fr\/wp-json\/wp\/v2\/reference-type?post=129276"}],"curies":[{"name":"wp","href":"https:\/\/api.w.org\/{rel}","templated":true}]}}

<p>Cette étude examine les écarts de rémunération entre les minorités visibles nés au Canada et les Blancs dans les secteurs public et privé. Sur la base des données du recensement de 2006, cette étude montre que les minorités visibles et les Blancs reçoivent un salaire similaire pour des emplois similaires dans le secteur public. En revanche, dans le secteur privé les hommes de minorités visibles gagnent beaucoup moins que les Blancs observationnellement comparables. Parmi les grands groupes de minorités visibles, les hommes noirs font face à un grand écart entre les gains dans le secteur privé alors que les femmes noires font face à un grand écart dans les secteurs public et privé. Pour les Chinois et les Sud-Asiatiques, les petites lacunes dans le bénéfice ajusté n&#8217;existent que chez les hommes dans le secteur privé. Traduit à l'aide de Google Translate</p>

<p>Cette étude examine les écarts de rémunération entre les minorités visibles nés au Canada et les Blancs dans les secteurs public et privé. Sur la base des données du recensement de 2006, cette étude montre que les minorités visibles et les Blancs reçoivent un salaire similaire pour des emplois similaires dans le secteur public. En revanche, dans le secteur privé les hommes de minorités visibles gagnent beaucoup moins que les Blancs observationnellement comparables. Parmi les grands groupes de minorités visibles, les hommes noirs font face à un grand écart entre les gains dans le secteur privé alors que les femmes noires font face à un grand écart dans les secteurs public et privé. Pour les Chinois et les Sud-Asiatiques, les petites lacunes dans le bénéfice ajusté n&#8217;existent que chez les hommes dans le secteur privé. [googletranslate_fr]</p>

<!-- This site is optimized with the Yoast SEO plugin v27.4 - https://yoast.com/product/yoast-seo-wordpress/ -->
<title>Earnings gaps for Canadian-born visible minorities in the public and private sectors - Future Skills Centre • Centre des Compétences futures</title>
<meta name="robots" content="index, follow, max-snippet:-1, max-image-preview:large, max-video-preview:-1" />
<link rel="canonical" href="https://fsc-ccf.ca/fr/references/earnings-gaps-for-canadian-born-visible-minorities-in-the-public-and-private-sectors-2/" />
<meta name="twitter:label1" content="Est. reading time" />
	<meta name="twitter:data1" content="1 minute" />
<script type="application/ld+json" class="yoast-schema-graph">{"@context":"https:\/\/schema.org","@graph":[{"@type":"WebPage","@id":"https:\/\/fsc-ccf.ca\/fr\/references\/earnings-gaps-for-canadian-born-visible-minorities-in-the-public-and-private-sectors-2\/","url":"https:\/\/fsc-ccf.ca\/fr\/references\/earnings-gaps-for-canadian-born-visible-minorities-in-the-public-and-private-sectors-2\/","name":"Earnings gaps for Canadian-born visible minorities in the public and private sectors - Future Skills Centre • Centre des Compétences futures","isPartOf":{"@id":"https:\/\/fsc-ccf.ca\/fr\/#website"},"datePublished":"2020-08-11T22:19:28+00:00","breadcrumb":{"@id":"https:\/\/fsc-ccf.ca\/fr\/references\/earnings-gaps-for-canadian-born-visible-minorities-in-the-public-and-private-sectors-2\/#breadcrumb"},"inLanguage":"fr-FR","potentialAction":[{"@type":"ReadAction","target":["https:\/\/fsc-ccf.ca\/fr\/references\/earnings-gaps-for-canadian-born-visible-minorities-in-the-public-and-private-sectors-2\/"]}]},{"@type":"BreadcrumbList","@id":"https:\/\/fsc-ccf.ca\/fr\/references\/earnings-gaps-for-canadian-born-visible-minorities-in-the-public-and-private-sectors-2\/#breadcrumb","itemListElement":[{"@type":"ListItem","position":1,"name":"Home","item":"https:\/\/fsc-ccf.ca\/fr\/"},{"@type":"ListItem","position":2,"name":"References","item":"https:\/\/fsc-ccf.ca\/fr\/references\/"},{"@type":"ListItem","position":3,"name":"Earnings gaps for Canadian-born visible minorities in the public and private sectors"}]},{"@type":"WebSite","@id":"https:\/\/fsc-ccf.ca\/fr\/#website","url":"https:\/\/fsc-ccf.ca\/fr\/","name":"Future Skills Centre • Centre des Compétences futures","description":"","publisher":{"@id":"https:\/\/fsc-ccf.ca\/fr\/#organization"},"potentialAction":[{"@type":"SearchAction","target":{"@type":"EntryPoint","urlTemplate":"https:\/\/fsc-ccf.ca\/fr\/?s={search_term_string}"},"query-input":{"@type":"PropertyValueSpecification","valueRequired":true,"valueName":"search_term_string"}}],"inLanguage":"fr-FR"},{"@type":"Organization","@id":"https:\/\/fsc-ccf.ca\/fr\/#organization","name":"Future Skills Centre • Centre des Compétences futures","url":"https:\/\/fsc-ccf.ca\/fr\/","logo":{"@type":"ImageObject","inLanguage":"fr-FR","@id":"https:\/\/fsc-ccf.ca\/fr\/#\/schema\/logo\/image\/","url":"https:\/\/fsc-ccf.ca\/wp-content\/uploads\/2019\/08\/FSC_logo_colour_rgb_positive_ENG.png","contentUrl":"https:\/\/fsc-ccf.ca\/wp-content\/uploads\/2019\/08\/FSC_logo_colour_rgb_positive_ENG.png","width":618,"height":528,"caption":"Future Skills Centre • Centre des Compétences futures"},"image":{"@id":"https:\/\/fsc-ccf.ca\/fr\/#\/schema\/logo\/image\/"},"sameAs":["https:\/\/www.facebook.com\/2161871137193201\/","https:\/\/x.com\/fsc_ccf_en","https:\/\/www.instagram.com\/fsc_ccf\/","https:\/\/www.linkedin.com\/company\/fsc-ccf\/"]}]}</script>
<!-- / Yoast SEO plugin. -->

Earnings gaps for Canadian-born visible minorities in the public and private sectors - Future Skills Centre • Centre des Compétences futures

Future Skills Centre • Centre des Compétences futures
