			{"id":129263,"date":"2020-08-11T18:19:22","date_gmt":"2020-08-11T22:19:22","guid":{"rendered":"https:\/\/fsc-ccf.ca\/references\/the-effects-of-cognitive-and-noncognitive-abilities-on-labor-market-outcomes-and-social-behavior-2\/"},"modified":"2020-08-11T18:19:22","modified_gmt":"2020-08-11T22:19:22","slug":"the-effects-of-cognitive-and-noncognitive-abilities-on-labor-market-outcomes-and-social-behavior-2","status":"publish","type":"reference","link":"https:\/\/fsc-ccf.ca\/fr\/references\/the-effects-of-cognitive-and-noncognitive-abilities-on-labor-market-outcomes-and-social-behavior-2\/","title":{"rendered":"The effects of cognitive and noncognitive abilities on labor market outcomes and social behavior"},"content":{"rendered":"<p>Cet article \u00e9tablit qu&#8217;un vecteur de faible dimension des comp\u00e9tences cognitives et non cognitives explique une vari\u00e9t\u00e9 de march\u00e9 du travail et les r\u00e9sultats comportementaux. Nos adresses d&#8217;analyse Les probl\u00e8mes de l&#8217;erreur de mesure, indicateurs imparfaits, et la causalit\u00e9 inverse qui affligent les \u00e9tudes conventionnelles. comp\u00e9tences noncognitive influencent fortement les d\u00e9cisions scolarisation et affectent \u00e9galement les salaires, compte tenu des d\u00e9cisions scolarit\u00e9. La scolarit\u00e9, l&#8217;emploi, l&#8217;exp\u00e9rience de travail, et le choix de l&#8217;occupation sont affect\u00e9es par les comp\u00e9tences cognitives et non cognitives latentes. Nous montrons que le m\u00eame vecteur de capacit\u00e9s de faible dimension qui explique les choix de scolarisation, les salaires, l&#8217;emploi, l&#8217;exp\u00e9rience professionnelle, et choix de la profession explique une grande vari\u00e9t\u00e9 de comportements \u00e0 risque. Traduit a\u0300 l'aide de Google Translate<\/p>\n","protected":false},"excerpt":{"rendered":"<p>Cet article \u00e9tablit qu&#8217;un vecteur de faible dimension des comp\u00e9tences cognitives et non cognitives explique une vari\u00e9t\u00e9 de march\u00e9 du travail et les r\u00e9sultats comportementaux. Nos adresses d&#8217;analyse Les probl\u00e8mes de l&#8217;erreur de mesure, indicateurs imparfaits, et la causalit\u00e9 inverse qui affligent les \u00e9tudes conventionnelles. comp\u00e9tences noncognitive influencent fortement les d\u00e9cisions scolarisation et affectent \u00e9galement les salaires, compte tenu des d\u00e9cisions scolarit\u00e9. La scolarit\u00e9, l&#8217;emploi, l&#8217;exp\u00e9rience de travail, et le choix de l&#8217;occupation sont affect\u00e9es par les comp\u00e9tences cognitives et non cognitives latentes. Nous montrons que le m\u00eame vecteur de capacit\u00e9s de faible dimension qui explique les choix de scolarisation, les salaires, l&#8217;emploi, l&#8217;exp\u00e9rience professionnelle, et choix de la profession explique une grande vari\u00e9t\u00e9 de comportements \u00e0 risque. [googletranslate_fr]<\/p>\n","protected":false},"template":"","reference-tag":[],"reference-type":[435],"class_list":["post-129263","reference","type-reference","status-publish","hentry","reference-type-journal-article"],"acf":{"citation":"Heckman, J., Stixrud, J., and Urzua, S. (2006). The effects of cognitive and noncognitive abilities on labor market outcomes and social behavior. Journal of Labor Economics, 24(3), 411\u2013482. Retrieved from https:\/\/www.journals.uchicago.edu\/doi\/full\/10.1086\/504455.","authors":"Heckman, J., Stixrud, J., and Urzua, S.","org":"","year":"2006","title_fr":null,"editors_hidden":"","publication":"Journal of Labor Economics","publication_fr":null,"volume":"24","issue":"3","Series":"","SeriesNumber":"","page_range":"411\u2013482","publisher_city":"","publisher_state":"","publisher":"University of Chicago Press Journals","abstract_en":null,"abstract_fr":null,"keywords":"","paywall":"1","doi":"10.1086\/504455","isbn":"","url":"https:\/\/www.journals.uchicago.edu\/doi\/full\/10.1086\/504455","url_fr":null,"url_amazon":"","TRACK":"0"},"yoast_head":"<!-- This site is optimized with the Yoast SEO plugin v27.4 - https:\/\/yoast.com\/product\/yoast-seo-wordpress\/ -->\n<title>The effects of cognitive and noncognitive abilities on labor market outcomes and social behavior - Future Skills Centre \u2022 Centre des Comp\u00e9tences futures<\/title>\n<meta name=\"robots\" content=\"index, follow, max-snippet:-1, max-image-preview:large, max-video-preview:-1\" \/>\n<link rel=\"canonical\" href=\"https:\/\/fsc-ccf.ca\/fr\/references\/the-effects-of-cognitive-and-noncognitive-abilities-on-labor-market-outcomes-and-social-behavior-2\/\" \/>\n<meta name=\"twitter:label1\" content=\"Est. reading time\" \/>\n\t<meta name=\"twitter:data1\" content=\"1 minute\" \/>\n<script type=\"application\/ld+json\" class=\"yoast-schema-graph\">{\"@context\":\"https:\\\/\\\/schema.org\",\"@graph\":[{\"@type\":\"WebPage\",\"@id\":\"https:\\\/\\\/fsc-ccf.ca\\\/fr\\\/references\\\/the-effects-of-cognitive-and-noncognitive-abilities-on-labor-market-outcomes-and-social-behavior-2\\\/\",\"url\":\"https:\\\/\\\/fsc-ccf.ca\\\/fr\\\/references\\\/the-effects-of-cognitive-and-noncognitive-abilities-on-labor-market-outcomes-and-social-behavior-2\\\/\",\"name\":\"The effects of cognitive and noncognitive abilities on labor market outcomes and social behavior - Future Skills Centre \u2022 Centre des Comp\u00e9tences futures\",\"isPartOf\":{\"@id\":\"https:\\\/\\\/fsc-ccf.ca\\\/fr\\\/#website\"},\"datePublished\":\"2020-08-11T22:19:22+00:00\",\"breadcrumb\":{\"@id\":\"https:\\\/\\\/fsc-ccf.ca\\\/fr\\\/references\\\/the-effects-of-cognitive-and-noncognitive-abilities-on-labor-market-outcomes-and-social-behavior-2\\\/#breadcrumb\"},\"inLanguage\":\"fr-FR\",\"potentialAction\":[{\"@type\":\"ReadAction\",\"target\":[\"https:\\\/\\\/fsc-ccf.ca\\\/fr\\\/references\\\/the-effects-of-cognitive-and-noncognitive-abilities-on-labor-market-outcomes-and-social-behavior-2\\\/\"]}]},{\"@type\":\"BreadcrumbList\",\"@id\":\"https:\\\/\\\/fsc-ccf.ca\\\/fr\\\/references\\\/the-effects-of-cognitive-and-noncognitive-abilities-on-labor-market-outcomes-and-social-behavior-2\\\/#breadcrumb\",\"itemListElement\":[{\"@type\":\"ListItem\",\"position\":1,\"name\":\"Home\",\"item\":\"https:\\\/\\\/fsc-ccf.ca\\\/fr\\\/\"},{\"@type\":\"ListItem\",\"position\":2,\"name\":\"References\",\"item\":\"https:\\\/\\\/fsc-ccf.ca\\\/fr\\\/references\\\/\"},{\"@type\":\"ListItem\",\"position\":3,\"name\":\"The effects of cognitive and noncognitive abilities on labor market outcomes and social behavior\"}]},{\"@type\":\"WebSite\",\"@id\":\"https:\\\/\\\/fsc-ccf.ca\\\/fr\\\/#website\",\"url\":\"https:\\\/\\\/fsc-ccf.ca\\\/fr\\\/\",\"name\":\"Future Skills Centre \u2022 Centre des Comp\u00e9tences futures\",\"description\":\"\",\"publisher\":{\"@id\":\"https:\\\/\\\/fsc-ccf.ca\\\/fr\\\/#organization\"},\"potentialAction\":[{\"@type\":\"SearchAction\",\"target\":{\"@type\":\"EntryPoint\",\"urlTemplate\":\"https:\\\/\\\/fsc-ccf.ca\\\/fr\\\/?s={search_term_string}\"},\"query-input\":{\"@type\":\"PropertyValueSpecification\",\"valueRequired\":true,\"valueName\":\"search_term_string\"}}],\"inLanguage\":\"fr-FR\"},{\"@type\":\"Organization\",\"@id\":\"https:\\\/\\\/fsc-ccf.ca\\\/fr\\\/#organization\",\"name\":\"Future Skills Centre \u2022 Centre des Comp\u00e9tences futures\",\"url\":\"https:\\\/\\\/fsc-ccf.ca\\\/fr\\\/\",\"logo\":{\"@type\":\"ImageObject\",\"inLanguage\":\"fr-FR\",\"@id\":\"https:\\\/\\\/fsc-ccf.ca\\\/fr\\\/#\\\/schema\\\/logo\\\/image\\\/\",\"url\":\"https:\\\/\\\/fsc-ccf.ca\\\/wp-content\\\/uploads\\\/2019\\\/08\\\/FSC_logo_colour_rgb_positive_ENG.png\",\"contentUrl\":\"https:\\\/\\\/fsc-ccf.ca\\\/wp-content\\\/uploads\\\/2019\\\/08\\\/FSC_logo_colour_rgb_positive_ENG.png\",\"width\":618,\"height\":528,\"caption\":\"Future Skills Centre \u2022 Centre des Comp\u00e9tences futures\"},\"image\":{\"@id\":\"https:\\\/\\\/fsc-ccf.ca\\\/fr\\\/#\\\/schema\\\/logo\\\/image\\\/\"},\"sameAs\":[\"https:\\\/\\\/www.facebook.com\\\/2161871137193201\\\/\",\"https:\\\/\\\/x.com\\\/fsc_ccf_en\",\"https:\\\/\\\/www.instagram.com\\\/fsc_ccf\\\/\",\"https:\\\/\\\/www.linkedin.com\\\/company\\\/fsc-ccf\\\/\"]}]}<\/script>\n<!-- \/ Yoast SEO plugin. -->","yoast_head_json":{"title":"The effects of cognitive and noncognitive abilities on labor market outcomes and social behavior - Future Skills Centre \u2022 Centre des Comp\u00e9tences futures","robots":{"index":"index","follow":"follow","max-snippet":"max-snippet:-1","max-image-preview":"max-image-preview:large","max-video-preview":"max-video-preview:-1"},"canonical":"https:\/\/fsc-ccf.ca\/fr\/references\/the-effects-of-cognitive-and-noncognitive-abilities-on-labor-market-outcomes-and-social-behavior-2\/","twitter_misc":{"Est. reading time":"1 minute"},"schema":{"@context":"https:\/\/schema.org","@graph":[{"@type":"WebPage","@id":"https:\/\/fsc-ccf.ca\/fr\/references\/the-effects-of-cognitive-and-noncognitive-abilities-on-labor-market-outcomes-and-social-behavior-2\/","url":"https:\/\/fsc-ccf.ca\/fr\/references\/the-effects-of-cognitive-and-noncognitive-abilities-on-labor-market-outcomes-and-social-behavior-2\/","name":"The effects of cognitive and noncognitive abilities on labor market outcomes and social behavior - Future Skills Centre \u2022 Centre des Comp\u00e9tences futures","isPartOf":{"@id":"https:\/\/fsc-ccf.ca\/fr\/#website"},"datePublished":"2020-08-11T22:19:22+00:00","breadcrumb":{"@id":"https:\/\/fsc-ccf.ca\/fr\/references\/the-effects-of-cognitive-and-noncognitive-abilities-on-labor-market-outcomes-and-social-behavior-2\/#breadcrumb"},"inLanguage":"fr-FR","potentialAction":[{"@type":"ReadAction","target":["https:\/\/fsc-ccf.ca\/fr\/references\/the-effects-of-cognitive-and-noncognitive-abilities-on-labor-market-outcomes-and-social-behavior-2\/"]}]},{"@type":"BreadcrumbList","@id":"https:\/\/fsc-ccf.ca\/fr\/references\/the-effects-of-cognitive-and-noncognitive-abilities-on-labor-market-outcomes-and-social-behavior-2\/#breadcrumb","itemListElement":[{"@type":"ListItem","position":1,"name":"Home","item":"https:\/\/fsc-ccf.ca\/fr\/"},{"@type":"ListItem","position":2,"name":"References","item":"https:\/\/fsc-ccf.ca\/fr\/references\/"},{"@type":"ListItem","position":3,"name":"The effects of cognitive and noncognitive abilities on labor market outcomes and social behavior"}]},{"@type":"WebSite","@id":"https:\/\/fsc-ccf.ca\/fr\/#website","url":"https:\/\/fsc-ccf.ca\/fr\/","name":"Future Skills Centre \u2022 Centre des Comp\u00e9tences futures","description":"","publisher":{"@id":"https:\/\/fsc-ccf.ca\/fr\/#organization"},"potentialAction":[{"@type":"SearchAction","target":{"@type":"EntryPoint","urlTemplate":"https:\/\/fsc-ccf.ca\/fr\/?s={search_term_string}"},"query-input":{"@type":"PropertyValueSpecification","valueRequired":true,"valueName":"search_term_string"}}],"inLanguage":"fr-FR"},{"@type":"Organization","@id":"https:\/\/fsc-ccf.ca\/fr\/#organization","name":"Future Skills Centre \u2022 Centre des Comp\u00e9tences futures","url":"https:\/\/fsc-ccf.ca\/fr\/","logo":{"@type":"ImageObject","inLanguage":"fr-FR","@id":"https:\/\/fsc-ccf.ca\/fr\/#\/schema\/logo\/image\/","url":"https:\/\/fsc-ccf.ca\/wp-content\/uploads\/2019\/08\/FSC_logo_colour_rgb_positive_ENG.png","contentUrl":"https:\/\/fsc-ccf.ca\/wp-content\/uploads\/2019\/08\/FSC_logo_colour_rgb_positive_ENG.png","width":618,"height":528,"caption":"Future Skills Centre \u2022 Centre des Comp\u00e9tences futures"},"image":{"@id":"https:\/\/fsc-ccf.ca\/fr\/#\/schema\/logo\/image\/"},"sameAs":["https:\/\/www.facebook.com\/2161871137193201\/","https:\/\/x.com\/fsc_ccf_en","https:\/\/www.instagram.com\/fsc_ccf\/","https:\/\/www.linkedin.com\/company\/fsc-ccf\/"]}]}},"_links":{"self":[{"href":"https:\/\/fsc-ccf.ca\/fr\/wp-json\/wp\/v2\/reference\/129263","targetHints":{"allow":["GET"]}}],"collection":[{"href":"https:\/\/fsc-ccf.ca\/fr\/wp-json\/wp\/v2\/reference"}],"about":[{"href":"https:\/\/fsc-ccf.ca\/fr\/wp-json\/wp\/v2\/types\/reference"}],"version-history":[{"count":0,"href":"https:\/\/fsc-ccf.ca\/fr\/wp-json\/wp\/v2\/reference\/129263\/revisions"}],"wp:attachment":[{"href":"https:\/\/fsc-ccf.ca\/fr\/wp-json\/wp\/v2\/media?parent=129263"}],"wp:term":[{"taxonomy":"reference-tag","embeddable":true,"href":"https:\/\/fsc-ccf.ca\/fr\/wp-json\/wp\/v2\/reference-tag?post=129263"},{"taxonomy":"reference-type","embeddable":true,"href":"https:\/\/fsc-ccf.ca\/fr\/wp-json\/wp\/v2\/reference-type?post=129263"}],"curies":[{"name":"wp","href":"https:\/\/api.w.org\/{rel}","templated":true}]}}

<p>Cet article établit qu&#8217;un vecteur de faible dimension des compétences cognitives et non cognitives explique une variété de marché du travail et les résultats comportementaux. Nos adresses d&#8217;analyse Les problèmes de l&#8217;erreur de mesure, indicateurs imparfaits, et la causalité inverse qui affligent les études conventionnelles. compétences noncognitive influencent fortement les décisions scolarisation et affectent également les salaires, compte tenu des décisions scolarité. La scolarité, l&#8217;emploi, l&#8217;expérience de travail, et le choix de l&#8217;occupation sont affectées par les compétences cognitives et non cognitives latentes. Nous montrons que le même vecteur de capacités de faible dimension qui explique les choix de scolarisation, les salaires, l&#8217;emploi, l&#8217;expérience professionnelle, et choix de la profession explique une grande variété de comportements à risque. Traduit à l'aide de Google Translate</p>

<p>Cet article établit qu&#8217;un vecteur de faible dimension des compétences cognitives et non cognitives explique une variété de marché du travail et les résultats comportementaux. Nos adresses d&#8217;analyse Les problèmes de l&#8217;erreur de mesure, indicateurs imparfaits, et la causalité inverse qui affligent les études conventionnelles. compétences noncognitive influencent fortement les décisions scolarisation et affectent également les salaires, compte tenu des décisions scolarité. La scolarité, l&#8217;emploi, l&#8217;expérience de travail, et le choix de l&#8217;occupation sont affectées par les compétences cognitives et non cognitives latentes. Nous montrons que le même vecteur de capacités de faible dimension qui explique les choix de scolarisation, les salaires, l&#8217;emploi, l&#8217;expérience professionnelle, et choix de la profession explique une grande variété de comportements à risque. [googletranslate_fr]</p>

<!-- This site is optimized with the Yoast SEO plugin v27.4 - https://yoast.com/product/yoast-seo-wordpress/ -->
<title>The effects of cognitive and noncognitive abilities on labor market outcomes and social behavior - Future Skills Centre • Centre des Compétences futures</title>
<meta name="robots" content="index, follow, max-snippet:-1, max-image-preview:large, max-video-preview:-1" />
<link rel="canonical" href="https://fsc-ccf.ca/fr/references/the-effects-of-cognitive-and-noncognitive-abilities-on-labor-market-outcomes-and-social-behavior-2/" />
<meta name="twitter:label1" content="Est. reading time" />
	<meta name="twitter:data1" content="1 minute" />
<script type="application/ld+json" class="yoast-schema-graph">{"@context":"https:\/\/schema.org","@graph":[{"@type":"WebPage","@id":"https:\/\/fsc-ccf.ca\/fr\/references\/the-effects-of-cognitive-and-noncognitive-abilities-on-labor-market-outcomes-and-social-behavior-2\/","url":"https:\/\/fsc-ccf.ca\/fr\/references\/the-effects-of-cognitive-and-noncognitive-abilities-on-labor-market-outcomes-and-social-behavior-2\/","name":"The effects of cognitive and noncognitive abilities on labor market outcomes and social behavior - Future Skills Centre • Centre des Compétences futures","isPartOf":{"@id":"https:\/\/fsc-ccf.ca\/fr\/#website"},"datePublished":"2020-08-11T22:19:22+00:00","breadcrumb":{"@id":"https:\/\/fsc-ccf.ca\/fr\/references\/the-effects-of-cognitive-and-noncognitive-abilities-on-labor-market-outcomes-and-social-behavior-2\/#breadcrumb"},"inLanguage":"fr-FR","potentialAction":[{"@type":"ReadAction","target":["https:\/\/fsc-ccf.ca\/fr\/references\/the-effects-of-cognitive-and-noncognitive-abilities-on-labor-market-outcomes-and-social-behavior-2\/"]}]},{"@type":"BreadcrumbList","@id":"https:\/\/fsc-ccf.ca\/fr\/references\/the-effects-of-cognitive-and-noncognitive-abilities-on-labor-market-outcomes-and-social-behavior-2\/#breadcrumb","itemListElement":[{"@type":"ListItem","position":1,"name":"Home","item":"https:\/\/fsc-ccf.ca\/fr\/"},{"@type":"ListItem","position":2,"name":"References","item":"https:\/\/fsc-ccf.ca\/fr\/references\/"},{"@type":"ListItem","position":3,"name":"The effects of cognitive and noncognitive abilities on labor market outcomes and social behavior"}]},{"@type":"WebSite","@id":"https:\/\/fsc-ccf.ca\/fr\/#website","url":"https:\/\/fsc-ccf.ca\/fr\/","name":"Future Skills Centre • Centre des Compétences futures","description":"","publisher":{"@id":"https:\/\/fsc-ccf.ca\/fr\/#organization"},"potentialAction":[{"@type":"SearchAction","target":{"@type":"EntryPoint","urlTemplate":"https:\/\/fsc-ccf.ca\/fr\/?s={search_term_string}"},"query-input":{"@type":"PropertyValueSpecification","valueRequired":true,"valueName":"search_term_string"}}],"inLanguage":"fr-FR"},{"@type":"Organization","@id":"https:\/\/fsc-ccf.ca\/fr\/#organization","name":"Future Skills Centre • Centre des Compétences futures","url":"https:\/\/fsc-ccf.ca\/fr\/","logo":{"@type":"ImageObject","inLanguage":"fr-FR","@id":"https:\/\/fsc-ccf.ca\/fr\/#\/schema\/logo\/image\/","url":"https:\/\/fsc-ccf.ca\/wp-content\/uploads\/2019\/08\/FSC_logo_colour_rgb_positive_ENG.png","contentUrl":"https:\/\/fsc-ccf.ca\/wp-content\/uploads\/2019\/08\/FSC_logo_colour_rgb_positive_ENG.png","width":618,"height":528,"caption":"Future Skills Centre • Centre des Compétences futures"},"image":{"@id":"https:\/\/fsc-ccf.ca\/fr\/#\/schema\/logo\/image\/"},"sameAs":["https:\/\/www.facebook.com\/2161871137193201\/","https:\/\/x.com\/fsc_ccf_en","https:\/\/www.instagram.com\/fsc_ccf\/","https:\/\/www.linkedin.com\/company\/fsc-ccf\/"]}]}</script>
<!-- / Yoast SEO plugin. -->

The effects of cognitive and noncognitive abilities on labor market outcomes and social behavior - Future Skills Centre • Centre des Compétences futures

Future Skills Centre • Centre des Compétences futures
