			{"id":129216,"date":"2020-08-11T18:19:02","date_gmt":"2020-08-11T22:19:02","guid":{"rendered":"https:\/\/fsc-ccf.ca\/references\/information-and-communication-technology-talent-the-skills-we-need-framing-the-issues-2\/"},"modified":"2020-08-11T18:19:02","modified_gmt":"2020-08-11T22:19:02","slug":"information-and-communication-technology-talent-the-skills-we-need-framing-the-issues-2","status":"publish","type":"reference","link":"https:\/\/fsc-ccf.ca\/fr\/references\/information-and-communication-technology-talent-the-skills-we-need-framing-the-issues-2\/","title":{"rendered":"Information and communication technology talent: The skills we need-framing the issues"},"content":{"rendered":"<p>Cet article fournit un cadre conceptuel pour discuter de l&#8217;information et de comp\u00e9tences li\u00e9es aux technologies de la communication (TIC) p\u00e9nurie dans un contexte dans lequel ayant une quantit\u00e9 suffisante de TIC travailleurs qualifi\u00e9s, \u00e0 la fois dans le secteur des TIC et plus largement, est essentielle \u00e0 la performance de l&#8217;\u00e9conomie canadienne. Nous commen\u00e7ons par un aper\u00e7u d&#8217;un mod\u00e8le simple de la fa\u00e7on dont la p\u00e9nurie de comp\u00e9tences TIC pourraient se manifester dans les signaux du march\u00e9 du travail, tels que la hausse des salaires, puis comment, en r\u00e9ponse \u00e0 ces signaux, les travailleurs d\u00e9j\u00e0 sur le march\u00e9 du travail devraient adapter, alors que les jeunes faisant scolaires et de carri\u00e8re seraient cens\u00e9s biaiser vers les domaines des TIC. Nous discutons ensuite quelques-unes des raisons pour lesquelles ces dynamiques pourraient ne pas suivre ce mod\u00e8le, et donc des p\u00e9nuries de comp\u00e9tences TIC pourraient supporter au fil du temps. L&#8217;article ouvre la voie pour les autres articles de ce num\u00e9ro sp\u00e9cial, qui abordent ces questions et d&#8217;autres questions li\u00e9es aux comp\u00e9tences en TIC \u00e0 partir d&#8217;un m\u00e9lange de perspectives traditionnelles acad\u00e9miques et de l&#8217;industrie. Traduit a\u0300 l'aide de Google Translate<\/p>\n","protected":false},"excerpt":{"rendered":"<p>Cet article fournit un cadre conceptuel pour discuter de l&#8217;information et de comp\u00e9tences li\u00e9es aux technologies de la communication (TIC) p\u00e9nurie dans un contexte dans lequel ayant une quantit\u00e9 suffisante de TIC travailleurs qualifi\u00e9s, \u00e0 la fois dans le secteur des TIC et plus largement, est essentielle \u00e0 la performance de l&#8217;\u00e9conomie canadienne. Nous commen\u00e7ons par un aper\u00e7u d&#8217;un mod\u00e8le simple de la fa\u00e7on dont la p\u00e9nurie de comp\u00e9tences TIC pourraient se manifester dans les signaux du march\u00e9 du travail, tels que la hausse des salaires, puis comment, en r\u00e9ponse \u00e0 ces signaux, les travailleurs d\u00e9j\u00e0 sur le march\u00e9 du travail devraient adapter, alors que les jeunes faisant scolaires et de carri\u00e8re seraient cens\u00e9s biaiser vers les domaines des TIC. Nous discutons ensuite quelques-unes des raisons pour lesquelles ces dynamiques pourraient ne pas suivre ce mod\u00e8le, et donc des p\u00e9nuries de comp\u00e9tences TIC pourraient supporter au fil du temps. L&#8217;article ouvre la voie pour les autres articles de ce num\u00e9ro sp\u00e9cial, qui abordent ces questions et d&#8217;autres questions li\u00e9es aux comp\u00e9tences en TIC \u00e0 partir d&#8217;un m\u00e9lange de perspectives traditionnelles acad\u00e9miques et de l&#8217;industrie. [googletranslate_fr]<\/p>\n","protected":false},"template":"","reference-tag":[],"reference-type":[435],"class_list":["post-129216","reference","type-reference","status-publish","hentry","reference-type-journal-article"],"acf":{"citation":"Finnie, R., Mueller, R., and Sweetman, A. (2018). Information and communication technology talent: The skills we need-framing the issues. Canadian Public Policy, 44(S1), Siii\u2013Six. Retrieved from https:\/\/utpjournals.press\/doi\/10.3138\/cpp.2018-001.","authors":"Finnie, R., Mueller, R., and Sweetman, A.","org":"","year":"2018","title_fr":null,"editors_hidden":"","publication":"Canadian Public Policy","publication_fr":null,"volume":"44","issue":"S1","Series":"","SeriesNumber":"","page_range":"Siii\u2013Six","publisher_city":"","publisher_state":"","publisher":"University of Toronto Press","abstract_en":null,"abstract_fr":null,"keywords":"","paywall":"1","doi":"10.3138\/cpp.2018-001","isbn":"","url":"https:\/\/utpjournals.press\/doi\/10.3138\/cpp.2018-001","url_fr":null,"url_amazon":"","TRACK":"0"},"yoast_head":"<!-- This site is optimized with the Yoast SEO plugin v27.4 - https:\/\/yoast.com\/product\/yoast-seo-wordpress\/ -->\n<title>Information and communication technology talent: The skills we need-framing the issues - Future Skills Centre \u2022 Centre des Comp\u00e9tences futures<\/title>\n<meta name=\"robots\" content=\"index, follow, max-snippet:-1, max-image-preview:large, max-video-preview:-1\" \/>\n<link rel=\"canonical\" href=\"https:\/\/fsc-ccf.ca\/fr\/references\/information-and-communication-technology-talent-the-skills-we-need-framing-the-issues-2\/\" \/>\n<meta name=\"twitter:label1\" content=\"Est. reading time\" \/>\n\t<meta name=\"twitter:data1\" content=\"1 minute\" \/>\n<script type=\"application\/ld+json\" class=\"yoast-schema-graph\">{\"@context\":\"https:\\\/\\\/schema.org\",\"@graph\":[{\"@type\":\"WebPage\",\"@id\":\"https:\\\/\\\/fsc-ccf.ca\\\/fr\\\/references\\\/information-and-communication-technology-talent-the-skills-we-need-framing-the-issues-2\\\/\",\"url\":\"https:\\\/\\\/fsc-ccf.ca\\\/fr\\\/references\\\/information-and-communication-technology-talent-the-skills-we-need-framing-the-issues-2\\\/\",\"name\":\"Information and communication technology talent: The skills we need-framing the issues - Future Skills Centre \u2022 Centre des Comp\u00e9tences futures\",\"isPartOf\":{\"@id\":\"https:\\\/\\\/fsc-ccf.ca\\\/fr\\\/#website\"},\"datePublished\":\"2020-08-11T22:19:02+00:00\",\"breadcrumb\":{\"@id\":\"https:\\\/\\\/fsc-ccf.ca\\\/fr\\\/references\\\/information-and-communication-technology-talent-the-skills-we-need-framing-the-issues-2\\\/#breadcrumb\"},\"inLanguage\":\"fr-FR\",\"potentialAction\":[{\"@type\":\"ReadAction\",\"target\":[\"https:\\\/\\\/fsc-ccf.ca\\\/fr\\\/references\\\/information-and-communication-technology-talent-the-skills-we-need-framing-the-issues-2\\\/\"]}]},{\"@type\":\"BreadcrumbList\",\"@id\":\"https:\\\/\\\/fsc-ccf.ca\\\/fr\\\/references\\\/information-and-communication-technology-talent-the-skills-we-need-framing-the-issues-2\\\/#breadcrumb\",\"itemListElement\":[{\"@type\":\"ListItem\",\"position\":1,\"name\":\"Home\",\"item\":\"https:\\\/\\\/fsc-ccf.ca\\\/fr\\\/\"},{\"@type\":\"ListItem\",\"position\":2,\"name\":\"References\",\"item\":\"https:\\\/\\\/fsc-ccf.ca\\\/fr\\\/references\\\/\"},{\"@type\":\"ListItem\",\"position\":3,\"name\":\"Information and communication technology talent: The skills we need-framing the issues\"}]},{\"@type\":\"WebSite\",\"@id\":\"https:\\\/\\\/fsc-ccf.ca\\\/fr\\\/#website\",\"url\":\"https:\\\/\\\/fsc-ccf.ca\\\/fr\\\/\",\"name\":\"Future Skills Centre \u2022 Centre des Comp\u00e9tences futures\",\"description\":\"\",\"publisher\":{\"@id\":\"https:\\\/\\\/fsc-ccf.ca\\\/fr\\\/#organization\"},\"potentialAction\":[{\"@type\":\"SearchAction\",\"target\":{\"@type\":\"EntryPoint\",\"urlTemplate\":\"https:\\\/\\\/fsc-ccf.ca\\\/fr\\\/?s={search_term_string}\"},\"query-input\":{\"@type\":\"PropertyValueSpecification\",\"valueRequired\":true,\"valueName\":\"search_term_string\"}}],\"inLanguage\":\"fr-FR\"},{\"@type\":\"Organization\",\"@id\":\"https:\\\/\\\/fsc-ccf.ca\\\/fr\\\/#organization\",\"name\":\"Future Skills Centre \u2022 Centre des Comp\u00e9tences futures\",\"url\":\"https:\\\/\\\/fsc-ccf.ca\\\/fr\\\/\",\"logo\":{\"@type\":\"ImageObject\",\"inLanguage\":\"fr-FR\",\"@id\":\"https:\\\/\\\/fsc-ccf.ca\\\/fr\\\/#\\\/schema\\\/logo\\\/image\\\/\",\"url\":\"https:\\\/\\\/fsc-ccf.ca\\\/wp-content\\\/uploads\\\/2019\\\/08\\\/FSC_logo_colour_rgb_positive_ENG.png\",\"contentUrl\":\"https:\\\/\\\/fsc-ccf.ca\\\/wp-content\\\/uploads\\\/2019\\\/08\\\/FSC_logo_colour_rgb_positive_ENG.png\",\"width\":618,\"height\":528,\"caption\":\"Future Skills Centre \u2022 Centre des Comp\u00e9tences futures\"},\"image\":{\"@id\":\"https:\\\/\\\/fsc-ccf.ca\\\/fr\\\/#\\\/schema\\\/logo\\\/image\\\/\"},\"sameAs\":[\"https:\\\/\\\/www.facebook.com\\\/2161871137193201\\\/\",\"https:\\\/\\\/x.com\\\/fsc_ccf_en\",\"https:\\\/\\\/www.instagram.com\\\/fsc_ccf\\\/\",\"https:\\\/\\\/www.linkedin.com\\\/company\\\/fsc-ccf\\\/\"]}]}<\/script>\n<!-- \/ Yoast SEO plugin. -->","yoast_head_json":{"title":"Information and communication technology talent: The skills we need-framing the issues - Future Skills Centre \u2022 Centre des Comp\u00e9tences futures","robots":{"index":"index","follow":"follow","max-snippet":"max-snippet:-1","max-image-preview":"max-image-preview:large","max-video-preview":"max-video-preview:-1"},"canonical":"https:\/\/fsc-ccf.ca\/fr\/references\/information-and-communication-technology-talent-the-skills-we-need-framing-the-issues-2\/","twitter_misc":{"Est. reading time":"1 minute"},"schema":{"@context":"https:\/\/schema.org","@graph":[{"@type":"WebPage","@id":"https:\/\/fsc-ccf.ca\/fr\/references\/information-and-communication-technology-talent-the-skills-we-need-framing-the-issues-2\/","url":"https:\/\/fsc-ccf.ca\/fr\/references\/information-and-communication-technology-talent-the-skills-we-need-framing-the-issues-2\/","name":"Information and communication technology talent: The skills we need-framing the issues - Future Skills Centre \u2022 Centre des Comp\u00e9tences futures","isPartOf":{"@id":"https:\/\/fsc-ccf.ca\/fr\/#website"},"datePublished":"2020-08-11T22:19:02+00:00","breadcrumb":{"@id":"https:\/\/fsc-ccf.ca\/fr\/references\/information-and-communication-technology-talent-the-skills-we-need-framing-the-issues-2\/#breadcrumb"},"inLanguage":"fr-FR","potentialAction":[{"@type":"ReadAction","target":["https:\/\/fsc-ccf.ca\/fr\/references\/information-and-communication-technology-talent-the-skills-we-need-framing-the-issues-2\/"]}]},{"@type":"BreadcrumbList","@id":"https:\/\/fsc-ccf.ca\/fr\/references\/information-and-communication-technology-talent-the-skills-we-need-framing-the-issues-2\/#breadcrumb","itemListElement":[{"@type":"ListItem","position":1,"name":"Home","item":"https:\/\/fsc-ccf.ca\/fr\/"},{"@type":"ListItem","position":2,"name":"References","item":"https:\/\/fsc-ccf.ca\/fr\/references\/"},{"@type":"ListItem","position":3,"name":"Information and communication technology talent: The skills we need-framing the issues"}]},{"@type":"WebSite","@id":"https:\/\/fsc-ccf.ca\/fr\/#website","url":"https:\/\/fsc-ccf.ca\/fr\/","name":"Future Skills Centre \u2022 Centre des Comp\u00e9tences futures","description":"","publisher":{"@id":"https:\/\/fsc-ccf.ca\/fr\/#organization"},"potentialAction":[{"@type":"SearchAction","target":{"@type":"EntryPoint","urlTemplate":"https:\/\/fsc-ccf.ca\/fr\/?s={search_term_string}"},"query-input":{"@type":"PropertyValueSpecification","valueRequired":true,"valueName":"search_term_string"}}],"inLanguage":"fr-FR"},{"@type":"Organization","@id":"https:\/\/fsc-ccf.ca\/fr\/#organization","name":"Future Skills Centre \u2022 Centre des Comp\u00e9tences futures","url":"https:\/\/fsc-ccf.ca\/fr\/","logo":{"@type":"ImageObject","inLanguage":"fr-FR","@id":"https:\/\/fsc-ccf.ca\/fr\/#\/schema\/logo\/image\/","url":"https:\/\/fsc-ccf.ca\/wp-content\/uploads\/2019\/08\/FSC_logo_colour_rgb_positive_ENG.png","contentUrl":"https:\/\/fsc-ccf.ca\/wp-content\/uploads\/2019\/08\/FSC_logo_colour_rgb_positive_ENG.png","width":618,"height":528,"caption":"Future Skills Centre \u2022 Centre des Comp\u00e9tences futures"},"image":{"@id":"https:\/\/fsc-ccf.ca\/fr\/#\/schema\/logo\/image\/"},"sameAs":["https:\/\/www.facebook.com\/2161871137193201\/","https:\/\/x.com\/fsc_ccf_en","https:\/\/www.instagram.com\/fsc_ccf\/","https:\/\/www.linkedin.com\/company\/fsc-ccf\/"]}]}},"_links":{"self":[{"href":"https:\/\/fsc-ccf.ca\/fr\/wp-json\/wp\/v2\/reference\/129216","targetHints":{"allow":["GET"]}}],"collection":[{"href":"https:\/\/fsc-ccf.ca\/fr\/wp-json\/wp\/v2\/reference"}],"about":[{"href":"https:\/\/fsc-ccf.ca\/fr\/wp-json\/wp\/v2\/types\/reference"}],"version-history":[{"count":0,"href":"https:\/\/fsc-ccf.ca\/fr\/wp-json\/wp\/v2\/reference\/129216\/revisions"}],"wp:attachment":[{"href":"https:\/\/fsc-ccf.ca\/fr\/wp-json\/wp\/v2\/media?parent=129216"}],"wp:term":[{"taxonomy":"reference-tag","embeddable":true,"href":"https:\/\/fsc-ccf.ca\/fr\/wp-json\/wp\/v2\/reference-tag?post=129216"},{"taxonomy":"reference-type","embeddable":true,"href":"https:\/\/fsc-ccf.ca\/fr\/wp-json\/wp\/v2\/reference-type?post=129216"}],"curies":[{"name":"wp","href":"https:\/\/api.w.org\/{rel}","templated":true}]}}

<p>Cet article fournit un cadre conceptuel pour discuter de l&#8217;information et de compétences liées aux technologies de la communication (TIC) pénurie dans un contexte dans lequel ayant une quantité suffisante de TIC travailleurs qualifiés, à la fois dans le secteur des TIC et plus largement, est essentielle à la performance de l&#8217;économie canadienne. Nous commençons par un aperçu d&#8217;un modèle simple de la façon dont la pénurie de compétences TIC pourraient se manifester dans les signaux du marché du travail, tels que la hausse des salaires, puis comment, en réponse à ces signaux, les travailleurs déjà sur le marché du travail devraient adapter, alors que les jeunes faisant scolaires et de carrière seraient censés biaiser vers les domaines des TIC. Nous discutons ensuite quelques-unes des raisons pour lesquelles ces dynamiques pourraient ne pas suivre ce modèle, et donc des pénuries de compétences TIC pourraient supporter au fil du temps. L&#8217;article ouvre la voie pour les autres articles de ce numéro spécial, qui abordent ces questions et d&#8217;autres questions liées aux compétences en TIC à partir d&#8217;un mélange de perspectives traditionnelles académiques et de l&#8217;industrie. Traduit à l'aide de Google Translate</p>

<p>Cet article fournit un cadre conceptuel pour discuter de l&#8217;information et de compétences liées aux technologies de la communication (TIC) pénurie dans un contexte dans lequel ayant une quantité suffisante de TIC travailleurs qualifiés, à la fois dans le secteur des TIC et plus largement, est essentielle à la performance de l&#8217;économie canadienne. Nous commençons par un aperçu d&#8217;un modèle simple de la façon dont la pénurie de compétences TIC pourraient se manifester dans les signaux du marché du travail, tels que la hausse des salaires, puis comment, en réponse à ces signaux, les travailleurs déjà sur le marché du travail devraient adapter, alors que les jeunes faisant scolaires et de carrière seraient censés biaiser vers les domaines des TIC. Nous discutons ensuite quelques-unes des raisons pour lesquelles ces dynamiques pourraient ne pas suivre ce modèle, et donc des pénuries de compétences TIC pourraient supporter au fil du temps. L&#8217;article ouvre la voie pour les autres articles de ce numéro spécial, qui abordent ces questions et d&#8217;autres questions liées aux compétences en TIC à partir d&#8217;un mélange de perspectives traditionnelles académiques et de l&#8217;industrie. [googletranslate_fr]</p>

<!-- This site is optimized with the Yoast SEO plugin v27.4 - https://yoast.com/product/yoast-seo-wordpress/ -->
<title>Information and communication technology talent: The skills we need-framing the issues - Future Skills Centre • Centre des Compétences futures</title>
<meta name="robots" content="index, follow, max-snippet:-1, max-image-preview:large, max-video-preview:-1" />
<link rel="canonical" href="https://fsc-ccf.ca/fr/references/information-and-communication-technology-talent-the-skills-we-need-framing-the-issues-2/" />
<meta name="twitter:label1" content="Est. reading time" />
	<meta name="twitter:data1" content="1 minute" />
<script type="application/ld+json" class="yoast-schema-graph">{"@context":"https:\/\/schema.org","@graph":[{"@type":"WebPage","@id":"https:\/\/fsc-ccf.ca\/fr\/references\/information-and-communication-technology-talent-the-skills-we-need-framing-the-issues-2\/","url":"https:\/\/fsc-ccf.ca\/fr\/references\/information-and-communication-technology-talent-the-skills-we-need-framing-the-issues-2\/","name":"Information and communication technology talent: The skills we need-framing the issues - Future Skills Centre • Centre des Compétences futures","isPartOf":{"@id":"https:\/\/fsc-ccf.ca\/fr\/#website"},"datePublished":"2020-08-11T22:19:02+00:00","breadcrumb":{"@id":"https:\/\/fsc-ccf.ca\/fr\/references\/information-and-communication-technology-talent-the-skills-we-need-framing-the-issues-2\/#breadcrumb"},"inLanguage":"fr-FR","potentialAction":[{"@type":"ReadAction","target":["https:\/\/fsc-ccf.ca\/fr\/references\/information-and-communication-technology-talent-the-skills-we-need-framing-the-issues-2\/"]}]},{"@type":"BreadcrumbList","@id":"https:\/\/fsc-ccf.ca\/fr\/references\/information-and-communication-technology-talent-the-skills-we-need-framing-the-issues-2\/#breadcrumb","itemListElement":[{"@type":"ListItem","position":1,"name":"Home","item":"https:\/\/fsc-ccf.ca\/fr\/"},{"@type":"ListItem","position":2,"name":"References","item":"https:\/\/fsc-ccf.ca\/fr\/references\/"},{"@type":"ListItem","position":3,"name":"Information and communication technology talent: The skills we need-framing the issues"}]},{"@type":"WebSite","@id":"https:\/\/fsc-ccf.ca\/fr\/#website","url":"https:\/\/fsc-ccf.ca\/fr\/","name":"Future Skills Centre • Centre des Compétences futures","description":"","publisher":{"@id":"https:\/\/fsc-ccf.ca\/fr\/#organization"},"potentialAction":[{"@type":"SearchAction","target":{"@type":"EntryPoint","urlTemplate":"https:\/\/fsc-ccf.ca\/fr\/?s={search_term_string}"},"query-input":{"@type":"PropertyValueSpecification","valueRequired":true,"valueName":"search_term_string"}}],"inLanguage":"fr-FR"},{"@type":"Organization","@id":"https:\/\/fsc-ccf.ca\/fr\/#organization","name":"Future Skills Centre • Centre des Compétences futures","url":"https:\/\/fsc-ccf.ca\/fr\/","logo":{"@type":"ImageObject","inLanguage":"fr-FR","@id":"https:\/\/fsc-ccf.ca\/fr\/#\/schema\/logo\/image\/","url":"https:\/\/fsc-ccf.ca\/wp-content\/uploads\/2019\/08\/FSC_logo_colour_rgb_positive_ENG.png","contentUrl":"https:\/\/fsc-ccf.ca\/wp-content\/uploads\/2019\/08\/FSC_logo_colour_rgb_positive_ENG.png","width":618,"height":528,"caption":"Future Skills Centre • Centre des Compétences futures"},"image":{"@id":"https:\/\/fsc-ccf.ca\/fr\/#\/schema\/logo\/image\/"},"sameAs":["https:\/\/www.facebook.com\/2161871137193201\/","https:\/\/x.com\/fsc_ccf_en","https:\/\/www.instagram.com\/fsc_ccf\/","https:\/\/www.linkedin.com\/company\/fsc-ccf\/"]}]}</script>
<!-- / Yoast SEO plugin. -->

Information and communication technology talent: The skills we need-framing the issues - Future Skills Centre • Centre des Compétences futures

Future Skills Centre • Centre des Compétences futures
