			{"id":129188,"date":"2020-08-11T18:18:49","date_gmt":"2020-08-11T22:18:49","guid":{"rendered":"https:\/\/fsc-ccf.ca\/references\/disabled-students-identity-inclusion-and-work-based-placements-2\/"},"modified":"2020-08-11T18:18:49","modified_gmt":"2020-08-11T22:18:49","slug":"disabled-students-identity-inclusion-and-work-based-placements-2","status":"publish","type":"reference","link":"https:\/\/fsc-ccf.ca\/fr\/references\/disabled-students-identity-inclusion-and-work-based-placements-2\/","title":{"rendered":"Disabled students: Identity, inclusion and work-based placements"},"content":{"rendered":"<p>La recherche sur l&#8217;identit\u00e9 refl\u00e8te handicap\u00e9es divers points de vue sur le fond et les d\u00e9fis associ\u00e9s \u00e0 une telle identit\u00e9. Cet article explore l&#8217;impact de l&#8217;identit\u00e9 d\u00e9sactiv\u00e9es sur l&#8217;int\u00e9gration des \u00e9l\u00e8ves handicap\u00e9s dans des contextes d&#8217;enseignement sup\u00e9rieur et de l&#8217;emploi. Elle consid\u00e8re leurs exp\u00e9riences d&#8217;inclusion dans un cadre universitaire et de ses placements \u00e0 base de travail associ\u00e9s et examine la mesure dans laquelle les \u00e9l\u00e8ves devaient n\u00e9gocier un \u00e9ventail d&#8217;exp\u00e9riences d&#8217;identit\u00e9 handicap\u00e9es. Le document sugg\u00e8re que de nombreux \u00e9tudiants handicap\u00e9s, en particulier ceux qui ont des \u00e9tiquettes de nisent comportement, sont soumis \u00e0 l&#8217;exclusion continue \u00e0 l&#8217;universit\u00e9 et, plus particuli\u00e8rement, les milieux de travail, ce qui contribue \u00e0 un d\u00e9savantage de l&#8217;emploi par rapport \u00e0 leurs pairs. \u00c0 cette fin, le document souligne l&#8217;importance de renforcer l&#8217;inclusion des \u00e9l\u00e8ves handicap\u00e9s, en particulier dans les milieux de l&#8217;emploi, en mettant l&#8217;accent sur la r\u00e9duction des identit\u00e9s destructrices. Traduit a\u0300 l'aide de Google Translate<\/p>\n","protected":false},"excerpt":{"rendered":"<p>La recherche sur l&#8217;identit\u00e9 refl\u00e8te handicap\u00e9es divers points de vue sur le fond et les d\u00e9fis associ\u00e9s \u00e0 une telle identit\u00e9. Cet article explore l&#8217;impact de l&#8217;identit\u00e9 d\u00e9sactiv\u00e9es sur l&#8217;int\u00e9gration des \u00e9l\u00e8ves handicap\u00e9s dans des contextes d&#8217;enseignement sup\u00e9rieur et de l&#8217;emploi. Elle consid\u00e8re leurs exp\u00e9riences d&#8217;inclusion dans un cadre universitaire et de ses placements \u00e0 base de travail associ\u00e9s et examine la mesure dans laquelle les \u00e9l\u00e8ves devaient n\u00e9gocier un \u00e9ventail d&#8217;exp\u00e9riences d&#8217;identit\u00e9 handicap\u00e9es. Le document sugg\u00e8re que de nombreux \u00e9tudiants handicap\u00e9s, en particulier ceux qui ont des \u00e9tiquettes de nisent comportement, sont soumis \u00e0 l&#8217;exclusion continue \u00e0 l&#8217;universit\u00e9 et, plus particuli\u00e8rement, les milieux de travail, ce qui contribue \u00e0 un d\u00e9savantage de l&#8217;emploi par rapport \u00e0 leurs pairs. \u00c0 cette fin, le document souligne l&#8217;importance de renforcer l&#8217;inclusion des \u00e9l\u00e8ves handicap\u00e9s, en particulier dans les milieux de l&#8217;emploi, en mettant l&#8217;accent sur la r\u00e9duction des identit\u00e9s destructrices. [googletranslate_fr]<\/p>\n","protected":false},"template":"","reference-tag":[],"reference-type":[435],"class_list":["post-129188","reference","type-reference","status-publish","hentry","reference-type-journal-article"],"acf":{"citation":"Cunnah, W. (2015). Disabled students: Identity, inclusion and work-based placements. Disability and Society, 30(2), 213\u2013226. Retrieved from https:\/\/doi.org\/10.1080\/09687599.2014.996282.","authors":"Cunnah, W.","org":"","year":"2015","title_fr":null,"editors_hidden":"","publication":"Disability and Society","publication_fr":null,"volume":"30","issue":"2","Series":"","SeriesNumber":"","page_range":"213\u2013226","publisher_city":"","publisher_state":"","publisher":"Taylor & Francis Online","abstract_en":null,"abstract_fr":null,"keywords":"Disability, Higher education, Identity, Inclusion, Social model, Work placements","paywall":"1","doi":"10.1080\/09687599.2014.996282","isbn":"","url":"https:\/\/doi.org\/10.1080\/09687599.2014.996282","url_fr":null,"url_amazon":"","TRACK":"0"},"yoast_head":"<!-- This site is optimized with the Yoast SEO plugin v27.4 - https:\/\/yoast.com\/product\/yoast-seo-wordpress\/ -->\n<title>Disabled students: Identity, inclusion and work-based placements - Future Skills Centre \u2022 Centre des Comp\u00e9tences futures<\/title>\n<meta name=\"robots\" content=\"index, follow, max-snippet:-1, max-image-preview:large, max-video-preview:-1\" \/>\n<link rel=\"canonical\" href=\"https:\/\/fsc-ccf.ca\/fr\/references\/disabled-students-identity-inclusion-and-work-based-placements-2\/\" \/>\n<meta name=\"twitter:label1\" content=\"Est. reading time\" \/>\n\t<meta name=\"twitter:data1\" content=\"1 minute\" \/>\n<script type=\"application\/ld+json\" class=\"yoast-schema-graph\">{\"@context\":\"https:\\\/\\\/schema.org\",\"@graph\":[{\"@type\":\"WebPage\",\"@id\":\"https:\\\/\\\/fsc-ccf.ca\\\/fr\\\/references\\\/disabled-students-identity-inclusion-and-work-based-placements-2\\\/\",\"url\":\"https:\\\/\\\/fsc-ccf.ca\\\/fr\\\/references\\\/disabled-students-identity-inclusion-and-work-based-placements-2\\\/\",\"name\":\"Disabled students: Identity, inclusion and work-based placements - Future Skills Centre \u2022 Centre des Comp\u00e9tences futures\",\"isPartOf\":{\"@id\":\"https:\\\/\\\/fsc-ccf.ca\\\/fr\\\/#website\"},\"datePublished\":\"2020-08-11T22:18:49+00:00\",\"breadcrumb\":{\"@id\":\"https:\\\/\\\/fsc-ccf.ca\\\/fr\\\/references\\\/disabled-students-identity-inclusion-and-work-based-placements-2\\\/#breadcrumb\"},\"inLanguage\":\"fr-FR\",\"potentialAction\":[{\"@type\":\"ReadAction\",\"target\":[\"https:\\\/\\\/fsc-ccf.ca\\\/fr\\\/references\\\/disabled-students-identity-inclusion-and-work-based-placements-2\\\/\"]}]},{\"@type\":\"BreadcrumbList\",\"@id\":\"https:\\\/\\\/fsc-ccf.ca\\\/fr\\\/references\\\/disabled-students-identity-inclusion-and-work-based-placements-2\\\/#breadcrumb\",\"itemListElement\":[{\"@type\":\"ListItem\",\"position\":1,\"name\":\"Home\",\"item\":\"https:\\\/\\\/fsc-ccf.ca\\\/fr\\\/\"},{\"@type\":\"ListItem\",\"position\":2,\"name\":\"References\",\"item\":\"https:\\\/\\\/fsc-ccf.ca\\\/fr\\\/references\\\/\"},{\"@type\":\"ListItem\",\"position\":3,\"name\":\"Disabled students: Identity, inclusion and work-based placements\"}]},{\"@type\":\"WebSite\",\"@id\":\"https:\\\/\\\/fsc-ccf.ca\\\/fr\\\/#website\",\"url\":\"https:\\\/\\\/fsc-ccf.ca\\\/fr\\\/\",\"name\":\"Future Skills Centre \u2022 Centre des Comp\u00e9tences futures\",\"description\":\"\",\"publisher\":{\"@id\":\"https:\\\/\\\/fsc-ccf.ca\\\/fr\\\/#organization\"},\"potentialAction\":[{\"@type\":\"SearchAction\",\"target\":{\"@type\":\"EntryPoint\",\"urlTemplate\":\"https:\\\/\\\/fsc-ccf.ca\\\/fr\\\/?s={search_term_string}\"},\"query-input\":{\"@type\":\"PropertyValueSpecification\",\"valueRequired\":true,\"valueName\":\"search_term_string\"}}],\"inLanguage\":\"fr-FR\"},{\"@type\":\"Organization\",\"@id\":\"https:\\\/\\\/fsc-ccf.ca\\\/fr\\\/#organization\",\"name\":\"Future Skills Centre \u2022 Centre des Comp\u00e9tences futures\",\"url\":\"https:\\\/\\\/fsc-ccf.ca\\\/fr\\\/\",\"logo\":{\"@type\":\"ImageObject\",\"inLanguage\":\"fr-FR\",\"@id\":\"https:\\\/\\\/fsc-ccf.ca\\\/fr\\\/#\\\/schema\\\/logo\\\/image\\\/\",\"url\":\"https:\\\/\\\/fsc-ccf.ca\\\/wp-content\\\/uploads\\\/2019\\\/08\\\/FSC_logo_colour_rgb_positive_ENG.png\",\"contentUrl\":\"https:\\\/\\\/fsc-ccf.ca\\\/wp-content\\\/uploads\\\/2019\\\/08\\\/FSC_logo_colour_rgb_positive_ENG.png\",\"width\":618,\"height\":528,\"caption\":\"Future Skills Centre \u2022 Centre des Comp\u00e9tences futures\"},\"image\":{\"@id\":\"https:\\\/\\\/fsc-ccf.ca\\\/fr\\\/#\\\/schema\\\/logo\\\/image\\\/\"},\"sameAs\":[\"https:\\\/\\\/www.facebook.com\\\/2161871137193201\\\/\",\"https:\\\/\\\/x.com\\\/fsc_ccf_en\",\"https:\\\/\\\/www.instagram.com\\\/fsc_ccf\\\/\",\"https:\\\/\\\/www.linkedin.com\\\/company\\\/fsc-ccf\\\/\"]}]}<\/script>\n<!-- \/ Yoast SEO plugin. -->","yoast_head_json":{"title":"Disabled students: Identity, inclusion and work-based placements - Future Skills Centre \u2022 Centre des Comp\u00e9tences futures","robots":{"index":"index","follow":"follow","max-snippet":"max-snippet:-1","max-image-preview":"max-image-preview:large","max-video-preview":"max-video-preview:-1"},"canonical":"https:\/\/fsc-ccf.ca\/fr\/references\/disabled-students-identity-inclusion-and-work-based-placements-2\/","twitter_misc":{"Est. reading time":"1 minute"},"schema":{"@context":"https:\/\/schema.org","@graph":[{"@type":"WebPage","@id":"https:\/\/fsc-ccf.ca\/fr\/references\/disabled-students-identity-inclusion-and-work-based-placements-2\/","url":"https:\/\/fsc-ccf.ca\/fr\/references\/disabled-students-identity-inclusion-and-work-based-placements-2\/","name":"Disabled students: Identity, inclusion and work-based placements - Future Skills Centre \u2022 Centre des Comp\u00e9tences futures","isPartOf":{"@id":"https:\/\/fsc-ccf.ca\/fr\/#website"},"datePublished":"2020-08-11T22:18:49+00:00","breadcrumb":{"@id":"https:\/\/fsc-ccf.ca\/fr\/references\/disabled-students-identity-inclusion-and-work-based-placements-2\/#breadcrumb"},"inLanguage":"fr-FR","potentialAction":[{"@type":"ReadAction","target":["https:\/\/fsc-ccf.ca\/fr\/references\/disabled-students-identity-inclusion-and-work-based-placements-2\/"]}]},{"@type":"BreadcrumbList","@id":"https:\/\/fsc-ccf.ca\/fr\/references\/disabled-students-identity-inclusion-and-work-based-placements-2\/#breadcrumb","itemListElement":[{"@type":"ListItem","position":1,"name":"Home","item":"https:\/\/fsc-ccf.ca\/fr\/"},{"@type":"ListItem","position":2,"name":"References","item":"https:\/\/fsc-ccf.ca\/fr\/references\/"},{"@type":"ListItem","position":3,"name":"Disabled students: Identity, inclusion and work-based placements"}]},{"@type":"WebSite","@id":"https:\/\/fsc-ccf.ca\/fr\/#website","url":"https:\/\/fsc-ccf.ca\/fr\/","name":"Future Skills Centre \u2022 Centre des Comp\u00e9tences futures","description":"","publisher":{"@id":"https:\/\/fsc-ccf.ca\/fr\/#organization"},"potentialAction":[{"@type":"SearchAction","target":{"@type":"EntryPoint","urlTemplate":"https:\/\/fsc-ccf.ca\/fr\/?s={search_term_string}"},"query-input":{"@type":"PropertyValueSpecification","valueRequired":true,"valueName":"search_term_string"}}],"inLanguage":"fr-FR"},{"@type":"Organization","@id":"https:\/\/fsc-ccf.ca\/fr\/#organization","name":"Future Skills Centre \u2022 Centre des Comp\u00e9tences futures","url":"https:\/\/fsc-ccf.ca\/fr\/","logo":{"@type":"ImageObject","inLanguage":"fr-FR","@id":"https:\/\/fsc-ccf.ca\/fr\/#\/schema\/logo\/image\/","url":"https:\/\/fsc-ccf.ca\/wp-content\/uploads\/2019\/08\/FSC_logo_colour_rgb_positive_ENG.png","contentUrl":"https:\/\/fsc-ccf.ca\/wp-content\/uploads\/2019\/08\/FSC_logo_colour_rgb_positive_ENG.png","width":618,"height":528,"caption":"Future Skills Centre \u2022 Centre des Comp\u00e9tences futures"},"image":{"@id":"https:\/\/fsc-ccf.ca\/fr\/#\/schema\/logo\/image\/"},"sameAs":["https:\/\/www.facebook.com\/2161871137193201\/","https:\/\/x.com\/fsc_ccf_en","https:\/\/www.instagram.com\/fsc_ccf\/","https:\/\/www.linkedin.com\/company\/fsc-ccf\/"]}]}},"_links":{"self":[{"href":"https:\/\/fsc-ccf.ca\/fr\/wp-json\/wp\/v2\/reference\/129188","targetHints":{"allow":["GET"]}}],"collection":[{"href":"https:\/\/fsc-ccf.ca\/fr\/wp-json\/wp\/v2\/reference"}],"about":[{"href":"https:\/\/fsc-ccf.ca\/fr\/wp-json\/wp\/v2\/types\/reference"}],"version-history":[{"count":0,"href":"https:\/\/fsc-ccf.ca\/fr\/wp-json\/wp\/v2\/reference\/129188\/revisions"}],"wp:attachment":[{"href":"https:\/\/fsc-ccf.ca\/fr\/wp-json\/wp\/v2\/media?parent=129188"}],"wp:term":[{"taxonomy":"reference-tag","embeddable":true,"href":"https:\/\/fsc-ccf.ca\/fr\/wp-json\/wp\/v2\/reference-tag?post=129188"},{"taxonomy":"reference-type","embeddable":true,"href":"https:\/\/fsc-ccf.ca\/fr\/wp-json\/wp\/v2\/reference-type?post=129188"}],"curies":[{"name":"wp","href":"https:\/\/api.w.org\/{rel}","templated":true}]}}

<p>La recherche sur l&#8217;identité reflète handicapées divers points de vue sur le fond et les défis associés à une telle identité. Cet article explore l&#8217;impact de l&#8217;identité désactivées sur l&#8217;intégration des élèves handicapés dans des contextes d&#8217;enseignement supérieur et de l&#8217;emploi. Elle considère leurs expériences d&#8217;inclusion dans un cadre universitaire et de ses placements à base de travail associés et examine la mesure dans laquelle les élèves devaient négocier un éventail d&#8217;expériences d&#8217;identité handicapées. Le document suggère que de nombreux étudiants handicapés, en particulier ceux qui ont des étiquettes de nisent comportement, sont soumis à l&#8217;exclusion continue à l&#8217;université et, plus particulièrement, les milieux de travail, ce qui contribue à un désavantage de l&#8217;emploi par rapport à leurs pairs. À cette fin, le document souligne l&#8217;importance de renforcer l&#8217;inclusion des élèves handicapés, en particulier dans les milieux de l&#8217;emploi, en mettant l&#8217;accent sur la réduction des identités destructrices. Traduit à l'aide de Google Translate</p>

<p>La recherche sur l&#8217;identité reflète handicapées divers points de vue sur le fond et les défis associés à une telle identité. Cet article explore l&#8217;impact de l&#8217;identité désactivées sur l&#8217;intégration des élèves handicapés dans des contextes d&#8217;enseignement supérieur et de l&#8217;emploi. Elle considère leurs expériences d&#8217;inclusion dans un cadre universitaire et de ses placements à base de travail associés et examine la mesure dans laquelle les élèves devaient négocier un éventail d&#8217;expériences d&#8217;identité handicapées. Le document suggère que de nombreux étudiants handicapés, en particulier ceux qui ont des étiquettes de nisent comportement, sont soumis à l&#8217;exclusion continue à l&#8217;université et, plus particulièrement, les milieux de travail, ce qui contribue à un désavantage de l&#8217;emploi par rapport à leurs pairs. À cette fin, le document souligne l&#8217;importance de renforcer l&#8217;inclusion des élèves handicapés, en particulier dans les milieux de l&#8217;emploi, en mettant l&#8217;accent sur la réduction des identités destructrices. [googletranslate_fr]</p>

<!-- This site is optimized with the Yoast SEO plugin v27.4 - https://yoast.com/product/yoast-seo-wordpress/ -->
<title>Disabled students: Identity, inclusion and work-based placements - Future Skills Centre • Centre des Compétences futures</title>
<meta name="robots" content="index, follow, max-snippet:-1, max-image-preview:large, max-video-preview:-1" />
<link rel="canonical" href="https://fsc-ccf.ca/fr/references/disabled-students-identity-inclusion-and-work-based-placements-2/" />
<meta name="twitter:label1" content="Est. reading time" />
	<meta name="twitter:data1" content="1 minute" />
<script type="application/ld+json" class="yoast-schema-graph">{"@context":"https:\/\/schema.org","@graph":[{"@type":"WebPage","@id":"https:\/\/fsc-ccf.ca\/fr\/references\/disabled-students-identity-inclusion-and-work-based-placements-2\/","url":"https:\/\/fsc-ccf.ca\/fr\/references\/disabled-students-identity-inclusion-and-work-based-placements-2\/","name":"Disabled students: Identity, inclusion and work-based placements - Future Skills Centre • Centre des Compétences futures","isPartOf":{"@id":"https:\/\/fsc-ccf.ca\/fr\/#website"},"datePublished":"2020-08-11T22:18:49+00:00","breadcrumb":{"@id":"https:\/\/fsc-ccf.ca\/fr\/references\/disabled-students-identity-inclusion-and-work-based-placements-2\/#breadcrumb"},"inLanguage":"fr-FR","potentialAction":[{"@type":"ReadAction","target":["https:\/\/fsc-ccf.ca\/fr\/references\/disabled-students-identity-inclusion-and-work-based-placements-2\/"]}]},{"@type":"BreadcrumbList","@id":"https:\/\/fsc-ccf.ca\/fr\/references\/disabled-students-identity-inclusion-and-work-based-placements-2\/#breadcrumb","itemListElement":[{"@type":"ListItem","position":1,"name":"Home","item":"https:\/\/fsc-ccf.ca\/fr\/"},{"@type":"ListItem","position":2,"name":"References","item":"https:\/\/fsc-ccf.ca\/fr\/references\/"},{"@type":"ListItem","position":3,"name":"Disabled students: Identity, inclusion and work-based placements"}]},{"@type":"WebSite","@id":"https:\/\/fsc-ccf.ca\/fr\/#website","url":"https:\/\/fsc-ccf.ca\/fr\/","name":"Future Skills Centre • Centre des Compétences futures","description":"","publisher":{"@id":"https:\/\/fsc-ccf.ca\/fr\/#organization"},"potentialAction":[{"@type":"SearchAction","target":{"@type":"EntryPoint","urlTemplate":"https:\/\/fsc-ccf.ca\/fr\/?s={search_term_string}"},"query-input":{"@type":"PropertyValueSpecification","valueRequired":true,"valueName":"search_term_string"}}],"inLanguage":"fr-FR"},{"@type":"Organization","@id":"https:\/\/fsc-ccf.ca\/fr\/#organization","name":"Future Skills Centre • Centre des Compétences futures","url":"https:\/\/fsc-ccf.ca\/fr\/","logo":{"@type":"ImageObject","inLanguage":"fr-FR","@id":"https:\/\/fsc-ccf.ca\/fr\/#\/schema\/logo\/image\/","url":"https:\/\/fsc-ccf.ca\/wp-content\/uploads\/2019\/08\/FSC_logo_colour_rgb_positive_ENG.png","contentUrl":"https:\/\/fsc-ccf.ca\/wp-content\/uploads\/2019\/08\/FSC_logo_colour_rgb_positive_ENG.png","width":618,"height":528,"caption":"Future Skills Centre • Centre des Compétences futures"},"image":{"@id":"https:\/\/fsc-ccf.ca\/fr\/#\/schema\/logo\/image\/"},"sameAs":["https:\/\/www.facebook.com\/2161871137193201\/","https:\/\/x.com\/fsc_ccf_en","https:\/\/www.instagram.com\/fsc_ccf\/","https:\/\/www.linkedin.com\/company\/fsc-ccf\/"]}]}</script>
<!-- / Yoast SEO plugin. -->

Disabled students: Identity, inclusion and work-based placements - Future Skills Centre • Centre des Compétences futures

Future Skills Centre • Centre des Compétences futures
