			{"id":129168,"date":"2020-08-11T18:18:41","date_gmt":"2020-08-11T22:18:41","guid":{"rendered":"https:\/\/fsc-ccf.ca\/references\/the-interlocking-oppressions-of-employment-related-discrimination-for-internationally-trained-engineers-in-canada-2\/"},"modified":"2020-08-11T18:18:41","modified_gmt":"2020-08-11T22:18:41","slug":"the-interlocking-oppressions-of-employment-related-discrimination-for-internationally-trained-engineers-in-canada-2","status":"publish","type":"reference","link":"https:\/\/fsc-ccf.ca\/fr\/references\/the-interlocking-oppressions-of-employment-related-discrimination-for-internationally-trained-engineers-in-canada-2\/","title":{"rendered":"The interlocking oppressions of employment-related discrimination for internationally trained engineers in Canada"},"content":{"rendered":"<p>Le travail social a une longue histoire d&#8217;engagement avec les immigrants et les r\u00e9fugi\u00e9s. Cependant, le profil d\u00e9mographique des immigrants au Canada et leurs besoins changent. Au cours des derni\u00e8res d\u00e9cennies ont vu une augmentation du nombre d&#8217;immigrants professionnels hautement qualifi\u00e9s de pays non traditionnels d&#8217;immigration. Bien que g\u00e9n\u00e9ralement pas pens\u00e9 dans la profession de travail social en tant que population vuln\u00e9rable, ce groupe fait face \u00e0 de multiples oppressions au Canada. Cet article pr\u00e9sente les r\u00e9sultats de 20 entretiens approfondis avec des ing\u00e9nieurs form\u00e9s \u00e0 l&#8217;\u00e9tranger et leurs exp\u00e9riences de discrimination soit pendant la recherche de travail ou dans le lieu de travail apr\u00e8s l&#8217;emploi a \u00e9t\u00e9 fix\u00e9. Deux principales conclusions qui se d\u00e9gagent de cette \u00e9tude ont des informations importantes pour la pratique du travail social. Le premier indique les ing\u00e9nieurs form\u00e9s \u00e0 l&#8217;\u00e9tranger discrimin\u00e9 pour plusieurs axes se rapportant \u00e0 leur identit\u00e9 sociale. La seconde r\u00e9v\u00e8le que quelques participants ne se consid\u00e8rent pas comme des victimes de la discrimination, m\u00eame si elles ont reconnu la discrimination pour \u00eatre en jeu alors que d&#8217;autres comme eux ont \u00e9t\u00e9 incapables de trouver des emplois comme ing\u00e9nieurs. Les r\u00e9sultats remettent en question les vues traditionnelles qui constituent des populations vuln\u00e9rables et bouleversent les notions de populations immigr\u00e9es qui ont besoin l&#8217;intervention sociale seulement au moment o\u00f9 ils sont incapables de faire face \u00e0 leurs adaptations culturelles et sociales. Les r\u00e9sultats mettent en \u00e9vidence la n\u00e9cessit\u00e9 d&#8217;une formation en travail social pour la formation des \u00e9tudiants dans les domaines de la d\u00e9fense, lutte contre le racisme et la pratique anti-oppression afin de mieux r\u00e9pondre aux besoins de ces groupes. Traduit a\u0300 l'aide de Google Translate<\/p>\n","protected":false},"excerpt":{"rendered":"<p>Le travail social a une longue histoire d&#8217;engagement avec les immigrants et les r\u00e9fugi\u00e9s. Cependant, le profil d\u00e9mographique des immigrants au Canada et leurs besoins changent. Au cours des derni\u00e8res d\u00e9cennies ont vu une augmentation du nombre d&#8217;immigrants professionnels hautement qualifi\u00e9s de pays non traditionnels d&#8217;immigration. Bien que g\u00e9n\u00e9ralement pas pens\u00e9 dans la profession de travail social en tant que population vuln\u00e9rable, ce groupe fait face \u00e0 de multiples oppressions au Canada. Cet article pr\u00e9sente les r\u00e9sultats de 20 entretiens approfondis avec des ing\u00e9nieurs form\u00e9s \u00e0 l&#8217;\u00e9tranger et leurs exp\u00e9riences de discrimination soit pendant la recherche de travail ou dans le lieu de travail apr\u00e8s l&#8217;emploi a \u00e9t\u00e9 fix\u00e9. Deux principales conclusions qui se d\u00e9gagent de cette \u00e9tude ont des informations importantes pour la pratique du travail social. Le premier indique les ing\u00e9nieurs form\u00e9s \u00e0 l&#8217;\u00e9tranger discrimin\u00e9 pour plusieurs axes se rapportant \u00e0 leur identit\u00e9 sociale. La seconde r\u00e9v\u00e8le que quelques participants ne se consid\u00e8rent pas comme des victimes de la discrimination, m\u00eame si elles ont reconnu la discrimination pour \u00eatre en jeu alors que d&#8217;autres comme eux ont \u00e9t\u00e9 incapables de trouver des emplois comme ing\u00e9nieurs. Les r\u00e9sultats remettent en question les vues traditionnelles qui constituent des populations vuln\u00e9rables et bouleversent les notions de populations immigr\u00e9es qui ont besoin l&#8217;intervention sociale seulement au moment o\u00f9 ils sont incapables de faire face \u00e0 leurs adaptations culturelles et sociales. Les r\u00e9sultats mettent en \u00e9vidence la n\u00e9cessit\u00e9 d&#8217;une formation en travail social pour la formation des \u00e9tudiants dans les domaines de la d\u00e9fense, lutte contre le racisme et la pratique anti-oppression afin de mieux r\u00e9pondre aux besoins de ces groupes. [googletranslate_fr]<\/p>\n","protected":false},"template":"","reference-tag":[],"reference-type":[435],"class_list":["post-129168","reference","type-reference","status-publish","hentry","reference-type-journal-article"],"acf":{"citation":"Chaze, F. and George, U. (2013). The interlocking oppressions of employment-related discrimination for internationally trained engineers in Canada. Canadian Social Work Review, 30(2), 119\u2013137. Retrieved from www.jstor.org\/stable\/43486766.","authors":"Chaze, F. and George, U.","org":"","year":"2013","title_fr":null,"editors_hidden":"","publication":"Canadian Social Work Review","publication_fr":null,"volume":"30","issue":"2","Series":"","SeriesNumber":"","page_range":"119\u2013137","publisher_city":"","publisher_state":"","publisher":"Canadian Association for Social Work Education (CASWE)","abstract_en":null,"abstract_fr":null,"keywords":"Canada, Immigrants, Interlocking oppression, Race discrimination, Refugees, Social services, discrimination dans l'emploi, employment discrimination, internationally trained immigrants, intersectionality","paywall":"1","doi":"","isbn":"","url":"www.jstor.org\/stable\/43486766","url_fr":null,"url_amazon":"","TRACK":"0"},"yoast_head":"<!-- This site is optimized with the Yoast SEO plugin v27.4 - https:\/\/yoast.com\/product\/yoast-seo-wordpress\/ -->\n<title>The interlocking oppressions of employment-related discrimination for internationally trained engineers in Canada - Future Skills Centre \u2022 Centre des Comp\u00e9tences futures<\/title>\n<meta name=\"robots\" content=\"index, follow, max-snippet:-1, max-image-preview:large, max-video-preview:-1\" \/>\n<link rel=\"canonical\" href=\"https:\/\/fsc-ccf.ca\/fr\/references\/the-interlocking-oppressions-of-employment-related-discrimination-for-internationally-trained-engineers-in-canada-2\/\" \/>\n<meta name=\"twitter:label1\" content=\"Est. reading time\" \/>\n\t<meta name=\"twitter:data1\" content=\"1 minute\" \/>\n<script type=\"application\/ld+json\" class=\"yoast-schema-graph\">{\"@context\":\"https:\\\/\\\/schema.org\",\"@graph\":[{\"@type\":\"WebPage\",\"@id\":\"https:\\\/\\\/fsc-ccf.ca\\\/fr\\\/references\\\/the-interlocking-oppressions-of-employment-related-discrimination-for-internationally-trained-engineers-in-canada-2\\\/\",\"url\":\"https:\\\/\\\/fsc-ccf.ca\\\/fr\\\/references\\\/the-interlocking-oppressions-of-employment-related-discrimination-for-internationally-trained-engineers-in-canada-2\\\/\",\"name\":\"The interlocking oppressions of employment-related discrimination for internationally trained engineers in Canada - Future Skills Centre \u2022 Centre des Comp\u00e9tences futures\",\"isPartOf\":{\"@id\":\"https:\\\/\\\/fsc-ccf.ca\\\/fr\\\/#website\"},\"datePublished\":\"2020-08-11T22:18:41+00:00\",\"breadcrumb\":{\"@id\":\"https:\\\/\\\/fsc-ccf.ca\\\/fr\\\/references\\\/the-interlocking-oppressions-of-employment-related-discrimination-for-internationally-trained-engineers-in-canada-2\\\/#breadcrumb\"},\"inLanguage\":\"fr-FR\",\"potentialAction\":[{\"@type\":\"ReadAction\",\"target\":[\"https:\\\/\\\/fsc-ccf.ca\\\/fr\\\/references\\\/the-interlocking-oppressions-of-employment-related-discrimination-for-internationally-trained-engineers-in-canada-2\\\/\"]}]},{\"@type\":\"BreadcrumbList\",\"@id\":\"https:\\\/\\\/fsc-ccf.ca\\\/fr\\\/references\\\/the-interlocking-oppressions-of-employment-related-discrimination-for-internationally-trained-engineers-in-canada-2\\\/#breadcrumb\",\"itemListElement\":[{\"@type\":\"ListItem\",\"position\":1,\"name\":\"Home\",\"item\":\"https:\\\/\\\/fsc-ccf.ca\\\/fr\\\/\"},{\"@type\":\"ListItem\",\"position\":2,\"name\":\"References\",\"item\":\"https:\\\/\\\/fsc-ccf.ca\\\/fr\\\/references\\\/\"},{\"@type\":\"ListItem\",\"position\":3,\"name\":\"The interlocking oppressions of employment-related discrimination for internationally trained engineers in Canada\"}]},{\"@type\":\"WebSite\",\"@id\":\"https:\\\/\\\/fsc-ccf.ca\\\/fr\\\/#website\",\"url\":\"https:\\\/\\\/fsc-ccf.ca\\\/fr\\\/\",\"name\":\"Future Skills Centre \u2022 Centre des Comp\u00e9tences futures\",\"description\":\"\",\"publisher\":{\"@id\":\"https:\\\/\\\/fsc-ccf.ca\\\/fr\\\/#organization\"},\"potentialAction\":[{\"@type\":\"SearchAction\",\"target\":{\"@type\":\"EntryPoint\",\"urlTemplate\":\"https:\\\/\\\/fsc-ccf.ca\\\/fr\\\/?s={search_term_string}\"},\"query-input\":{\"@type\":\"PropertyValueSpecification\",\"valueRequired\":true,\"valueName\":\"search_term_string\"}}],\"inLanguage\":\"fr-FR\"},{\"@type\":\"Organization\",\"@id\":\"https:\\\/\\\/fsc-ccf.ca\\\/fr\\\/#organization\",\"name\":\"Future Skills Centre \u2022 Centre des Comp\u00e9tences futures\",\"url\":\"https:\\\/\\\/fsc-ccf.ca\\\/fr\\\/\",\"logo\":{\"@type\":\"ImageObject\",\"inLanguage\":\"fr-FR\",\"@id\":\"https:\\\/\\\/fsc-ccf.ca\\\/fr\\\/#\\\/schema\\\/logo\\\/image\\\/\",\"url\":\"https:\\\/\\\/fsc-ccf.ca\\\/wp-content\\\/uploads\\\/2019\\\/08\\\/FSC_logo_colour_rgb_positive_ENG.png\",\"contentUrl\":\"https:\\\/\\\/fsc-ccf.ca\\\/wp-content\\\/uploads\\\/2019\\\/08\\\/FSC_logo_colour_rgb_positive_ENG.png\",\"width\":618,\"height\":528,\"caption\":\"Future Skills Centre \u2022 Centre des Comp\u00e9tences futures\"},\"image\":{\"@id\":\"https:\\\/\\\/fsc-ccf.ca\\\/fr\\\/#\\\/schema\\\/logo\\\/image\\\/\"},\"sameAs\":[\"https:\\\/\\\/www.facebook.com\\\/2161871137193201\\\/\",\"https:\\\/\\\/x.com\\\/fsc_ccf_en\",\"https:\\\/\\\/www.instagram.com\\\/fsc_ccf\\\/\",\"https:\\\/\\\/www.linkedin.com\\\/company\\\/fsc-ccf\\\/\"]}]}<\/script>\n<!-- \/ Yoast SEO plugin. -->","yoast_head_json":{"title":"The interlocking oppressions of employment-related discrimination for internationally trained engineers in Canada - Future Skills Centre \u2022 Centre des Comp\u00e9tences futures","robots":{"index":"index","follow":"follow","max-snippet":"max-snippet:-1","max-image-preview":"max-image-preview:large","max-video-preview":"max-video-preview:-1"},"canonical":"https:\/\/fsc-ccf.ca\/fr\/references\/the-interlocking-oppressions-of-employment-related-discrimination-for-internationally-trained-engineers-in-canada-2\/","twitter_misc":{"Est. reading time":"1 minute"},"schema":{"@context":"https:\/\/schema.org","@graph":[{"@type":"WebPage","@id":"https:\/\/fsc-ccf.ca\/fr\/references\/the-interlocking-oppressions-of-employment-related-discrimination-for-internationally-trained-engineers-in-canada-2\/","url":"https:\/\/fsc-ccf.ca\/fr\/references\/the-interlocking-oppressions-of-employment-related-discrimination-for-internationally-trained-engineers-in-canada-2\/","name":"The interlocking oppressions of employment-related discrimination for internationally trained engineers in Canada - Future Skills Centre \u2022 Centre des Comp\u00e9tences futures","isPartOf":{"@id":"https:\/\/fsc-ccf.ca\/fr\/#website"},"datePublished":"2020-08-11T22:18:41+00:00","breadcrumb":{"@id":"https:\/\/fsc-ccf.ca\/fr\/references\/the-interlocking-oppressions-of-employment-related-discrimination-for-internationally-trained-engineers-in-canada-2\/#breadcrumb"},"inLanguage":"fr-FR","potentialAction":[{"@type":"ReadAction","target":["https:\/\/fsc-ccf.ca\/fr\/references\/the-interlocking-oppressions-of-employment-related-discrimination-for-internationally-trained-engineers-in-canada-2\/"]}]},{"@type":"BreadcrumbList","@id":"https:\/\/fsc-ccf.ca\/fr\/references\/the-interlocking-oppressions-of-employment-related-discrimination-for-internationally-trained-engineers-in-canada-2\/#breadcrumb","itemListElement":[{"@type":"ListItem","position":1,"name":"Home","item":"https:\/\/fsc-ccf.ca\/fr\/"},{"@type":"ListItem","position":2,"name":"References","item":"https:\/\/fsc-ccf.ca\/fr\/references\/"},{"@type":"ListItem","position":3,"name":"The interlocking oppressions of employment-related discrimination for internationally trained engineers in Canada"}]},{"@type":"WebSite","@id":"https:\/\/fsc-ccf.ca\/fr\/#website","url":"https:\/\/fsc-ccf.ca\/fr\/","name":"Future Skills Centre \u2022 Centre des Comp\u00e9tences futures","description":"","publisher":{"@id":"https:\/\/fsc-ccf.ca\/fr\/#organization"},"potentialAction":[{"@type":"SearchAction","target":{"@type":"EntryPoint","urlTemplate":"https:\/\/fsc-ccf.ca\/fr\/?s={search_term_string}"},"query-input":{"@type":"PropertyValueSpecification","valueRequired":true,"valueName":"search_term_string"}}],"inLanguage":"fr-FR"},{"@type":"Organization","@id":"https:\/\/fsc-ccf.ca\/fr\/#organization","name":"Future Skills Centre \u2022 Centre des Comp\u00e9tences futures","url":"https:\/\/fsc-ccf.ca\/fr\/","logo":{"@type":"ImageObject","inLanguage":"fr-FR","@id":"https:\/\/fsc-ccf.ca\/fr\/#\/schema\/logo\/image\/","url":"https:\/\/fsc-ccf.ca\/wp-content\/uploads\/2019\/08\/FSC_logo_colour_rgb_positive_ENG.png","contentUrl":"https:\/\/fsc-ccf.ca\/wp-content\/uploads\/2019\/08\/FSC_logo_colour_rgb_positive_ENG.png","width":618,"height":528,"caption":"Future Skills Centre \u2022 Centre des Comp\u00e9tences futures"},"image":{"@id":"https:\/\/fsc-ccf.ca\/fr\/#\/schema\/logo\/image\/"},"sameAs":["https:\/\/www.facebook.com\/2161871137193201\/","https:\/\/x.com\/fsc_ccf_en","https:\/\/www.instagram.com\/fsc_ccf\/","https:\/\/www.linkedin.com\/company\/fsc-ccf\/"]}]}},"_links":{"self":[{"href":"https:\/\/fsc-ccf.ca\/fr\/wp-json\/wp\/v2\/reference\/129168","targetHints":{"allow":["GET"]}}],"collection":[{"href":"https:\/\/fsc-ccf.ca\/fr\/wp-json\/wp\/v2\/reference"}],"about":[{"href":"https:\/\/fsc-ccf.ca\/fr\/wp-json\/wp\/v2\/types\/reference"}],"version-history":[{"count":0,"href":"https:\/\/fsc-ccf.ca\/fr\/wp-json\/wp\/v2\/reference\/129168\/revisions"}],"wp:attachment":[{"href":"https:\/\/fsc-ccf.ca\/fr\/wp-json\/wp\/v2\/media?parent=129168"}],"wp:term":[{"taxonomy":"reference-tag","embeddable":true,"href":"https:\/\/fsc-ccf.ca\/fr\/wp-json\/wp\/v2\/reference-tag?post=129168"},{"taxonomy":"reference-type","embeddable":true,"href":"https:\/\/fsc-ccf.ca\/fr\/wp-json\/wp\/v2\/reference-type?post=129168"}],"curies":[{"name":"wp","href":"https:\/\/api.w.org\/{rel}","templated":true}]}}

<p>Le travail social a une longue histoire d&#8217;engagement avec les immigrants et les réfugiés. Cependant, le profil démographique des immigrants au Canada et leurs besoins changent. Au cours des dernières décennies ont vu une augmentation du nombre d&#8217;immigrants professionnels hautement qualifiés de pays non traditionnels d&#8217;immigration. Bien que généralement pas pensé dans la profession de travail social en tant que population vulnérable, ce groupe fait face à de multiples oppressions au Canada. Cet article présente les résultats de 20 entretiens approfondis avec des ingénieurs formés à l&#8217;étranger et leurs expériences de discrimination soit pendant la recherche de travail ou dans le lieu de travail après l&#8217;emploi a été fixé. Deux principales conclusions qui se dégagent de cette étude ont des informations importantes pour la pratique du travail social. Le premier indique les ingénieurs formés à l&#8217;étranger discriminé pour plusieurs axes se rapportant à leur identité sociale. La seconde révèle que quelques participants ne se considèrent pas comme des victimes de la discrimination, même si elles ont reconnu la discrimination pour être en jeu alors que d&#8217;autres comme eux ont été incapables de trouver des emplois comme ingénieurs. Les résultats remettent en question les vues traditionnelles qui constituent des populations vulnérables et bouleversent les notions de populations immigrées qui ont besoin l&#8217;intervention sociale seulement au moment où ils sont incapables de faire face à leurs adaptations culturelles et sociales. Les résultats mettent en évidence la nécessité d&#8217;une formation en travail social pour la formation des étudiants dans les domaines de la défense, lutte contre le racisme et la pratique anti-oppression afin de mieux répondre aux besoins de ces groupes. Traduit à l'aide de Google Translate</p>

<p>Le travail social a une longue histoire d&#8217;engagement avec les immigrants et les réfugiés. Cependant, le profil démographique des immigrants au Canada et leurs besoins changent. Au cours des dernières décennies ont vu une augmentation du nombre d&#8217;immigrants professionnels hautement qualifiés de pays non traditionnels d&#8217;immigration. Bien que généralement pas pensé dans la profession de travail social en tant que population vulnérable, ce groupe fait face à de multiples oppressions au Canada. Cet article présente les résultats de 20 entretiens approfondis avec des ingénieurs formés à l&#8217;étranger et leurs expériences de discrimination soit pendant la recherche de travail ou dans le lieu de travail après l&#8217;emploi a été fixé. Deux principales conclusions qui se dégagent de cette étude ont des informations importantes pour la pratique du travail social. Le premier indique les ingénieurs formés à l&#8217;étranger discriminé pour plusieurs axes se rapportant à leur identité sociale. La seconde révèle que quelques participants ne se considèrent pas comme des victimes de la discrimination, même si elles ont reconnu la discrimination pour être en jeu alors que d&#8217;autres comme eux ont été incapables de trouver des emplois comme ingénieurs. Les résultats remettent en question les vues traditionnelles qui constituent des populations vulnérables et bouleversent les notions de populations immigrées qui ont besoin l&#8217;intervention sociale seulement au moment où ils sont incapables de faire face à leurs adaptations culturelles et sociales. Les résultats mettent en évidence la nécessité d&#8217;une formation en travail social pour la formation des étudiants dans les domaines de la défense, lutte contre le racisme et la pratique anti-oppression afin de mieux répondre aux besoins de ces groupes. [googletranslate_fr]</p>

<!-- This site is optimized with the Yoast SEO plugin v27.4 - https://yoast.com/product/yoast-seo-wordpress/ -->
<title>The interlocking oppressions of employment-related discrimination for internationally trained engineers in Canada - Future Skills Centre • Centre des Compétences futures</title>
<meta name="robots" content="index, follow, max-snippet:-1, max-image-preview:large, max-video-preview:-1" />
<link rel="canonical" href="https://fsc-ccf.ca/fr/references/the-interlocking-oppressions-of-employment-related-discrimination-for-internationally-trained-engineers-in-canada-2/" />
<meta name="twitter:label1" content="Est. reading time" />
	<meta name="twitter:data1" content="1 minute" />
<script type="application/ld+json" class="yoast-schema-graph">{"@context":"https:\/\/schema.org","@graph":[{"@type":"WebPage","@id":"https:\/\/fsc-ccf.ca\/fr\/references\/the-interlocking-oppressions-of-employment-related-discrimination-for-internationally-trained-engineers-in-canada-2\/","url":"https:\/\/fsc-ccf.ca\/fr\/references\/the-interlocking-oppressions-of-employment-related-discrimination-for-internationally-trained-engineers-in-canada-2\/","name":"The interlocking oppressions of employment-related discrimination for internationally trained engineers in Canada - Future Skills Centre • Centre des Compétences futures","isPartOf":{"@id":"https:\/\/fsc-ccf.ca\/fr\/#website"},"datePublished":"2020-08-11T22:18:41+00:00","breadcrumb":{"@id":"https:\/\/fsc-ccf.ca\/fr\/references\/the-interlocking-oppressions-of-employment-related-discrimination-for-internationally-trained-engineers-in-canada-2\/#breadcrumb"},"inLanguage":"fr-FR","potentialAction":[{"@type":"ReadAction","target":["https:\/\/fsc-ccf.ca\/fr\/references\/the-interlocking-oppressions-of-employment-related-discrimination-for-internationally-trained-engineers-in-canada-2\/"]}]},{"@type":"BreadcrumbList","@id":"https:\/\/fsc-ccf.ca\/fr\/references\/the-interlocking-oppressions-of-employment-related-discrimination-for-internationally-trained-engineers-in-canada-2\/#breadcrumb","itemListElement":[{"@type":"ListItem","position":1,"name":"Home","item":"https:\/\/fsc-ccf.ca\/fr\/"},{"@type":"ListItem","position":2,"name":"References","item":"https:\/\/fsc-ccf.ca\/fr\/references\/"},{"@type":"ListItem","position":3,"name":"The interlocking oppressions of employment-related discrimination for internationally trained engineers in Canada"}]},{"@type":"WebSite","@id":"https:\/\/fsc-ccf.ca\/fr\/#website","url":"https:\/\/fsc-ccf.ca\/fr\/","name":"Future Skills Centre • Centre des Compétences futures","description":"","publisher":{"@id":"https:\/\/fsc-ccf.ca\/fr\/#organization"},"potentialAction":[{"@type":"SearchAction","target":{"@type":"EntryPoint","urlTemplate":"https:\/\/fsc-ccf.ca\/fr\/?s={search_term_string}"},"query-input":{"@type":"PropertyValueSpecification","valueRequired":true,"valueName":"search_term_string"}}],"inLanguage":"fr-FR"},{"@type":"Organization","@id":"https:\/\/fsc-ccf.ca\/fr\/#organization","name":"Future Skills Centre • Centre des Compétences futures","url":"https:\/\/fsc-ccf.ca\/fr\/","logo":{"@type":"ImageObject","inLanguage":"fr-FR","@id":"https:\/\/fsc-ccf.ca\/fr\/#\/schema\/logo\/image\/","url":"https:\/\/fsc-ccf.ca\/wp-content\/uploads\/2019\/08\/FSC_logo_colour_rgb_positive_ENG.png","contentUrl":"https:\/\/fsc-ccf.ca\/wp-content\/uploads\/2019\/08\/FSC_logo_colour_rgb_positive_ENG.png","width":618,"height":528,"caption":"Future Skills Centre • Centre des Compétences futures"},"image":{"@id":"https:\/\/fsc-ccf.ca\/fr\/#\/schema\/logo\/image\/"},"sameAs":["https:\/\/www.facebook.com\/2161871137193201\/","https:\/\/x.com\/fsc_ccf_en","https:\/\/www.instagram.com\/fsc_ccf\/","https:\/\/www.linkedin.com\/company\/fsc-ccf\/"]}]}</script>
<!-- / Yoast SEO plugin. -->

The interlocking oppressions of employment-related discrimination for internationally trained engineers in Canada - Future Skills Centre • Centre des Compétences futures

Future Skills Centre • Centre des Compétences futures
