			{"id":129114,"date":"2020-08-11T18:18:17","date_gmt":"2020-08-11T22:18:17","guid":{"rendered":"https:\/\/fsc-ccf.ca\/references\/precarious-employment-and-people-with-disabilities-2\/"},"modified":"2020-08-11T18:18:17","modified_gmt":"2020-08-11T22:18:17","slug":"precarious-employment-and-people-with-disabilities-2","status":"publish","type":"reference","link":"https:\/\/fsc-ccf.ca\/fr\/references\/precarious-employment-and-people-with-disabilities-2\/","title":{"rendered":"Precarious employment and people with disabilities"},"content":{"rendered":"<p>Ce volume interdisciplinaire offre une image \u00e0 multiples facettes de l&#8217;emploi pr\u00e9caire et la fa\u00e7on dont ses principales caract\u00e9ristiques sont renforc\u00e9es ou \u00e9branl\u00e9es par les lois, les politiques et les institutions du march\u00e9 du travail, y compris les syndicats et les organismes communautaires. Collaborateurs d\u00e9velopper davantage le concept de l&#8217;emploi pr\u00e9caire et la critique des notions d\u00e9mod\u00e9es d&#8217;emploi standard et non standard. Le produit d&#8217;une universit\u00e9 communautaire de cinq ans de recherche Alliance, les objectifs de volume pour encourager de nouvelles connaissances sociales, statistiques, juridiques, politiques et \u00e9conomiques de l&#8217;emploi pr\u00e9caire et de faire progresser les strat\u00e9gies pour am\u00e9liorer la qualit\u00e9 et les conditions de travail et de la sant\u00e9. Traduit a\u0300 l'aide de Google Translate<\/p>\n","protected":false},"excerpt":{"rendered":"<p>Ce volume interdisciplinaire offre une image \u00e0 multiples facettes de l&#8217;emploi pr\u00e9caire et la fa\u00e7on dont ses principales caract\u00e9ristiques sont renforc\u00e9es ou \u00e9branl\u00e9es par les lois, les politiques et les institutions du march\u00e9 du travail, y compris les syndicats et les organismes communautaires. Collaborateurs d\u00e9velopper davantage le concept de l&#8217;emploi pr\u00e9caire et la critique des notions d\u00e9mod\u00e9es d&#8217;emploi standard et non standard. Le produit d&#8217;une universit\u00e9 communautaire de cinq ans de recherche Alliance, les objectifs de volume pour encourager de nouvelles connaissances sociales, statistiques, juridiques, politiques et \u00e9conomiques de l&#8217;emploi pr\u00e9caire et de faire progresser les strat\u00e9gies pour am\u00e9liorer la qualit\u00e9 et les conditions de travail et de la sant\u00e9. [googletranslate_fr]<\/p>\n","protected":false},"template":"","reference-tag":[],"reference-type":[438],"class_list":["post-129114","reference","type-reference","status-publish","hentry","reference-type-book-chapter"],"acf":{"citation":"Tompa, E., Scott, H., and Trevithick, S. (2005). Precarious employment and people with disabilities. In Vosko, L. (Ed.) (pp. 90\u2013114). Montr\u00e9al, QC: McGill-Queens University Press. Retrieved from https:\/\/www.mqup.ca\/precarious-employment-products-9780773529618.php.","authors":"Tompa, E., Scott, H., and Trevithick, S.","org":"","year":"2005","title_fr":null,"editors_hidden":"Vosko, L. F.","publication":"","publication_fr":null,"volume":"","issue":"","Series":"","SeriesNumber":"","page_range":"90\u2013114","publisher_city":"Montr\u00e9al","publisher_state":"QC","publisher":"McGill-Queens University Press","abstract_en":null,"abstract_fr":null,"keywords":"","paywall":"1","doi":"","isbn":"978-0773529625","url":"https:\/\/www.mqup.ca\/precarious-employment-products-9780773529618.php","url_fr":null,"url_amazon":"https:\/\/www.amazon.ca\/Precarious-Employment-Understanding-Labour-Insecurity\/dp\/0773529624\/ref=sr_1_fkmr0_1?keywords=recarious+employment%3A+Understanding+labour+market+insecurity+in+Canada&qid=1582348569&s=books&sr=1-1-fkmr0","TRACK":"0"},"yoast_head":"<!-- This site is optimized with the Yoast SEO plugin v27.4 - https:\/\/yoast.com\/product\/yoast-seo-wordpress\/ -->\n<title>Precarious employment and people with disabilities - Future Skills Centre \u2022 Centre des Comp\u00e9tences futures<\/title>\n<meta name=\"robots\" content=\"index, follow, max-snippet:-1, max-image-preview:large, max-video-preview:-1\" \/>\n<link rel=\"canonical\" href=\"https:\/\/fsc-ccf.ca\/fr\/references\/precarious-employment-and-people-with-disabilities-2\/\" \/>\n<meta name=\"twitter:label1\" content=\"Est. reading time\" \/>\n\t<meta name=\"twitter:data1\" content=\"1 minute\" \/>\n<script type=\"application\/ld+json\" class=\"yoast-schema-graph\">{\"@context\":\"https:\\\/\\\/schema.org\",\"@graph\":[{\"@type\":\"WebPage\",\"@id\":\"https:\\\/\\\/fsc-ccf.ca\\\/fr\\\/references\\\/precarious-employment-and-people-with-disabilities-2\\\/\",\"url\":\"https:\\\/\\\/fsc-ccf.ca\\\/fr\\\/references\\\/precarious-employment-and-people-with-disabilities-2\\\/\",\"name\":\"Precarious employment and people with disabilities - Future Skills Centre \u2022 Centre des Comp\u00e9tences futures\",\"isPartOf\":{\"@id\":\"https:\\\/\\\/fsc-ccf.ca\\\/fr\\\/#website\"},\"datePublished\":\"2020-08-11T22:18:17+00:00\",\"breadcrumb\":{\"@id\":\"https:\\\/\\\/fsc-ccf.ca\\\/fr\\\/references\\\/precarious-employment-and-people-with-disabilities-2\\\/#breadcrumb\"},\"inLanguage\":\"fr-FR\",\"potentialAction\":[{\"@type\":\"ReadAction\",\"target\":[\"https:\\\/\\\/fsc-ccf.ca\\\/fr\\\/references\\\/precarious-employment-and-people-with-disabilities-2\\\/\"]}]},{\"@type\":\"BreadcrumbList\",\"@id\":\"https:\\\/\\\/fsc-ccf.ca\\\/fr\\\/references\\\/precarious-employment-and-people-with-disabilities-2\\\/#breadcrumb\",\"itemListElement\":[{\"@type\":\"ListItem\",\"position\":1,\"name\":\"Home\",\"item\":\"https:\\\/\\\/fsc-ccf.ca\\\/fr\\\/\"},{\"@type\":\"ListItem\",\"position\":2,\"name\":\"References\",\"item\":\"https:\\\/\\\/fsc-ccf.ca\\\/fr\\\/references\\\/\"},{\"@type\":\"ListItem\",\"position\":3,\"name\":\"Precarious employment and people with disabilities\"}]},{\"@type\":\"WebSite\",\"@id\":\"https:\\\/\\\/fsc-ccf.ca\\\/fr\\\/#website\",\"url\":\"https:\\\/\\\/fsc-ccf.ca\\\/fr\\\/\",\"name\":\"Future Skills Centre \u2022 Centre des Comp\u00e9tences futures\",\"description\":\"\",\"publisher\":{\"@id\":\"https:\\\/\\\/fsc-ccf.ca\\\/fr\\\/#organization\"},\"potentialAction\":[{\"@type\":\"SearchAction\",\"target\":{\"@type\":\"EntryPoint\",\"urlTemplate\":\"https:\\\/\\\/fsc-ccf.ca\\\/fr\\\/?s={search_term_string}\"},\"query-input\":{\"@type\":\"PropertyValueSpecification\",\"valueRequired\":true,\"valueName\":\"search_term_string\"}}],\"inLanguage\":\"fr-FR\"},{\"@type\":\"Organization\",\"@id\":\"https:\\\/\\\/fsc-ccf.ca\\\/fr\\\/#organization\",\"name\":\"Future Skills Centre \u2022 Centre des Comp\u00e9tences futures\",\"url\":\"https:\\\/\\\/fsc-ccf.ca\\\/fr\\\/\",\"logo\":{\"@type\":\"ImageObject\",\"inLanguage\":\"fr-FR\",\"@id\":\"https:\\\/\\\/fsc-ccf.ca\\\/fr\\\/#\\\/schema\\\/logo\\\/image\\\/\",\"url\":\"https:\\\/\\\/fsc-ccf.ca\\\/wp-content\\\/uploads\\\/2019\\\/08\\\/FSC_logo_colour_rgb_positive_ENG.png\",\"contentUrl\":\"https:\\\/\\\/fsc-ccf.ca\\\/wp-content\\\/uploads\\\/2019\\\/08\\\/FSC_logo_colour_rgb_positive_ENG.png\",\"width\":618,\"height\":528,\"caption\":\"Future Skills Centre \u2022 Centre des Comp\u00e9tences futures\"},\"image\":{\"@id\":\"https:\\\/\\\/fsc-ccf.ca\\\/fr\\\/#\\\/schema\\\/logo\\\/image\\\/\"},\"sameAs\":[\"https:\\\/\\\/www.facebook.com\\\/2161871137193201\\\/\",\"https:\\\/\\\/x.com\\\/fsc_ccf_en\",\"https:\\\/\\\/www.instagram.com\\\/fsc_ccf\\\/\",\"https:\\\/\\\/www.linkedin.com\\\/company\\\/fsc-ccf\\\/\"]}]}<\/script>\n<!-- \/ Yoast SEO plugin. -->","yoast_head_json":{"title":"Precarious employment and people with disabilities - Future Skills Centre \u2022 Centre des Comp\u00e9tences futures","robots":{"index":"index","follow":"follow","max-snippet":"max-snippet:-1","max-image-preview":"max-image-preview:large","max-video-preview":"max-video-preview:-1"},"canonical":"https:\/\/fsc-ccf.ca\/fr\/references\/precarious-employment-and-people-with-disabilities-2\/","twitter_misc":{"Est. reading time":"1 minute"},"schema":{"@context":"https:\/\/schema.org","@graph":[{"@type":"WebPage","@id":"https:\/\/fsc-ccf.ca\/fr\/references\/precarious-employment-and-people-with-disabilities-2\/","url":"https:\/\/fsc-ccf.ca\/fr\/references\/precarious-employment-and-people-with-disabilities-2\/","name":"Precarious employment and people with disabilities - Future Skills Centre \u2022 Centre des Comp\u00e9tences futures","isPartOf":{"@id":"https:\/\/fsc-ccf.ca\/fr\/#website"},"datePublished":"2020-08-11T22:18:17+00:00","breadcrumb":{"@id":"https:\/\/fsc-ccf.ca\/fr\/references\/precarious-employment-and-people-with-disabilities-2\/#breadcrumb"},"inLanguage":"fr-FR","potentialAction":[{"@type":"ReadAction","target":["https:\/\/fsc-ccf.ca\/fr\/references\/precarious-employment-and-people-with-disabilities-2\/"]}]},{"@type":"BreadcrumbList","@id":"https:\/\/fsc-ccf.ca\/fr\/references\/precarious-employment-and-people-with-disabilities-2\/#breadcrumb","itemListElement":[{"@type":"ListItem","position":1,"name":"Home","item":"https:\/\/fsc-ccf.ca\/fr\/"},{"@type":"ListItem","position":2,"name":"References","item":"https:\/\/fsc-ccf.ca\/fr\/references\/"},{"@type":"ListItem","position":3,"name":"Precarious employment and people with disabilities"}]},{"@type":"WebSite","@id":"https:\/\/fsc-ccf.ca\/fr\/#website","url":"https:\/\/fsc-ccf.ca\/fr\/","name":"Future Skills Centre \u2022 Centre des Comp\u00e9tences futures","description":"","publisher":{"@id":"https:\/\/fsc-ccf.ca\/fr\/#organization"},"potentialAction":[{"@type":"SearchAction","target":{"@type":"EntryPoint","urlTemplate":"https:\/\/fsc-ccf.ca\/fr\/?s={search_term_string}"},"query-input":{"@type":"PropertyValueSpecification","valueRequired":true,"valueName":"search_term_string"}}],"inLanguage":"fr-FR"},{"@type":"Organization","@id":"https:\/\/fsc-ccf.ca\/fr\/#organization","name":"Future Skills Centre \u2022 Centre des Comp\u00e9tences futures","url":"https:\/\/fsc-ccf.ca\/fr\/","logo":{"@type":"ImageObject","inLanguage":"fr-FR","@id":"https:\/\/fsc-ccf.ca\/fr\/#\/schema\/logo\/image\/","url":"https:\/\/fsc-ccf.ca\/wp-content\/uploads\/2019\/08\/FSC_logo_colour_rgb_positive_ENG.png","contentUrl":"https:\/\/fsc-ccf.ca\/wp-content\/uploads\/2019\/08\/FSC_logo_colour_rgb_positive_ENG.png","width":618,"height":528,"caption":"Future Skills Centre \u2022 Centre des Comp\u00e9tences futures"},"image":{"@id":"https:\/\/fsc-ccf.ca\/fr\/#\/schema\/logo\/image\/"},"sameAs":["https:\/\/www.facebook.com\/2161871137193201\/","https:\/\/x.com\/fsc_ccf_en","https:\/\/www.instagram.com\/fsc_ccf\/","https:\/\/www.linkedin.com\/company\/fsc-ccf\/"]}]}},"_links":{"self":[{"href":"https:\/\/fsc-ccf.ca\/fr\/wp-json\/wp\/v2\/reference\/129114","targetHints":{"allow":["GET"]}}],"collection":[{"href":"https:\/\/fsc-ccf.ca\/fr\/wp-json\/wp\/v2\/reference"}],"about":[{"href":"https:\/\/fsc-ccf.ca\/fr\/wp-json\/wp\/v2\/types\/reference"}],"version-history":[{"count":0,"href":"https:\/\/fsc-ccf.ca\/fr\/wp-json\/wp\/v2\/reference\/129114\/revisions"}],"wp:attachment":[{"href":"https:\/\/fsc-ccf.ca\/fr\/wp-json\/wp\/v2\/media?parent=129114"}],"wp:term":[{"taxonomy":"reference-tag","embeddable":true,"href":"https:\/\/fsc-ccf.ca\/fr\/wp-json\/wp\/v2\/reference-tag?post=129114"},{"taxonomy":"reference-type","embeddable":true,"href":"https:\/\/fsc-ccf.ca\/fr\/wp-json\/wp\/v2\/reference-type?post=129114"}],"curies":[{"name":"wp","href":"https:\/\/api.w.org\/{rel}","templated":true}]}}

<p>Ce volume interdisciplinaire offre une image à multiples facettes de l&#8217;emploi précaire et la façon dont ses principales caractéristiques sont renforcées ou ébranlées par les lois, les politiques et les institutions du marché du travail, y compris les syndicats et les organismes communautaires. Collaborateurs développer davantage le concept de l&#8217;emploi précaire et la critique des notions démodées d&#8217;emploi standard et non standard. Le produit d&#8217;une université communautaire de cinq ans de recherche Alliance, les objectifs de volume pour encourager de nouvelles connaissances sociales, statistiques, juridiques, politiques et économiques de l&#8217;emploi précaire et de faire progresser les stratégies pour améliorer la qualité et les conditions de travail et de la santé. Traduit à l'aide de Google Translate</p>

<p>Ce volume interdisciplinaire offre une image à multiples facettes de l&#8217;emploi précaire et la façon dont ses principales caractéristiques sont renforcées ou ébranlées par les lois, les politiques et les institutions du marché du travail, y compris les syndicats et les organismes communautaires. Collaborateurs développer davantage le concept de l&#8217;emploi précaire et la critique des notions démodées d&#8217;emploi standard et non standard. Le produit d&#8217;une université communautaire de cinq ans de recherche Alliance, les objectifs de volume pour encourager de nouvelles connaissances sociales, statistiques, juridiques, politiques et économiques de l&#8217;emploi précaire et de faire progresser les stratégies pour améliorer la qualité et les conditions de travail et de la santé. [googletranslate_fr]</p>

Tompa, E., Scott, H., and Trevithick, S. (2005). Precarious employment and people with disabilities. In Vosko, L. (Ed.) (pp. 90–114). Montréal, QC: McGill-Queens University Press. Retrieved from https://www.mqup.ca/precarious-employment-products-9780773529618.php.

Montréal

<!-- This site is optimized with the Yoast SEO plugin v27.4 - https://yoast.com/product/yoast-seo-wordpress/ -->
<title>Precarious employment and people with disabilities - Future Skills Centre • Centre des Compétences futures</title>
<meta name="robots" content="index, follow, max-snippet:-1, max-image-preview:large, max-video-preview:-1" />
<link rel="canonical" href="https://fsc-ccf.ca/fr/references/precarious-employment-and-people-with-disabilities-2/" />
<meta name="twitter:label1" content="Est. reading time" />
	<meta name="twitter:data1" content="1 minute" />
<script type="application/ld+json" class="yoast-schema-graph">{"@context":"https:\/\/schema.org","@graph":[{"@type":"WebPage","@id":"https:\/\/fsc-ccf.ca\/fr\/references\/precarious-employment-and-people-with-disabilities-2\/","url":"https:\/\/fsc-ccf.ca\/fr\/references\/precarious-employment-and-people-with-disabilities-2\/","name":"Precarious employment and people with disabilities - Future Skills Centre • Centre des Compétences futures","isPartOf":{"@id":"https:\/\/fsc-ccf.ca\/fr\/#website"},"datePublished":"2020-08-11T22:18:17+00:00","breadcrumb":{"@id":"https:\/\/fsc-ccf.ca\/fr\/references\/precarious-employment-and-people-with-disabilities-2\/#breadcrumb"},"inLanguage":"fr-FR","potentialAction":[{"@type":"ReadAction","target":["https:\/\/fsc-ccf.ca\/fr\/references\/precarious-employment-and-people-with-disabilities-2\/"]}]},{"@type":"BreadcrumbList","@id":"https:\/\/fsc-ccf.ca\/fr\/references\/precarious-employment-and-people-with-disabilities-2\/#breadcrumb","itemListElement":[{"@type":"ListItem","position":1,"name":"Home","item":"https:\/\/fsc-ccf.ca\/fr\/"},{"@type":"ListItem","position":2,"name":"References","item":"https:\/\/fsc-ccf.ca\/fr\/references\/"},{"@type":"ListItem","position":3,"name":"Precarious employment and people with disabilities"}]},{"@type":"WebSite","@id":"https:\/\/fsc-ccf.ca\/fr\/#website","url":"https:\/\/fsc-ccf.ca\/fr\/","name":"Future Skills Centre • Centre des Compétences futures","description":"","publisher":{"@id":"https:\/\/fsc-ccf.ca\/fr\/#organization"},"potentialAction":[{"@type":"SearchAction","target":{"@type":"EntryPoint","urlTemplate":"https:\/\/fsc-ccf.ca\/fr\/?s={search_term_string}"},"query-input":{"@type":"PropertyValueSpecification","valueRequired":true,"valueName":"search_term_string"}}],"inLanguage":"fr-FR"},{"@type":"Organization","@id":"https:\/\/fsc-ccf.ca\/fr\/#organization","name":"Future Skills Centre • Centre des Compétences futures","url":"https:\/\/fsc-ccf.ca\/fr\/","logo":{"@type":"ImageObject","inLanguage":"fr-FR","@id":"https:\/\/fsc-ccf.ca\/fr\/#\/schema\/logo\/image\/","url":"https:\/\/fsc-ccf.ca\/wp-content\/uploads\/2019\/08\/FSC_logo_colour_rgb_positive_ENG.png","contentUrl":"https:\/\/fsc-ccf.ca\/wp-content\/uploads\/2019\/08\/FSC_logo_colour_rgb_positive_ENG.png","width":618,"height":528,"caption":"Future Skills Centre • Centre des Compétences futures"},"image":{"@id":"https:\/\/fsc-ccf.ca\/fr\/#\/schema\/logo\/image\/"},"sameAs":["https:\/\/www.facebook.com\/2161871137193201\/","https:\/\/x.com\/fsc_ccf_en","https:\/\/www.instagram.com\/fsc_ccf\/","https:\/\/www.linkedin.com\/company\/fsc-ccf\/"]}]}</script>
<!-- / Yoast SEO plugin. -->

Precarious employment and people with disabilities - Future Skills Centre • Centre des Compétences futures

Future Skills Centre • Centre des Compétences futures
