			{"id":129105,"date":"2020-08-11T18:18:14","date_gmt":"2020-08-11T22:18:14","guid":{"rendered":"https:\/\/fsc-ccf.ca\/references\/employment-equity-and-workplace-diversity-in-canada-2\/"},"modified":"2020-08-11T18:18:14","modified_gmt":"2020-08-11T22:18:14","slug":"employment-equity-and-workplace-diversity-in-canada-2","status":"publish","type":"reference","link":"https:\/\/fsc-ccf.ca\/fr\/references\/employment-equity-and-workplace-diversity-in-canada-2\/","title":{"rendered":"Employment equity and workplace diversity in Canada"},"content":{"rendered":"<p>La gestion et la diversit\u00e9 en d\u00e9veloppement est \u00e0 l&#8217;agenda politique et \u00e9conomique dans de nombreux pays; donc la gestion de la diversit\u00e9 est devenue un domaine de la connaissance et de la pratique dans son propre droit. Pourtant, tout ce qu&#8217;il est trop souvent consid\u00e9r\u00e9 comme un concept unificateur, comme si elle devait \u00eatre interpr\u00e9t\u00e9e de mani\u00e8re uniforme dans toutes les cultures et les pays. Les contributeurs de ce volume examinent habilement la relation entre la gestion de la diversit\u00e9 et l\u00e9gislation sur l&#8217;\u00e9galit\u00e9 dans des contextes nationaux des diff\u00e9rents pays participants. Ils pr\u00e9conisent que cette s\u00e9paration et l&#8217;encha\u00eenement entre l&#8217;\u00e9galit\u00e9 au travail et la gestion de la diversit\u00e9 est loin d&#8217;\u00eatre naturel Traduit a\u0300 l'aide de Google Translate<\/p>\n","protected":false},"excerpt":{"rendered":"<p>La gestion et la diversit\u00e9 en d\u00e9veloppement est \u00e0 l&#8217;agenda politique et \u00e9conomique dans de nombreux pays; donc la gestion de la diversit\u00e9 est devenue un domaine de la connaissance et de la pratique dans son propre droit. Pourtant, tout ce qu&#8217;il est trop souvent consid\u00e9r\u00e9 comme un concept unificateur, comme si elle devait \u00eatre interpr\u00e9t\u00e9e de mani\u00e8re uniforme dans toutes les cultures et les pays. Les contributeurs de ce volume examinent habilement la relation entre la gestion de la diversit\u00e9 et l\u00e9gislation sur l&#8217;\u00e9galit\u00e9 dans des contextes nationaux des diff\u00e9rents pays participants. Ils pr\u00e9conisent que cette s\u00e9paration et l&#8217;encha\u00eenement entre l&#8217;\u00e9galit\u00e9 au travail et la gestion de la diversit\u00e9 est loin d&#8217;\u00eatre naturel [googletranslate_fr]<\/p>\n","protected":false},"template":"","reference-tag":[],"reference-type":[438],"class_list":["post-129105","reference","type-reference","status-publish","hentry","reference-type-book-chapter"],"acf":{"citation":"Haq, R. and Ng, E. (2010). Employment equity and workplace diversity in Canada. In Klarsfeld, A. (Ed.) (pp. 68\u201382). Cheltenham, UK: Edward Elgar Publishing. Retrieved from https:\/\/www.elgaronline.com\/view\/9781847208903.00010.xml.","authors":"Haq, R. and Ng, E.","org":"","year":"2010","title_fr":null,"editors_hidden":"Klarsfeld, Alain","publication":"","publication_fr":null,"volume":"","issue":"","Series":"","SeriesNumber":"","page_range":"68\u201382","publisher_city":"Cheltenham","publisher_state":"UK","publisher":"Edward Elgar Publishing","abstract_en":null,"abstract_fr":null,"keywords":"","paywall":"1","doi":"10.4337\/9781849806893.00010","isbn":"978-1783474271","url":"https:\/\/www.elgaronline.com\/view\/9781847208903.00010.xml","url_fr":null,"url_amazon":"https:\/\/www.amazon.ca\/International-Handbook-Diversity-Management-Work\/dp\/1783474270\/ref=sr_1_1?keywords=International+Handbook+on+Diversity+Management+at+Work%3A+Country+Perspectives+on+Diversity+and+Equal+Treatment&qid=1582348190&s=books&sr=1-1","TRACK":"0"},"yoast_head":"<!-- This site is optimized with the Yoast SEO plugin v27.4 - https:\/\/yoast.com\/product\/yoast-seo-wordpress\/ -->\n<title>Employment equity and workplace diversity in Canada - Future Skills Centre \u2022 Centre des Comp\u00e9tences futures<\/title>\n<meta name=\"robots\" content=\"index, follow, max-snippet:-1, max-image-preview:large, max-video-preview:-1\" \/>\n<link rel=\"canonical\" href=\"https:\/\/fsc-ccf.ca\/fr\/references\/employment-equity-and-workplace-diversity-in-canada-2\/\" \/>\n<meta name=\"twitter:label1\" content=\"Est. reading time\" \/>\n\t<meta name=\"twitter:data1\" content=\"1 minute\" \/>\n<script type=\"application\/ld+json\" class=\"yoast-schema-graph\">{\"@context\":\"https:\\\/\\\/schema.org\",\"@graph\":[{\"@type\":\"WebPage\",\"@id\":\"https:\\\/\\\/fsc-ccf.ca\\\/fr\\\/references\\\/employment-equity-and-workplace-diversity-in-canada-2\\\/\",\"url\":\"https:\\\/\\\/fsc-ccf.ca\\\/fr\\\/references\\\/employment-equity-and-workplace-diversity-in-canada-2\\\/\",\"name\":\"Employment equity and workplace diversity in Canada - Future Skills Centre \u2022 Centre des Comp\u00e9tences futures\",\"isPartOf\":{\"@id\":\"https:\\\/\\\/fsc-ccf.ca\\\/fr\\\/#website\"},\"datePublished\":\"2020-08-11T22:18:14+00:00\",\"breadcrumb\":{\"@id\":\"https:\\\/\\\/fsc-ccf.ca\\\/fr\\\/references\\\/employment-equity-and-workplace-diversity-in-canada-2\\\/#breadcrumb\"},\"inLanguage\":\"fr-FR\",\"potentialAction\":[{\"@type\":\"ReadAction\",\"target\":[\"https:\\\/\\\/fsc-ccf.ca\\\/fr\\\/references\\\/employment-equity-and-workplace-diversity-in-canada-2\\\/\"]}]},{\"@type\":\"BreadcrumbList\",\"@id\":\"https:\\\/\\\/fsc-ccf.ca\\\/fr\\\/references\\\/employment-equity-and-workplace-diversity-in-canada-2\\\/#breadcrumb\",\"itemListElement\":[{\"@type\":\"ListItem\",\"position\":1,\"name\":\"Home\",\"item\":\"https:\\\/\\\/fsc-ccf.ca\\\/fr\\\/\"},{\"@type\":\"ListItem\",\"position\":2,\"name\":\"References\",\"item\":\"https:\\\/\\\/fsc-ccf.ca\\\/fr\\\/references\\\/\"},{\"@type\":\"ListItem\",\"position\":3,\"name\":\"Employment equity and workplace diversity in Canada\"}]},{\"@type\":\"WebSite\",\"@id\":\"https:\\\/\\\/fsc-ccf.ca\\\/fr\\\/#website\",\"url\":\"https:\\\/\\\/fsc-ccf.ca\\\/fr\\\/\",\"name\":\"Future Skills Centre \u2022 Centre des Comp\u00e9tences futures\",\"description\":\"\",\"publisher\":{\"@id\":\"https:\\\/\\\/fsc-ccf.ca\\\/fr\\\/#organization\"},\"potentialAction\":[{\"@type\":\"SearchAction\",\"target\":{\"@type\":\"EntryPoint\",\"urlTemplate\":\"https:\\\/\\\/fsc-ccf.ca\\\/fr\\\/?s={search_term_string}\"},\"query-input\":{\"@type\":\"PropertyValueSpecification\",\"valueRequired\":true,\"valueName\":\"search_term_string\"}}],\"inLanguage\":\"fr-FR\"},{\"@type\":\"Organization\",\"@id\":\"https:\\\/\\\/fsc-ccf.ca\\\/fr\\\/#organization\",\"name\":\"Future Skills Centre \u2022 Centre des Comp\u00e9tences futures\",\"url\":\"https:\\\/\\\/fsc-ccf.ca\\\/fr\\\/\",\"logo\":{\"@type\":\"ImageObject\",\"inLanguage\":\"fr-FR\",\"@id\":\"https:\\\/\\\/fsc-ccf.ca\\\/fr\\\/#\\\/schema\\\/logo\\\/image\\\/\",\"url\":\"https:\\\/\\\/fsc-ccf.ca\\\/wp-content\\\/uploads\\\/2019\\\/08\\\/FSC_logo_colour_rgb_positive_ENG.png\",\"contentUrl\":\"https:\\\/\\\/fsc-ccf.ca\\\/wp-content\\\/uploads\\\/2019\\\/08\\\/FSC_logo_colour_rgb_positive_ENG.png\",\"width\":618,\"height\":528,\"caption\":\"Future Skills Centre \u2022 Centre des Comp\u00e9tences futures\"},\"image\":{\"@id\":\"https:\\\/\\\/fsc-ccf.ca\\\/fr\\\/#\\\/schema\\\/logo\\\/image\\\/\"},\"sameAs\":[\"https:\\\/\\\/www.facebook.com\\\/2161871137193201\\\/\",\"https:\\\/\\\/x.com\\\/fsc_ccf_en\",\"https:\\\/\\\/www.instagram.com\\\/fsc_ccf\\\/\",\"https:\\\/\\\/www.linkedin.com\\\/company\\\/fsc-ccf\\\/\"]}]}<\/script>\n<!-- \/ Yoast SEO plugin. -->","yoast_head_json":{"title":"Employment equity and workplace diversity in Canada - Future Skills Centre \u2022 Centre des Comp\u00e9tences futures","robots":{"index":"index","follow":"follow","max-snippet":"max-snippet:-1","max-image-preview":"max-image-preview:large","max-video-preview":"max-video-preview:-1"},"canonical":"https:\/\/fsc-ccf.ca\/fr\/references\/employment-equity-and-workplace-diversity-in-canada-2\/","twitter_misc":{"Est. reading time":"1 minute"},"schema":{"@context":"https:\/\/schema.org","@graph":[{"@type":"WebPage","@id":"https:\/\/fsc-ccf.ca\/fr\/references\/employment-equity-and-workplace-diversity-in-canada-2\/","url":"https:\/\/fsc-ccf.ca\/fr\/references\/employment-equity-and-workplace-diversity-in-canada-2\/","name":"Employment equity and workplace diversity in Canada - Future Skills Centre \u2022 Centre des Comp\u00e9tences futures","isPartOf":{"@id":"https:\/\/fsc-ccf.ca\/fr\/#website"},"datePublished":"2020-08-11T22:18:14+00:00","breadcrumb":{"@id":"https:\/\/fsc-ccf.ca\/fr\/references\/employment-equity-and-workplace-diversity-in-canada-2\/#breadcrumb"},"inLanguage":"fr-FR","potentialAction":[{"@type":"ReadAction","target":["https:\/\/fsc-ccf.ca\/fr\/references\/employment-equity-and-workplace-diversity-in-canada-2\/"]}]},{"@type":"BreadcrumbList","@id":"https:\/\/fsc-ccf.ca\/fr\/references\/employment-equity-and-workplace-diversity-in-canada-2\/#breadcrumb","itemListElement":[{"@type":"ListItem","position":1,"name":"Home","item":"https:\/\/fsc-ccf.ca\/fr\/"},{"@type":"ListItem","position":2,"name":"References","item":"https:\/\/fsc-ccf.ca\/fr\/references\/"},{"@type":"ListItem","position":3,"name":"Employment equity and workplace diversity in Canada"}]},{"@type":"WebSite","@id":"https:\/\/fsc-ccf.ca\/fr\/#website","url":"https:\/\/fsc-ccf.ca\/fr\/","name":"Future Skills Centre \u2022 Centre des Comp\u00e9tences futures","description":"","publisher":{"@id":"https:\/\/fsc-ccf.ca\/fr\/#organization"},"potentialAction":[{"@type":"SearchAction","target":{"@type":"EntryPoint","urlTemplate":"https:\/\/fsc-ccf.ca\/fr\/?s={search_term_string}"},"query-input":{"@type":"PropertyValueSpecification","valueRequired":true,"valueName":"search_term_string"}}],"inLanguage":"fr-FR"},{"@type":"Organization","@id":"https:\/\/fsc-ccf.ca\/fr\/#organization","name":"Future Skills Centre \u2022 Centre des Comp\u00e9tences futures","url":"https:\/\/fsc-ccf.ca\/fr\/","logo":{"@type":"ImageObject","inLanguage":"fr-FR","@id":"https:\/\/fsc-ccf.ca\/fr\/#\/schema\/logo\/image\/","url":"https:\/\/fsc-ccf.ca\/wp-content\/uploads\/2019\/08\/FSC_logo_colour_rgb_positive_ENG.png","contentUrl":"https:\/\/fsc-ccf.ca\/wp-content\/uploads\/2019\/08\/FSC_logo_colour_rgb_positive_ENG.png","width":618,"height":528,"caption":"Future Skills Centre \u2022 Centre des Comp\u00e9tences futures"},"image":{"@id":"https:\/\/fsc-ccf.ca\/fr\/#\/schema\/logo\/image\/"},"sameAs":["https:\/\/www.facebook.com\/2161871137193201\/","https:\/\/x.com\/fsc_ccf_en","https:\/\/www.instagram.com\/fsc_ccf\/","https:\/\/www.linkedin.com\/company\/fsc-ccf\/"]}]}},"_links":{"self":[{"href":"https:\/\/fsc-ccf.ca\/fr\/wp-json\/wp\/v2\/reference\/129105","targetHints":{"allow":["GET"]}}],"collection":[{"href":"https:\/\/fsc-ccf.ca\/fr\/wp-json\/wp\/v2\/reference"}],"about":[{"href":"https:\/\/fsc-ccf.ca\/fr\/wp-json\/wp\/v2\/types\/reference"}],"version-history":[{"count":0,"href":"https:\/\/fsc-ccf.ca\/fr\/wp-json\/wp\/v2\/reference\/129105\/revisions"}],"wp:attachment":[{"href":"https:\/\/fsc-ccf.ca\/fr\/wp-json\/wp\/v2\/media?parent=129105"}],"wp:term":[{"taxonomy":"reference-tag","embeddable":true,"href":"https:\/\/fsc-ccf.ca\/fr\/wp-json\/wp\/v2\/reference-tag?post=129105"},{"taxonomy":"reference-type","embeddable":true,"href":"https:\/\/fsc-ccf.ca\/fr\/wp-json\/wp\/v2\/reference-type?post=129105"}],"curies":[{"name":"wp","href":"https:\/\/api.w.org\/{rel}","templated":true}]}}

<p>La gestion et la diversité en développement est à l&#8217;agenda politique et économique dans de nombreux pays; donc la gestion de la diversité est devenue un domaine de la connaissance et de la pratique dans son propre droit. Pourtant, tout ce qu&#8217;il est trop souvent considéré comme un concept unificateur, comme si elle devait être interprétée de manière uniforme dans toutes les cultures et les pays. Les contributeurs de ce volume examinent habilement la relation entre la gestion de la diversité et législation sur l&#8217;égalité dans des contextes nationaux des différents pays participants. Ils préconisent que cette séparation et l&#8217;enchaînement entre l&#8217;égalité au travail et la gestion de la diversité est loin d&#8217;être naturel Traduit à l'aide de Google Translate</p>

<p>La gestion et la diversité en développement est à l&#8217;agenda politique et économique dans de nombreux pays; donc la gestion de la diversité est devenue un domaine de la connaissance et de la pratique dans son propre droit. Pourtant, tout ce qu&#8217;il est trop souvent considéré comme un concept unificateur, comme si elle devait être interprétée de manière uniforme dans toutes les cultures et les pays. Les contributeurs de ce volume examinent habilement la relation entre la gestion de la diversité et législation sur l&#8217;égalité dans des contextes nationaux des différents pays participants. Ils préconisent que cette séparation et l&#8217;enchaînement entre l&#8217;égalité au travail et la gestion de la diversité est loin d&#8217;être naturel [googletranslate_fr]</p>

<!-- This site is optimized with the Yoast SEO plugin v27.4 - https://yoast.com/product/yoast-seo-wordpress/ -->
<title>Employment equity and workplace diversity in Canada - Future Skills Centre • Centre des Compétences futures</title>
<meta name="robots" content="index, follow, max-snippet:-1, max-image-preview:large, max-video-preview:-1" />
<link rel="canonical" href="https://fsc-ccf.ca/fr/references/employment-equity-and-workplace-diversity-in-canada-2/" />
<meta name="twitter:label1" content="Est. reading time" />
	<meta name="twitter:data1" content="1 minute" />
<script type="application/ld+json" class="yoast-schema-graph">{"@context":"https:\/\/schema.org","@graph":[{"@type":"WebPage","@id":"https:\/\/fsc-ccf.ca\/fr\/references\/employment-equity-and-workplace-diversity-in-canada-2\/","url":"https:\/\/fsc-ccf.ca\/fr\/references\/employment-equity-and-workplace-diversity-in-canada-2\/","name":"Employment equity and workplace diversity in Canada - Future Skills Centre • Centre des Compétences futures","isPartOf":{"@id":"https:\/\/fsc-ccf.ca\/fr\/#website"},"datePublished":"2020-08-11T22:18:14+00:00","breadcrumb":{"@id":"https:\/\/fsc-ccf.ca\/fr\/references\/employment-equity-and-workplace-diversity-in-canada-2\/#breadcrumb"},"inLanguage":"fr-FR","potentialAction":[{"@type":"ReadAction","target":["https:\/\/fsc-ccf.ca\/fr\/references\/employment-equity-and-workplace-diversity-in-canada-2\/"]}]},{"@type":"BreadcrumbList","@id":"https:\/\/fsc-ccf.ca\/fr\/references\/employment-equity-and-workplace-diversity-in-canada-2\/#breadcrumb","itemListElement":[{"@type":"ListItem","position":1,"name":"Home","item":"https:\/\/fsc-ccf.ca\/fr\/"},{"@type":"ListItem","position":2,"name":"References","item":"https:\/\/fsc-ccf.ca\/fr\/references\/"},{"@type":"ListItem","position":3,"name":"Employment equity and workplace diversity in Canada"}]},{"@type":"WebSite","@id":"https:\/\/fsc-ccf.ca\/fr\/#website","url":"https:\/\/fsc-ccf.ca\/fr\/","name":"Future Skills Centre • Centre des Compétences futures","description":"","publisher":{"@id":"https:\/\/fsc-ccf.ca\/fr\/#organization"},"potentialAction":[{"@type":"SearchAction","target":{"@type":"EntryPoint","urlTemplate":"https:\/\/fsc-ccf.ca\/fr\/?s={search_term_string}"},"query-input":{"@type":"PropertyValueSpecification","valueRequired":true,"valueName":"search_term_string"}}],"inLanguage":"fr-FR"},{"@type":"Organization","@id":"https:\/\/fsc-ccf.ca\/fr\/#organization","name":"Future Skills Centre • Centre des Compétences futures","url":"https:\/\/fsc-ccf.ca\/fr\/","logo":{"@type":"ImageObject","inLanguage":"fr-FR","@id":"https:\/\/fsc-ccf.ca\/fr\/#\/schema\/logo\/image\/","url":"https:\/\/fsc-ccf.ca\/wp-content\/uploads\/2019\/08\/FSC_logo_colour_rgb_positive_ENG.png","contentUrl":"https:\/\/fsc-ccf.ca\/wp-content\/uploads\/2019\/08\/FSC_logo_colour_rgb_positive_ENG.png","width":618,"height":528,"caption":"Future Skills Centre • Centre des Compétences futures"},"image":{"@id":"https:\/\/fsc-ccf.ca\/fr\/#\/schema\/logo\/image\/"},"sameAs":["https:\/\/www.facebook.com\/2161871137193201\/","https:\/\/x.com\/fsc_ccf_en","https:\/\/www.instagram.com\/fsc_ccf\/","https:\/\/www.linkedin.com\/company\/fsc-ccf\/"]}]}</script>
<!-- / Yoast SEO plugin. -->

Employment equity and workplace diversity in Canada - Future Skills Centre • Centre des Compétences futures

Future Skills Centre • Centre des Compétences futures
