			{"id":128938,"date":"2020-08-11T18:17:00","date_gmt":"2020-08-11T22:17:00","guid":{"rendered":"https:\/\/fsc-ccf.ca\/references\/the-future-of-work-oecd-employment-outlook-2019-3\/"},"modified":"2020-08-11T18:17:00","modified_gmt":"2020-08-11T22:17:00","slug":"the-future-of-work-oecd-employment-outlook-2019-3","status":"publish","type":"reference","link":"https:\/\/fsc-ccf.ca\/fr\/references\/the-future-of-work-oecd-employment-outlook-2019-3\/","title":{"rendered":"The future of work: OECD employment outlook 2019"},"content":{"rendered":"<p>Ce chapitre traite du r\u00f4le cl\u00e9 de l&#8217;apprentissage des adultes pour assurer que tous les individus peuvent naviguer avec succ\u00e8s un march\u00e9 du travail en \u00e9volution. Il donne un aper\u00e7u de la fa\u00e7on dont plusieurs m\u00e9gatendances sont en train de changer le contenu de l&#8217;emploi et les comp\u00e9tences n\u00e9cessaires. Il identifie les groupes d&#8217;adultes qui peuvent faire face \u00e0 des difficult\u00e9s d&#8217;adaptation \u00e0 ces changements \u00e0 moins qu&#8217;ils ne participent \u00e0 des programmes de recyclage et d&#8217;am\u00e9lioration des comp\u00e9tences. Il vise \u00e9galement des travailleurs dans les modalit\u00e9s d&#8217;emploi non standard qui font face \u00e0 un certain nombre de difficult\u00e9s \u00e0 obtenir la formation. Pour chaque groupe, le chapitre examine les options politiques \u00e0 la participation de relance de la formation sur la base des barri\u00e8res sp\u00e9cifiques auxquels ils sont confront\u00e9s, que ce soit la faible qualit\u00e9 de la formation disponible ou d&#8217;un manque de motivation, le temps, l&#8217;argent ou le soutien de l&#8217;employeur. Traduit a\u0300 l'aide de Google Translate<\/p>\n","protected":false},"excerpt":{"rendered":"<p>Ce chapitre traite du r\u00f4le cl\u00e9 de l&#8217;apprentissage des adultes pour assurer que tous les individus peuvent naviguer avec succ\u00e8s un march\u00e9 du travail en \u00e9volution. Il donne un aper\u00e7u de la fa\u00e7on dont plusieurs m\u00e9gatendances sont en train de changer le contenu de l&#8217;emploi et les comp\u00e9tences n\u00e9cessaires. Il identifie les groupes d&#8217;adultes qui peuvent faire face \u00e0 des difficult\u00e9s d&#8217;adaptation \u00e0 ces changements \u00e0 moins qu&#8217;ils ne participent \u00e0 des programmes de recyclage et d&#8217;am\u00e9lioration des comp\u00e9tences. Il vise \u00e9galement des travailleurs dans les modalit\u00e9s d&#8217;emploi non standard qui font face \u00e0 un certain nombre de difficult\u00e9s \u00e0 obtenir la formation. Pour chaque groupe, le chapitre examine les options politiques \u00e0 la participation de relance de la formation sur la base des barri\u00e8res sp\u00e9cifiques auxquels ils sont confront\u00e9s, que ce soit la faible qualit\u00e9 de la formation disponible ou d&#8217;un manque de motivation, le temps, l&#8217;argent ou le soutien de l&#8217;employeur. [googletranslate_fr]<\/p>\n","protected":false},"template":"","reference-tag":[],"reference-type":[438],"class_list":["post-128938","reference","type-reference","status-publish","hentry","reference-type-book-chapter"],"acf":{"citation":"Organisation for Economic Co-operation and Development (OECD) (2019). The future of work: OECD employment outlook 2019. In Making adult learning systems future-ready for all (pp. 235-292). Paris , France: OECD Publishing. Retrieved from https:\/\/www.oecd-ilibrary.org\/employment\/oecd-employment-outlook-2019_bb84f968-en.","authors":"Organisation for Economic Co-operation and Development","org":"Organisation for Economic Co-operation and Development (OECD)","year":"2019","title_fr":null,"editors_hidden":"","publication":"Making adult learning systems future-ready for all","publication_fr":null,"volume":"","issue":"","Series":"","SeriesNumber":"","page_range":"235-292","publisher_city":"Paris","publisher_state":"France","publisher":"OECD Publishing","abstract_en":null,"abstract_fr":null,"keywords":"","paywall":"0","doi":"","isbn":"","url":"https:\/\/www.oecd-ilibrary.org\/employment\/oecd-employment-outlook-2019_bb84f968-en","url_fr":null,"url_amazon":"","TRACK":"0"},"yoast_head":"<!-- This site is optimized with the Yoast SEO plugin v27.5 - https:\/\/yoast.com\/product\/yoast-seo-wordpress\/ -->\n<title>The future of work: OECD employment outlook 2019 - Future Skills Centre \u2022 Centre des Comp\u00e9tences futures<\/title>\n<meta name=\"robots\" content=\"index, follow, max-snippet:-1, max-image-preview:large, max-video-preview:-1\" \/>\n<link rel=\"canonical\" href=\"https:\/\/fsc-ccf.ca\/fr\/references\/the-future-of-work-oecd-employment-outlook-2019-3\/\" \/>\n<meta name=\"twitter:label1\" content=\"Est. reading time\" \/>\n\t<meta name=\"twitter:data1\" content=\"1 minute\" \/>\n<script type=\"application\/ld+json\" class=\"yoast-schema-graph\">{\"@context\":\"https:\\\/\\\/schema.org\",\"@graph\":[{\"@type\":\"WebPage\",\"@id\":\"https:\\\/\\\/fsc-ccf.ca\\\/fr\\\/references\\\/the-future-of-work-oecd-employment-outlook-2019-3\\\/\",\"url\":\"https:\\\/\\\/fsc-ccf.ca\\\/fr\\\/references\\\/the-future-of-work-oecd-employment-outlook-2019-3\\\/\",\"name\":\"The future of work: OECD employment outlook 2019 - Future Skills Centre \u2022 Centre des Comp\u00e9tences futures\",\"isPartOf\":{\"@id\":\"https:\\\/\\\/fsc-ccf.ca\\\/fr\\\/#website\"},\"datePublished\":\"2020-08-11T22:17:00+00:00\",\"breadcrumb\":{\"@id\":\"https:\\\/\\\/fsc-ccf.ca\\\/fr\\\/references\\\/the-future-of-work-oecd-employment-outlook-2019-3\\\/#breadcrumb\"},\"inLanguage\":\"fr-FR\",\"potentialAction\":[{\"@type\":\"ReadAction\",\"target\":[\"https:\\\/\\\/fsc-ccf.ca\\\/fr\\\/references\\\/the-future-of-work-oecd-employment-outlook-2019-3\\\/\"]}]},{\"@type\":\"BreadcrumbList\",\"@id\":\"https:\\\/\\\/fsc-ccf.ca\\\/fr\\\/references\\\/the-future-of-work-oecd-employment-outlook-2019-3\\\/#breadcrumb\",\"itemListElement\":[{\"@type\":\"ListItem\",\"position\":1,\"name\":\"Home\",\"item\":\"https:\\\/\\\/fsc-ccf.ca\\\/fr\\\/\"},{\"@type\":\"ListItem\",\"position\":2,\"name\":\"References\",\"item\":\"https:\\\/\\\/fsc-ccf.ca\\\/fr\\\/references\\\/\"},{\"@type\":\"ListItem\",\"position\":3,\"name\":\"The future of work: OECD employment outlook 2019\"}]},{\"@type\":\"WebSite\",\"@id\":\"https:\\\/\\\/fsc-ccf.ca\\\/fr\\\/#website\",\"url\":\"https:\\\/\\\/fsc-ccf.ca\\\/fr\\\/\",\"name\":\"Future Skills Centre \u2022 Centre des Comp\u00e9tences futures\",\"description\":\"\",\"publisher\":{\"@id\":\"https:\\\/\\\/fsc-ccf.ca\\\/fr\\\/#organization\"},\"potentialAction\":[{\"@type\":\"SearchAction\",\"target\":{\"@type\":\"EntryPoint\",\"urlTemplate\":\"https:\\\/\\\/fsc-ccf.ca\\\/fr\\\/?s={search_term_string}\"},\"query-input\":{\"@type\":\"PropertyValueSpecification\",\"valueRequired\":true,\"valueName\":\"search_term_string\"}}],\"inLanguage\":\"fr-FR\"},{\"@type\":\"Organization\",\"@id\":\"https:\\\/\\\/fsc-ccf.ca\\\/fr\\\/#organization\",\"name\":\"Future Skills Centre \u2022 Centre des Comp\u00e9tences futures\",\"url\":\"https:\\\/\\\/fsc-ccf.ca\\\/fr\\\/\",\"logo\":{\"@type\":\"ImageObject\",\"inLanguage\":\"fr-FR\",\"@id\":\"https:\\\/\\\/fsc-ccf.ca\\\/fr\\\/#\\\/schema\\\/logo\\\/image\\\/\",\"url\":\"https:\\\/\\\/fsc-ccf.ca\\\/wp-content\\\/uploads\\\/2019\\\/08\\\/FSC_logo_colour_rgb_positive_ENG.png\",\"contentUrl\":\"https:\\\/\\\/fsc-ccf.ca\\\/wp-content\\\/uploads\\\/2019\\\/08\\\/FSC_logo_colour_rgb_positive_ENG.png\",\"width\":618,\"height\":528,\"caption\":\"Future Skills Centre \u2022 Centre des Comp\u00e9tences futures\"},\"image\":{\"@id\":\"https:\\\/\\\/fsc-ccf.ca\\\/fr\\\/#\\\/schema\\\/logo\\\/image\\\/\"},\"sameAs\":[\"https:\\\/\\\/www.facebook.com\\\/2161871137193201\\\/\",\"https:\\\/\\\/x.com\\\/fsc_ccf_en\",\"https:\\\/\\\/www.instagram.com\\\/fsc_ccf\\\/\",\"https:\\\/\\\/www.linkedin.com\\\/company\\\/fsc-ccf\\\/\"]}]}<\/script>\n<!-- \/ Yoast SEO plugin. -->","yoast_head_json":{"title":"The future of work: OECD employment outlook 2019 - Future Skills Centre \u2022 Centre des Comp\u00e9tences futures","robots":{"index":"index","follow":"follow","max-snippet":"max-snippet:-1","max-image-preview":"max-image-preview:large","max-video-preview":"max-video-preview:-1"},"canonical":"https:\/\/fsc-ccf.ca\/fr\/references\/the-future-of-work-oecd-employment-outlook-2019-3\/","twitter_misc":{"Est. reading time":"1 minute"},"schema":{"@context":"https:\/\/schema.org","@graph":[{"@type":"WebPage","@id":"https:\/\/fsc-ccf.ca\/fr\/references\/the-future-of-work-oecd-employment-outlook-2019-3\/","url":"https:\/\/fsc-ccf.ca\/fr\/references\/the-future-of-work-oecd-employment-outlook-2019-3\/","name":"The future of work: OECD employment outlook 2019 - Future Skills Centre \u2022 Centre des Comp\u00e9tences futures","isPartOf":{"@id":"https:\/\/fsc-ccf.ca\/fr\/#website"},"datePublished":"2020-08-11T22:17:00+00:00","breadcrumb":{"@id":"https:\/\/fsc-ccf.ca\/fr\/references\/the-future-of-work-oecd-employment-outlook-2019-3\/#breadcrumb"},"inLanguage":"fr-FR","potentialAction":[{"@type":"ReadAction","target":["https:\/\/fsc-ccf.ca\/fr\/references\/the-future-of-work-oecd-employment-outlook-2019-3\/"]}]},{"@type":"BreadcrumbList","@id":"https:\/\/fsc-ccf.ca\/fr\/references\/the-future-of-work-oecd-employment-outlook-2019-3\/#breadcrumb","itemListElement":[{"@type":"ListItem","position":1,"name":"Home","item":"https:\/\/fsc-ccf.ca\/fr\/"},{"@type":"ListItem","position":2,"name":"References","item":"https:\/\/fsc-ccf.ca\/fr\/references\/"},{"@type":"ListItem","position":3,"name":"The future of work: OECD employment outlook 2019"}]},{"@type":"WebSite","@id":"https:\/\/fsc-ccf.ca\/fr\/#website","url":"https:\/\/fsc-ccf.ca\/fr\/","name":"Future Skills Centre \u2022 Centre des Comp\u00e9tences futures","description":"","publisher":{"@id":"https:\/\/fsc-ccf.ca\/fr\/#organization"},"potentialAction":[{"@type":"SearchAction","target":{"@type":"EntryPoint","urlTemplate":"https:\/\/fsc-ccf.ca\/fr\/?s={search_term_string}"},"query-input":{"@type":"PropertyValueSpecification","valueRequired":true,"valueName":"search_term_string"}}],"inLanguage":"fr-FR"},{"@type":"Organization","@id":"https:\/\/fsc-ccf.ca\/fr\/#organization","name":"Future Skills Centre \u2022 Centre des Comp\u00e9tences futures","url":"https:\/\/fsc-ccf.ca\/fr\/","logo":{"@type":"ImageObject","inLanguage":"fr-FR","@id":"https:\/\/fsc-ccf.ca\/fr\/#\/schema\/logo\/image\/","url":"https:\/\/fsc-ccf.ca\/wp-content\/uploads\/2019\/08\/FSC_logo_colour_rgb_positive_ENG.png","contentUrl":"https:\/\/fsc-ccf.ca\/wp-content\/uploads\/2019\/08\/FSC_logo_colour_rgb_positive_ENG.png","width":618,"height":528,"caption":"Future Skills Centre \u2022 Centre des Comp\u00e9tences futures"},"image":{"@id":"https:\/\/fsc-ccf.ca\/fr\/#\/schema\/logo\/image\/"},"sameAs":["https:\/\/www.facebook.com\/2161871137193201\/","https:\/\/x.com\/fsc_ccf_en","https:\/\/www.instagram.com\/fsc_ccf\/","https:\/\/www.linkedin.com\/company\/fsc-ccf\/"]}]}},"_links":{"self":[{"href":"https:\/\/fsc-ccf.ca\/fr\/wp-json\/wp\/v2\/reference\/128938","targetHints":{"allow":["GET"]}}],"collection":[{"href":"https:\/\/fsc-ccf.ca\/fr\/wp-json\/wp\/v2\/reference"}],"about":[{"href":"https:\/\/fsc-ccf.ca\/fr\/wp-json\/wp\/v2\/types\/reference"}],"version-history":[{"count":0,"href":"https:\/\/fsc-ccf.ca\/fr\/wp-json\/wp\/v2\/reference\/128938\/revisions"}],"wp:attachment":[{"href":"https:\/\/fsc-ccf.ca\/fr\/wp-json\/wp\/v2\/media?parent=128938"}],"wp:term":[{"taxonomy":"reference-tag","embeddable":true,"href":"https:\/\/fsc-ccf.ca\/fr\/wp-json\/wp\/v2\/reference-tag?post=128938"},{"taxonomy":"reference-type","embeddable":true,"href":"https:\/\/fsc-ccf.ca\/fr\/wp-json\/wp\/v2\/reference-type?post=128938"}],"curies":[{"name":"wp","href":"https:\/\/api.w.org\/{rel}","templated":true}]}}

<p>Ce chapitre traite du rôle clé de l&#8217;apprentissage des adultes pour assurer que tous les individus peuvent naviguer avec succès un marché du travail en évolution. Il donne un aperçu de la façon dont plusieurs mégatendances sont en train de changer le contenu de l&#8217;emploi et les compétences nécessaires. Il identifie les groupes d&#8217;adultes qui peuvent faire face à des difficultés d&#8217;adaptation à ces changements à moins qu&#8217;ils ne participent à des programmes de recyclage et d&#8217;amélioration des compétences. Il vise également des travailleurs dans les modalités d&#8217;emploi non standard qui font face à un certain nombre de difficultés à obtenir la formation. Pour chaque groupe, le chapitre examine les options politiques à la participation de relance de la formation sur la base des barrières spécifiques auxquels ils sont confrontés, que ce soit la faible qualité de la formation disponible ou d&#8217;un manque de motivation, le temps, l&#8217;argent ou le soutien de l&#8217;employeur. Traduit à l'aide de Google Translate</p>

<p>Ce chapitre traite du rôle clé de l&#8217;apprentissage des adultes pour assurer que tous les individus peuvent naviguer avec succès un marché du travail en évolution. Il donne un aperçu de la façon dont plusieurs mégatendances sont en train de changer le contenu de l&#8217;emploi et les compétences nécessaires. Il identifie les groupes d&#8217;adultes qui peuvent faire face à des difficultés d&#8217;adaptation à ces changements à moins qu&#8217;ils ne participent à des programmes de recyclage et d&#8217;amélioration des compétences. Il vise également des travailleurs dans les modalités d&#8217;emploi non standard qui font face à un certain nombre de difficultés à obtenir la formation. Pour chaque groupe, le chapitre examine les options politiques à la participation de relance de la formation sur la base des barrières spécifiques auxquels ils sont confrontés, que ce soit la faible qualité de la formation disponible ou d&#8217;un manque de motivation, le temps, l&#8217;argent ou le soutien de l&#8217;employeur. [googletranslate_fr]</p>

<!-- This site is optimized with the Yoast SEO plugin v27.5 - https://yoast.com/product/yoast-seo-wordpress/ -->
<title>The future of work: OECD employment outlook 2019 - Future Skills Centre • Centre des Compétences futures</title>
<meta name="robots" content="index, follow, max-snippet:-1, max-image-preview:large, max-video-preview:-1" />
<link rel="canonical" href="https://fsc-ccf.ca/fr/references/the-future-of-work-oecd-employment-outlook-2019-3/" />
<meta name="twitter:label1" content="Est. reading time" />
	<meta name="twitter:data1" content="1 minute" />
<script type="application/ld+json" class="yoast-schema-graph">{"@context":"https:\/\/schema.org","@graph":[{"@type":"WebPage","@id":"https:\/\/fsc-ccf.ca\/fr\/references\/the-future-of-work-oecd-employment-outlook-2019-3\/","url":"https:\/\/fsc-ccf.ca\/fr\/references\/the-future-of-work-oecd-employment-outlook-2019-3\/","name":"The future of work: OECD employment outlook 2019 - Future Skills Centre • Centre des Compétences futures","isPartOf":{"@id":"https:\/\/fsc-ccf.ca\/fr\/#website"},"datePublished":"2020-08-11T22:17:00+00:00","breadcrumb":{"@id":"https:\/\/fsc-ccf.ca\/fr\/references\/the-future-of-work-oecd-employment-outlook-2019-3\/#breadcrumb"},"inLanguage":"fr-FR","potentialAction":[{"@type":"ReadAction","target":["https:\/\/fsc-ccf.ca\/fr\/references\/the-future-of-work-oecd-employment-outlook-2019-3\/"]}]},{"@type":"BreadcrumbList","@id":"https:\/\/fsc-ccf.ca\/fr\/references\/the-future-of-work-oecd-employment-outlook-2019-3\/#breadcrumb","itemListElement":[{"@type":"ListItem","position":1,"name":"Home","item":"https:\/\/fsc-ccf.ca\/fr\/"},{"@type":"ListItem","position":2,"name":"References","item":"https:\/\/fsc-ccf.ca\/fr\/references\/"},{"@type":"ListItem","position":3,"name":"The future of work: OECD employment outlook 2019"}]},{"@type":"WebSite","@id":"https:\/\/fsc-ccf.ca\/fr\/#website","url":"https:\/\/fsc-ccf.ca\/fr\/","name":"Future Skills Centre • Centre des Compétences futures","description":"","publisher":{"@id":"https:\/\/fsc-ccf.ca\/fr\/#organization"},"potentialAction":[{"@type":"SearchAction","target":{"@type":"EntryPoint","urlTemplate":"https:\/\/fsc-ccf.ca\/fr\/?s={search_term_string}"},"query-input":{"@type":"PropertyValueSpecification","valueRequired":true,"valueName":"search_term_string"}}],"inLanguage":"fr-FR"},{"@type":"Organization","@id":"https:\/\/fsc-ccf.ca\/fr\/#organization","name":"Future Skills Centre • Centre des Compétences futures","url":"https:\/\/fsc-ccf.ca\/fr\/","logo":{"@type":"ImageObject","inLanguage":"fr-FR","@id":"https:\/\/fsc-ccf.ca\/fr\/#\/schema\/logo\/image\/","url":"https:\/\/fsc-ccf.ca\/wp-content\/uploads\/2019\/08\/FSC_logo_colour_rgb_positive_ENG.png","contentUrl":"https:\/\/fsc-ccf.ca\/wp-content\/uploads\/2019\/08\/FSC_logo_colour_rgb_positive_ENG.png","width":618,"height":528,"caption":"Future Skills Centre • Centre des Compétences futures"},"image":{"@id":"https:\/\/fsc-ccf.ca\/fr\/#\/schema\/logo\/image\/"},"sameAs":["https:\/\/www.facebook.com\/2161871137193201\/","https:\/\/x.com\/fsc_ccf_en","https:\/\/www.instagram.com\/fsc_ccf\/","https:\/\/www.linkedin.com\/company\/fsc-ccf\/"]}]}</script>
<!-- / Yoast SEO plugin. -->

The future of work: OECD employment outlook 2019 - Future Skills Centre • Centre des Compétences futures

Future Skills Centre • Centre des Compétences futures
