			{"id":128599,"date":"2020-08-11T18:14:33","date_gmt":"2020-08-11T22:14:33","guid":{"rendered":"https:\/\/fsc-ccf.ca\/references\/meet-the-us-workforce-of-the-future-older-more-diverse-and-more-educated-2\/"},"modified":"2020-08-11T18:14:32","modified_gmt":"2020-08-11T22:14:32","slug":"meet-the-us-workforce-of-the-future-older-more-diverse-and-more-educated-2","status":"publish","type":"reference","link":"https:\/\/fsc-ccf.ca\/fr\/references\/meet-the-us-workforce-of-the-future-older-more-diverse-and-more-educated-2\/","title":{"rendered":"Meet the US workforce of the future: Older, more diverse, and more educated"},"content":{"rendered":"<p>\u00cates-vous un organisme am\u00e9ricain recherche pour les travailleurs de demain? Regardez autour de votre lieu de travail. Les plus anciens pour plusieurs d\u00e9cennies1 seulement 37 sont du mill\u00e9naire et sera probablement continuer \u00e0 travailler les changements d\u00e9mographiques qui d\u00e9terminent un grand nombre des principales caract\u00e9ristiques de la main-d&#8217;\u0153uvre se produisent lentement. Mais ils se produisent. Au fil du temps, ces changements d\u00e9mographiques peuvent se combiner pour faire une grande diff\u00e9rence. Il est une diff\u00e9rence que nous pouvons d\u00e9j\u00e0 voir. Les principaux changements \u00e0 long terme dans la main-d&#8217;\u0153uvre sont, en fait, pas nouveau; les employeurs ont \u00e9t\u00e9 pour les surmonter, pendant des d\u00e9cennies. Pourtant, ils peuvent avoir des r\u00e9percussions r\u00e9elles sur la fa\u00e7on dont les organisations abordent tout, de la planification de la main-d&#8217;\u0153uvre aux initiatives de diversit\u00e9. Traduit a\u0300 l'aide de Google Translate<\/p>\n","protected":false},"excerpt":{"rendered":"<p>\u00cates-vous un organisme am\u00e9ricain recherche pour les travailleurs de demain? Regardez autour de votre lieu de travail. Les plus anciens pour plusieurs d\u00e9cennies1 seulement 37 sont du mill\u00e9naire et sera probablement continuer \u00e0 travailler les changements d\u00e9mographiques qui d\u00e9terminent un grand nombre des principales caract\u00e9ristiques de la main-d&#8217;\u0153uvre se produisent lentement. Mais ils se produisent. Au fil du temps, ces changements d\u00e9mographiques peuvent se combiner pour faire une grande diff\u00e9rence. Il est une diff\u00e9rence que nous pouvons d\u00e9j\u00e0 voir. Les principaux changements \u00e0 long terme dans la main-d&#8217;\u0153uvre sont, en fait, pas nouveau; les employeurs ont \u00e9t\u00e9 pour les surmonter, pendant des d\u00e9cennies. Pourtant, ils peuvent avoir des r\u00e9percussions r\u00e9elles sur la fa\u00e7on dont les organisations abordent tout, de la planification de la main-d&#8217;\u0153uvre aux initiatives de diversit\u00e9. [googletranslate_fr]<\/p>\n","protected":false},"template":"","reference-tag":[],"reference-type":[436],"class_list":["post-128599","reference","type-reference","status-publish","hentry","reference-type-white-paper"],"acf":{"citation":"Buckley, P. and Bachman, D. (2017). Meet the US workforce of the future: Older, more diverse, and more educated . Issue:21. New York, NY: Deloitte Review. Retrieved from https:\/\/www2.deloitte.com\/content\/dam\/insights\/us\/articles\/3884_Meet-the-US-work-force\/DUP_Meet-the-US-workforce-reprint.pdf.","authors":"Buckley, P. and Bachman, D.","org":"","year":"2017","title_fr":null,"editors_hidden":"","publication":"","publication_fr":null,"volume":"","issue":"","Series":"","SeriesNumber":"","page_range":"","publisher_city":"New York","publisher_state":"NY","publisher":"Deloitte Review","abstract_en":null,"abstract_fr":null,"keywords":"","paywall":"0","doi":"","isbn":"","url":"https:\/\/www2.deloitte.com\/content\/dam\/insights\/us\/articles\/3884_Meet-the-US-work-force\/DUP_Meet-the-US-workforce-reprint.pdf","url_fr":null,"url_amazon":"","TRACK":"0"},"yoast_head":"<!-- This site is optimized with the Yoast SEO plugin v27.5 - https:\/\/yoast.com\/product\/yoast-seo-wordpress\/ -->\n<title>Meet the US workforce of the future: Older, more diverse, and more educated - Future Skills Centre \u2022 Centre des Comp\u00e9tences futures<\/title>\n<meta name=\"robots\" content=\"index, follow, max-snippet:-1, max-image-preview:large, max-video-preview:-1\" \/>\n<link rel=\"canonical\" href=\"https:\/\/fsc-ccf.ca\/fr\/references\/meet-the-us-workforce-of-the-future-older-more-diverse-and-more-educated-2\/\" \/>\n<meta name=\"twitter:label1\" content=\"Est. reading time\" \/>\n\t<meta name=\"twitter:data1\" content=\"1 minute\" \/>\n<script type=\"application\/ld+json\" class=\"yoast-schema-graph\">{\"@context\":\"https:\\\/\\\/schema.org\",\"@graph\":[{\"@type\":\"WebPage\",\"@id\":\"https:\\\/\\\/fsc-ccf.ca\\\/fr\\\/references\\\/meet-the-us-workforce-of-the-future-older-more-diverse-and-more-educated-2\\\/\",\"url\":\"https:\\\/\\\/fsc-ccf.ca\\\/fr\\\/references\\\/meet-the-us-workforce-of-the-future-older-more-diverse-and-more-educated-2\\\/\",\"name\":\"Meet the US workforce of the future: Older, more diverse, and more educated - Future Skills Centre \u2022 Centre des Comp\u00e9tences futures\",\"isPartOf\":{\"@id\":\"https:\\\/\\\/fsc-ccf.ca\\\/fr\\\/#website\"},\"datePublished\":\"2020-08-11T22:14:33+00:00\",\"breadcrumb\":{\"@id\":\"https:\\\/\\\/fsc-ccf.ca\\\/fr\\\/references\\\/meet-the-us-workforce-of-the-future-older-more-diverse-and-more-educated-2\\\/#breadcrumb\"},\"inLanguage\":\"fr-FR\",\"potentialAction\":[{\"@type\":\"ReadAction\",\"target\":[\"https:\\\/\\\/fsc-ccf.ca\\\/fr\\\/references\\\/meet-the-us-workforce-of-the-future-older-more-diverse-and-more-educated-2\\\/\"]}]},{\"@type\":\"BreadcrumbList\",\"@id\":\"https:\\\/\\\/fsc-ccf.ca\\\/fr\\\/references\\\/meet-the-us-workforce-of-the-future-older-more-diverse-and-more-educated-2\\\/#breadcrumb\",\"itemListElement\":[{\"@type\":\"ListItem\",\"position\":1,\"name\":\"Home\",\"item\":\"https:\\\/\\\/fsc-ccf.ca\\\/fr\\\/\"},{\"@type\":\"ListItem\",\"position\":2,\"name\":\"References\",\"item\":\"https:\\\/\\\/fsc-ccf.ca\\\/fr\\\/references\\\/\"},{\"@type\":\"ListItem\",\"position\":3,\"name\":\"Meet the US workforce of the future: Older, more diverse, and more educated\"}]},{\"@type\":\"WebSite\",\"@id\":\"https:\\\/\\\/fsc-ccf.ca\\\/fr\\\/#website\",\"url\":\"https:\\\/\\\/fsc-ccf.ca\\\/fr\\\/\",\"name\":\"Future Skills Centre \u2022 Centre des Comp\u00e9tences futures\",\"description\":\"\",\"publisher\":{\"@id\":\"https:\\\/\\\/fsc-ccf.ca\\\/fr\\\/#organization\"},\"potentialAction\":[{\"@type\":\"SearchAction\",\"target\":{\"@type\":\"EntryPoint\",\"urlTemplate\":\"https:\\\/\\\/fsc-ccf.ca\\\/fr\\\/?s={search_term_string}\"},\"query-input\":{\"@type\":\"PropertyValueSpecification\",\"valueRequired\":true,\"valueName\":\"search_term_string\"}}],\"inLanguage\":\"fr-FR\"},{\"@type\":\"Organization\",\"@id\":\"https:\\\/\\\/fsc-ccf.ca\\\/fr\\\/#organization\",\"name\":\"Future Skills Centre \u2022 Centre des Comp\u00e9tences futures\",\"url\":\"https:\\\/\\\/fsc-ccf.ca\\\/fr\\\/\",\"logo\":{\"@type\":\"ImageObject\",\"inLanguage\":\"fr-FR\",\"@id\":\"https:\\\/\\\/fsc-ccf.ca\\\/fr\\\/#\\\/schema\\\/logo\\\/image\\\/\",\"url\":\"https:\\\/\\\/fsc-ccf.ca\\\/wp-content\\\/uploads\\\/2019\\\/08\\\/FSC_logo_colour_rgb_positive_ENG.png\",\"contentUrl\":\"https:\\\/\\\/fsc-ccf.ca\\\/wp-content\\\/uploads\\\/2019\\\/08\\\/FSC_logo_colour_rgb_positive_ENG.png\",\"width\":618,\"height\":528,\"caption\":\"Future Skills Centre \u2022 Centre des Comp\u00e9tences futures\"},\"image\":{\"@id\":\"https:\\\/\\\/fsc-ccf.ca\\\/fr\\\/#\\\/schema\\\/logo\\\/image\\\/\"},\"sameAs\":[\"https:\\\/\\\/www.facebook.com\\\/2161871137193201\\\/\",\"https:\\\/\\\/x.com\\\/fsc_ccf_en\",\"https:\\\/\\\/www.instagram.com\\\/fsc_ccf\\\/\",\"https:\\\/\\\/www.linkedin.com\\\/company\\\/fsc-ccf\\\/\"]}]}<\/script>\n<!-- \/ Yoast SEO plugin. -->","yoast_head_json":{"title":"Meet the US workforce of the future: Older, more diverse, and more educated - Future Skills Centre \u2022 Centre des Comp\u00e9tences futures","robots":{"index":"index","follow":"follow","max-snippet":"max-snippet:-1","max-image-preview":"max-image-preview:large","max-video-preview":"max-video-preview:-1"},"canonical":"https:\/\/fsc-ccf.ca\/fr\/references\/meet-the-us-workforce-of-the-future-older-more-diverse-and-more-educated-2\/","twitter_misc":{"Est. reading time":"1 minute"},"schema":{"@context":"https:\/\/schema.org","@graph":[{"@type":"WebPage","@id":"https:\/\/fsc-ccf.ca\/fr\/references\/meet-the-us-workforce-of-the-future-older-more-diverse-and-more-educated-2\/","url":"https:\/\/fsc-ccf.ca\/fr\/references\/meet-the-us-workforce-of-the-future-older-more-diverse-and-more-educated-2\/","name":"Meet the US workforce of the future: Older, more diverse, and more educated - Future Skills Centre \u2022 Centre des Comp\u00e9tences futures","isPartOf":{"@id":"https:\/\/fsc-ccf.ca\/fr\/#website"},"datePublished":"2020-08-11T22:14:33+00:00","breadcrumb":{"@id":"https:\/\/fsc-ccf.ca\/fr\/references\/meet-the-us-workforce-of-the-future-older-more-diverse-and-more-educated-2\/#breadcrumb"},"inLanguage":"fr-FR","potentialAction":[{"@type":"ReadAction","target":["https:\/\/fsc-ccf.ca\/fr\/references\/meet-the-us-workforce-of-the-future-older-more-diverse-and-more-educated-2\/"]}]},{"@type":"BreadcrumbList","@id":"https:\/\/fsc-ccf.ca\/fr\/references\/meet-the-us-workforce-of-the-future-older-more-diverse-and-more-educated-2\/#breadcrumb","itemListElement":[{"@type":"ListItem","position":1,"name":"Home","item":"https:\/\/fsc-ccf.ca\/fr\/"},{"@type":"ListItem","position":2,"name":"References","item":"https:\/\/fsc-ccf.ca\/fr\/references\/"},{"@type":"ListItem","position":3,"name":"Meet the US workforce of the future: Older, more diverse, and more educated"}]},{"@type":"WebSite","@id":"https:\/\/fsc-ccf.ca\/fr\/#website","url":"https:\/\/fsc-ccf.ca\/fr\/","name":"Future Skills Centre \u2022 Centre des Comp\u00e9tences futures","description":"","publisher":{"@id":"https:\/\/fsc-ccf.ca\/fr\/#organization"},"potentialAction":[{"@type":"SearchAction","target":{"@type":"EntryPoint","urlTemplate":"https:\/\/fsc-ccf.ca\/fr\/?s={search_term_string}"},"query-input":{"@type":"PropertyValueSpecification","valueRequired":true,"valueName":"search_term_string"}}],"inLanguage":"fr-FR"},{"@type":"Organization","@id":"https:\/\/fsc-ccf.ca\/fr\/#organization","name":"Future Skills Centre \u2022 Centre des Comp\u00e9tences futures","url":"https:\/\/fsc-ccf.ca\/fr\/","logo":{"@type":"ImageObject","inLanguage":"fr-FR","@id":"https:\/\/fsc-ccf.ca\/fr\/#\/schema\/logo\/image\/","url":"https:\/\/fsc-ccf.ca\/wp-content\/uploads\/2019\/08\/FSC_logo_colour_rgb_positive_ENG.png","contentUrl":"https:\/\/fsc-ccf.ca\/wp-content\/uploads\/2019\/08\/FSC_logo_colour_rgb_positive_ENG.png","width":618,"height":528,"caption":"Future Skills Centre \u2022 Centre des Comp\u00e9tences futures"},"image":{"@id":"https:\/\/fsc-ccf.ca\/fr\/#\/schema\/logo\/image\/"},"sameAs":["https:\/\/www.facebook.com\/2161871137193201\/","https:\/\/x.com\/fsc_ccf_en","https:\/\/www.instagram.com\/fsc_ccf\/","https:\/\/www.linkedin.com\/company\/fsc-ccf\/"]}]}},"_links":{"self":[{"href":"https:\/\/fsc-ccf.ca\/fr\/wp-json\/wp\/v2\/reference\/128599","targetHints":{"allow":["GET"]}}],"collection":[{"href":"https:\/\/fsc-ccf.ca\/fr\/wp-json\/wp\/v2\/reference"}],"about":[{"href":"https:\/\/fsc-ccf.ca\/fr\/wp-json\/wp\/v2\/types\/reference"}],"version-history":[{"count":0,"href":"https:\/\/fsc-ccf.ca\/fr\/wp-json\/wp\/v2\/reference\/128599\/revisions"}],"wp:attachment":[{"href":"https:\/\/fsc-ccf.ca\/fr\/wp-json\/wp\/v2\/media?parent=128599"}],"wp:term":[{"taxonomy":"reference-tag","embeddable":true,"href":"https:\/\/fsc-ccf.ca\/fr\/wp-json\/wp\/v2\/reference-tag?post=128599"},{"taxonomy":"reference-type","embeddable":true,"href":"https:\/\/fsc-ccf.ca\/fr\/wp-json\/wp\/v2\/reference-type?post=128599"}],"curies":[{"name":"wp","href":"https:\/\/api.w.org\/{rel}","templated":true}]}}

<p>Êtes-vous un organisme américain recherche pour les travailleurs de demain? Regardez autour de votre lieu de travail. Les plus anciens pour plusieurs décennies1 seulement 37 sont du millénaire et sera probablement continuer à travailler les changements démographiques qui déterminent un grand nombre des principales caractéristiques de la main-d&#8217;œuvre se produisent lentement. Mais ils se produisent. Au fil du temps, ces changements démographiques peuvent se combiner pour faire une grande différence. Il est une différence que nous pouvons déjà voir. Les principaux changements à long terme dans la main-d&#8217;œuvre sont, en fait, pas nouveau; les employeurs ont été pour les surmonter, pendant des décennies. Pourtant, ils peuvent avoir des répercussions réelles sur la façon dont les organisations abordent tout, de la planification de la main-d&#8217;œuvre aux initiatives de diversité. Traduit à l'aide de Google Translate</p>

<p>Êtes-vous un organisme américain recherche pour les travailleurs de demain? Regardez autour de votre lieu de travail. Les plus anciens pour plusieurs décennies1 seulement 37 sont du millénaire et sera probablement continuer à travailler les changements démographiques qui déterminent un grand nombre des principales caractéristiques de la main-d&#8217;œuvre se produisent lentement. Mais ils se produisent. Au fil du temps, ces changements démographiques peuvent se combiner pour faire une grande différence. Il est une différence que nous pouvons déjà voir. Les principaux changements à long terme dans la main-d&#8217;œuvre sont, en fait, pas nouveau; les employeurs ont été pour les surmonter, pendant des décennies. Pourtant, ils peuvent avoir des répercussions réelles sur la façon dont les organisations abordent tout, de la planification de la main-d&#8217;œuvre aux initiatives de diversité. [googletranslate_fr]</p>

<!-- This site is optimized with the Yoast SEO plugin v27.5 - https://yoast.com/product/yoast-seo-wordpress/ -->
<title>Meet the US workforce of the future: Older, more diverse, and more educated - Future Skills Centre • Centre des Compétences futures</title>
<meta name="robots" content="index, follow, max-snippet:-1, max-image-preview:large, max-video-preview:-1" />
<link rel="canonical" href="https://fsc-ccf.ca/fr/references/meet-the-us-workforce-of-the-future-older-more-diverse-and-more-educated-2/" />
<meta name="twitter:label1" content="Est. reading time" />
	<meta name="twitter:data1" content="1 minute" />
<script type="application/ld+json" class="yoast-schema-graph">{"@context":"https:\/\/schema.org","@graph":[{"@type":"WebPage","@id":"https:\/\/fsc-ccf.ca\/fr\/references\/meet-the-us-workforce-of-the-future-older-more-diverse-and-more-educated-2\/","url":"https:\/\/fsc-ccf.ca\/fr\/references\/meet-the-us-workforce-of-the-future-older-more-diverse-and-more-educated-2\/","name":"Meet the US workforce of the future: Older, more diverse, and more educated - Future Skills Centre • Centre des Compétences futures","isPartOf":{"@id":"https:\/\/fsc-ccf.ca\/fr\/#website"},"datePublished":"2020-08-11T22:14:33+00:00","breadcrumb":{"@id":"https:\/\/fsc-ccf.ca\/fr\/references\/meet-the-us-workforce-of-the-future-older-more-diverse-and-more-educated-2\/#breadcrumb"},"inLanguage":"fr-FR","potentialAction":[{"@type":"ReadAction","target":["https:\/\/fsc-ccf.ca\/fr\/references\/meet-the-us-workforce-of-the-future-older-more-diverse-and-more-educated-2\/"]}]},{"@type":"BreadcrumbList","@id":"https:\/\/fsc-ccf.ca\/fr\/references\/meet-the-us-workforce-of-the-future-older-more-diverse-and-more-educated-2\/#breadcrumb","itemListElement":[{"@type":"ListItem","position":1,"name":"Home","item":"https:\/\/fsc-ccf.ca\/fr\/"},{"@type":"ListItem","position":2,"name":"References","item":"https:\/\/fsc-ccf.ca\/fr\/references\/"},{"@type":"ListItem","position":3,"name":"Meet the US workforce of the future: Older, more diverse, and more educated"}]},{"@type":"WebSite","@id":"https:\/\/fsc-ccf.ca\/fr\/#website","url":"https:\/\/fsc-ccf.ca\/fr\/","name":"Future Skills Centre • Centre des Compétences futures","description":"","publisher":{"@id":"https:\/\/fsc-ccf.ca\/fr\/#organization"},"potentialAction":[{"@type":"SearchAction","target":{"@type":"EntryPoint","urlTemplate":"https:\/\/fsc-ccf.ca\/fr\/?s={search_term_string}"},"query-input":{"@type":"PropertyValueSpecification","valueRequired":true,"valueName":"search_term_string"}}],"inLanguage":"fr-FR"},{"@type":"Organization","@id":"https:\/\/fsc-ccf.ca\/fr\/#organization","name":"Future Skills Centre • Centre des Compétences futures","url":"https:\/\/fsc-ccf.ca\/fr\/","logo":{"@type":"ImageObject","inLanguage":"fr-FR","@id":"https:\/\/fsc-ccf.ca\/fr\/#\/schema\/logo\/image\/","url":"https:\/\/fsc-ccf.ca\/wp-content\/uploads\/2019\/08\/FSC_logo_colour_rgb_positive_ENG.png","contentUrl":"https:\/\/fsc-ccf.ca\/wp-content\/uploads\/2019\/08\/FSC_logo_colour_rgb_positive_ENG.png","width":618,"height":528,"caption":"Future Skills Centre • Centre des Compétences futures"},"image":{"@id":"https:\/\/fsc-ccf.ca\/fr\/#\/schema\/logo\/image\/"},"sameAs":["https:\/\/www.facebook.com\/2161871137193201\/","https:\/\/x.com\/fsc_ccf_en","https:\/\/www.instagram.com\/fsc_ccf\/","https:\/\/www.linkedin.com\/company\/fsc-ccf\/"]}]}</script>
<!-- / Yoast SEO plugin. -->

Meet the US workforce of the future: Older, more diverse, and more educated - Future Skills Centre • Centre des Compétences futures

Future Skills Centre • Centre des Compétences futures
