			{"id":128490,"date":"2020-08-11T18:13:46","date_gmt":"2020-08-11T22:13:46","guid":{"rendered":"https:\/\/fsc-ccf.ca\/references\/prospering-together-addressing-inequality-and-poverty-to-succeed-in-the-knowledge-based-economy-2\/"},"modified":"2020-08-11T18:13:45","modified_gmt":"2020-08-11T22:13:45","slug":"prospering-together-addressing-inequality-and-poverty-to-succeed-in-the-knowledge-based-economy-2","status":"publish","type":"reference","link":"https:\/\/fsc-ccf.ca\/fr\/references\/prospering-together-addressing-inequality-and-poverty-to-succeed-in-the-knowledge-based-economy-2\/","title":{"rendered":"Prospering together: Addressing inequality and poverty to succeed in the knowledge-based economy"},"content":{"rendered":"<p>On pourrait penser que l&#8217;in\u00e9galit\u00e9 et la pauvret\u00e9 sont le domaine propre de la politique sociale, et non pas \u00ab la politique \u00e9conomique et commerciale, \u00bb Action Canada th\u00e8me de bourses de cette ann\u00e9e. Les Canadiens sont form\u00e9s pour r\u00e9fl\u00e9chir \u00e0 la politique \u00e9conomique et sociale des champs distincts. En effet, lorsque le Groupe d&#8217;action du Canada sur l&#8217;in\u00e9galit\u00e9, la pauvret\u00e9, et l&#8217;\u00e9conomie fond\u00e9e sur la connaissance (la \u00ab Task Force \u00bb) se sont rencontr\u00e9s pour discuter de notre projet, nous avions une vue beaucoup plus de plus \u00e9troit de la \u00ab politique \u00e9conomique et commerciale \u00bb que nous le faisons aujourd&#8217;hui . Le Groupe de travail consid\u00e8re maintenant la politique \u00e9conomique et sociale inextricablement li\u00e9s; en fait, nous croyons que la lutte contre ce sont traditionnellement consid\u00e9r\u00e9s les questions sociales est cruciale pour la prosp\u00e9rit\u00e9 \u00e9conomique \u00e0 long terme du Canada. L&#8217;\u00e9volution de la pens\u00e9e du Groupe de travail se montre pourquoi sont importantes d&#8217;un point de vue \u00e9conomique l&#8217;in\u00e9galit\u00e9 et de la pauvret\u00e9. Traduit a\u0300 l'aide de Google Translate<\/p>\n","protected":false},"excerpt":{"rendered":"<p>On pourrait penser que l&#8217;in\u00e9galit\u00e9 et la pauvret\u00e9 sont le domaine propre de la politique sociale, et non pas \u00ab la politique \u00e9conomique et commerciale, \u00bb Action Canada th\u00e8me de bourses de cette ann\u00e9e. Les Canadiens sont form\u00e9s pour r\u00e9fl\u00e9chir \u00e0 la politique \u00e9conomique et sociale des champs distincts. En effet, lorsque le Groupe d&#8217;action du Canada sur l&#8217;in\u00e9galit\u00e9, la pauvret\u00e9, et l&#8217;\u00e9conomie fond\u00e9e sur la connaissance (la \u00ab Task Force \u00bb) se sont rencontr\u00e9s pour discuter de notre projet, nous avions une vue beaucoup plus de plus \u00e9troit de la \u00ab politique \u00e9conomique et commerciale \u00bb que nous le faisons aujourd&#8217;hui . Le Groupe de travail consid\u00e8re maintenant la politique \u00e9conomique et sociale inextricablement li\u00e9s; en fait, nous croyons que la lutte contre ce sont traditionnellement consid\u00e9r\u00e9s les questions sociales est cruciale pour la prosp\u00e9rit\u00e9 \u00e9conomique \u00e0 long terme du Canada. L&#8217;\u00e9volution de la pens\u00e9e du Groupe de travail se montre pourquoi sont importantes d&#8217;un point de vue \u00e9conomique l&#8217;in\u00e9galit\u00e9 et de la pauvret\u00e9. [googletranslate_fr]<\/p>\n","protected":false},"template":"","reference-tag":[],"reference-type":[436],"class_list":["post-128490","reference","type-reference","status-publish","hentry","reference-type-white-paper"],"acf":{"citation":"Dey, A., Marin, M., Giroux, P., Rafiquddin, S., Tribe, E., and Yeung, P. (2012). Prospering together: Addressing inequality and poverty to succeed in the knowledge-based economy. Task Force Report. n.p., n.p.: Action Canada. Retrieved from http:\/\/www.actioncanada.ca\/wp-content\/uploads\/2014\/04\/AC-TF1-Prospering-Together-EN-Complete-web.pdf.","authors":"Dey, A., Marin, M., Giroux, P., Rafiquddin, S., Tribe, E., and Yeung, P.","org":"","year":"2012","title_fr":null,"editors_hidden":"","publication":"","publication_fr":null,"volume":"","issue":"","Series":"","SeriesNumber":"","page_range":"","publisher_city":"n.p.","publisher_state":"n.p.","publisher":"Action Canada","abstract_en":null,"abstract_fr":null,"keywords":"","paywall":"0","doi":"","isbn":"","url":"http:\/\/www.actioncanada.ca\/wp-content\/uploads\/2014\/04\/AC-TF1-Prospering-Together-EN-Complete-web.pdf","url_fr":null,"url_amazon":"","TRACK":"0"},"yoast_head":"<!-- This site is optimized with the Yoast SEO plugin v27.5 - https:\/\/yoast.com\/product\/yoast-seo-wordpress\/ -->\n<title>Prospering together: Addressing inequality and poverty to succeed in the knowledge-based economy - Future Skills Centre \u2022 Centre des Comp\u00e9tences futures<\/title>\n<meta name=\"robots\" content=\"index, follow, max-snippet:-1, max-image-preview:large, max-video-preview:-1\" \/>\n<link rel=\"canonical\" href=\"https:\/\/fsc-ccf.ca\/fr\/references\/prospering-together-addressing-inequality-and-poverty-to-succeed-in-the-knowledge-based-economy-2\/\" \/>\n<meta name=\"twitter:label1\" content=\"Est. reading time\" \/>\n\t<meta name=\"twitter:data1\" content=\"1 minute\" \/>\n<script type=\"application\/ld+json\" class=\"yoast-schema-graph\">{\"@context\":\"https:\\\/\\\/schema.org\",\"@graph\":[{\"@type\":\"WebPage\",\"@id\":\"https:\\\/\\\/fsc-ccf.ca\\\/fr\\\/references\\\/prospering-together-addressing-inequality-and-poverty-to-succeed-in-the-knowledge-based-economy-2\\\/\",\"url\":\"https:\\\/\\\/fsc-ccf.ca\\\/fr\\\/references\\\/prospering-together-addressing-inequality-and-poverty-to-succeed-in-the-knowledge-based-economy-2\\\/\",\"name\":\"Prospering together: Addressing inequality and poverty to succeed in the knowledge-based economy - Future Skills Centre \u2022 Centre des Comp\u00e9tences futures\",\"isPartOf\":{\"@id\":\"https:\\\/\\\/fsc-ccf.ca\\\/fr\\\/#website\"},\"datePublished\":\"2020-08-11T22:13:46+00:00\",\"breadcrumb\":{\"@id\":\"https:\\\/\\\/fsc-ccf.ca\\\/fr\\\/references\\\/prospering-together-addressing-inequality-and-poverty-to-succeed-in-the-knowledge-based-economy-2\\\/#breadcrumb\"},\"inLanguage\":\"fr-FR\",\"potentialAction\":[{\"@type\":\"ReadAction\",\"target\":[\"https:\\\/\\\/fsc-ccf.ca\\\/fr\\\/references\\\/prospering-together-addressing-inequality-and-poverty-to-succeed-in-the-knowledge-based-economy-2\\\/\"]}]},{\"@type\":\"BreadcrumbList\",\"@id\":\"https:\\\/\\\/fsc-ccf.ca\\\/fr\\\/references\\\/prospering-together-addressing-inequality-and-poverty-to-succeed-in-the-knowledge-based-economy-2\\\/#breadcrumb\",\"itemListElement\":[{\"@type\":\"ListItem\",\"position\":1,\"name\":\"Home\",\"item\":\"https:\\\/\\\/fsc-ccf.ca\\\/fr\\\/\"},{\"@type\":\"ListItem\",\"position\":2,\"name\":\"References\",\"item\":\"https:\\\/\\\/fsc-ccf.ca\\\/fr\\\/references\\\/\"},{\"@type\":\"ListItem\",\"position\":3,\"name\":\"Prospering together: Addressing inequality and poverty to succeed in the knowledge-based economy\"}]},{\"@type\":\"WebSite\",\"@id\":\"https:\\\/\\\/fsc-ccf.ca\\\/fr\\\/#website\",\"url\":\"https:\\\/\\\/fsc-ccf.ca\\\/fr\\\/\",\"name\":\"Future Skills Centre \u2022 Centre des Comp\u00e9tences futures\",\"description\":\"\",\"publisher\":{\"@id\":\"https:\\\/\\\/fsc-ccf.ca\\\/fr\\\/#organization\"},\"potentialAction\":[{\"@type\":\"SearchAction\",\"target\":{\"@type\":\"EntryPoint\",\"urlTemplate\":\"https:\\\/\\\/fsc-ccf.ca\\\/fr\\\/?s={search_term_string}\"},\"query-input\":{\"@type\":\"PropertyValueSpecification\",\"valueRequired\":true,\"valueName\":\"search_term_string\"}}],\"inLanguage\":\"fr-FR\"},{\"@type\":\"Organization\",\"@id\":\"https:\\\/\\\/fsc-ccf.ca\\\/fr\\\/#organization\",\"name\":\"Future Skills Centre \u2022 Centre des Comp\u00e9tences futures\",\"url\":\"https:\\\/\\\/fsc-ccf.ca\\\/fr\\\/\",\"logo\":{\"@type\":\"ImageObject\",\"inLanguage\":\"fr-FR\",\"@id\":\"https:\\\/\\\/fsc-ccf.ca\\\/fr\\\/#\\\/schema\\\/logo\\\/image\\\/\",\"url\":\"https:\\\/\\\/fsc-ccf.ca\\\/wp-content\\\/uploads\\\/2019\\\/08\\\/FSC_logo_colour_rgb_positive_ENG.png\",\"contentUrl\":\"https:\\\/\\\/fsc-ccf.ca\\\/wp-content\\\/uploads\\\/2019\\\/08\\\/FSC_logo_colour_rgb_positive_ENG.png\",\"width\":618,\"height\":528,\"caption\":\"Future Skills Centre \u2022 Centre des Comp\u00e9tences futures\"},\"image\":{\"@id\":\"https:\\\/\\\/fsc-ccf.ca\\\/fr\\\/#\\\/schema\\\/logo\\\/image\\\/\"},\"sameAs\":[\"https:\\\/\\\/www.facebook.com\\\/2161871137193201\\\/\",\"https:\\\/\\\/x.com\\\/fsc_ccf_en\",\"https:\\\/\\\/www.instagram.com\\\/fsc_ccf\\\/\",\"https:\\\/\\\/www.linkedin.com\\\/company\\\/fsc-ccf\\\/\"]}]}<\/script>\n<!-- \/ Yoast SEO plugin. -->","yoast_head_json":{"title":"Prospering together: Addressing inequality and poverty to succeed in the knowledge-based economy - Future Skills Centre \u2022 Centre des Comp\u00e9tences futures","robots":{"index":"index","follow":"follow","max-snippet":"max-snippet:-1","max-image-preview":"max-image-preview:large","max-video-preview":"max-video-preview:-1"},"canonical":"https:\/\/fsc-ccf.ca\/fr\/references\/prospering-together-addressing-inequality-and-poverty-to-succeed-in-the-knowledge-based-economy-2\/","twitter_misc":{"Est. reading time":"1 minute"},"schema":{"@context":"https:\/\/schema.org","@graph":[{"@type":"WebPage","@id":"https:\/\/fsc-ccf.ca\/fr\/references\/prospering-together-addressing-inequality-and-poverty-to-succeed-in-the-knowledge-based-economy-2\/","url":"https:\/\/fsc-ccf.ca\/fr\/references\/prospering-together-addressing-inequality-and-poverty-to-succeed-in-the-knowledge-based-economy-2\/","name":"Prospering together: Addressing inequality and poverty to succeed in the knowledge-based economy - Future Skills Centre \u2022 Centre des Comp\u00e9tences futures","isPartOf":{"@id":"https:\/\/fsc-ccf.ca\/fr\/#website"},"datePublished":"2020-08-11T22:13:46+00:00","breadcrumb":{"@id":"https:\/\/fsc-ccf.ca\/fr\/references\/prospering-together-addressing-inequality-and-poverty-to-succeed-in-the-knowledge-based-economy-2\/#breadcrumb"},"inLanguage":"fr-FR","potentialAction":[{"@type":"ReadAction","target":["https:\/\/fsc-ccf.ca\/fr\/references\/prospering-together-addressing-inequality-and-poverty-to-succeed-in-the-knowledge-based-economy-2\/"]}]},{"@type":"BreadcrumbList","@id":"https:\/\/fsc-ccf.ca\/fr\/references\/prospering-together-addressing-inequality-and-poverty-to-succeed-in-the-knowledge-based-economy-2\/#breadcrumb","itemListElement":[{"@type":"ListItem","position":1,"name":"Home","item":"https:\/\/fsc-ccf.ca\/fr\/"},{"@type":"ListItem","position":2,"name":"References","item":"https:\/\/fsc-ccf.ca\/fr\/references\/"},{"@type":"ListItem","position":3,"name":"Prospering together: Addressing inequality and poverty to succeed in the knowledge-based economy"}]},{"@type":"WebSite","@id":"https:\/\/fsc-ccf.ca\/fr\/#website","url":"https:\/\/fsc-ccf.ca\/fr\/","name":"Future Skills Centre \u2022 Centre des Comp\u00e9tences futures","description":"","publisher":{"@id":"https:\/\/fsc-ccf.ca\/fr\/#organization"},"potentialAction":[{"@type":"SearchAction","target":{"@type":"EntryPoint","urlTemplate":"https:\/\/fsc-ccf.ca\/fr\/?s={search_term_string}"},"query-input":{"@type":"PropertyValueSpecification","valueRequired":true,"valueName":"search_term_string"}}],"inLanguage":"fr-FR"},{"@type":"Organization","@id":"https:\/\/fsc-ccf.ca\/fr\/#organization","name":"Future Skills Centre \u2022 Centre des Comp\u00e9tences futures","url":"https:\/\/fsc-ccf.ca\/fr\/","logo":{"@type":"ImageObject","inLanguage":"fr-FR","@id":"https:\/\/fsc-ccf.ca\/fr\/#\/schema\/logo\/image\/","url":"https:\/\/fsc-ccf.ca\/wp-content\/uploads\/2019\/08\/FSC_logo_colour_rgb_positive_ENG.png","contentUrl":"https:\/\/fsc-ccf.ca\/wp-content\/uploads\/2019\/08\/FSC_logo_colour_rgb_positive_ENG.png","width":618,"height":528,"caption":"Future Skills Centre \u2022 Centre des Comp\u00e9tences futures"},"image":{"@id":"https:\/\/fsc-ccf.ca\/fr\/#\/schema\/logo\/image\/"},"sameAs":["https:\/\/www.facebook.com\/2161871137193201\/","https:\/\/x.com\/fsc_ccf_en","https:\/\/www.instagram.com\/fsc_ccf\/","https:\/\/www.linkedin.com\/company\/fsc-ccf\/"]}]}},"_links":{"self":[{"href":"https:\/\/fsc-ccf.ca\/fr\/wp-json\/wp\/v2\/reference\/128490","targetHints":{"allow":["GET"]}}],"collection":[{"href":"https:\/\/fsc-ccf.ca\/fr\/wp-json\/wp\/v2\/reference"}],"about":[{"href":"https:\/\/fsc-ccf.ca\/fr\/wp-json\/wp\/v2\/types\/reference"}],"version-history":[{"count":0,"href":"https:\/\/fsc-ccf.ca\/fr\/wp-json\/wp\/v2\/reference\/128490\/revisions"}],"wp:attachment":[{"href":"https:\/\/fsc-ccf.ca\/fr\/wp-json\/wp\/v2\/media?parent=128490"}],"wp:term":[{"taxonomy":"reference-tag","embeddable":true,"href":"https:\/\/fsc-ccf.ca\/fr\/wp-json\/wp\/v2\/reference-tag?post=128490"},{"taxonomy":"reference-type","embeddable":true,"href":"https:\/\/fsc-ccf.ca\/fr\/wp-json\/wp\/v2\/reference-type?post=128490"}],"curies":[{"name":"wp","href":"https:\/\/api.w.org\/{rel}","templated":true}]}}

<p>On pourrait penser que l&#8217;inégalité et la pauvreté sont le domaine propre de la politique sociale, et non pas « la politique économique et commerciale, » Action Canada thème de bourses de cette année. Les Canadiens sont formés pour réfléchir à la politique économique et sociale des champs distincts. En effet, lorsque le Groupe d&#8217;action du Canada sur l&#8217;inégalité, la pauvreté, et l&#8217;économie fondée sur la connaissance (la « Task Force ») se sont rencontrés pour discuter de notre projet, nous avions une vue beaucoup plus de plus étroit de la « politique économique et commerciale » que nous le faisons aujourd&#8217;hui . Le Groupe de travail considère maintenant la politique économique et sociale inextricablement liés; en fait, nous croyons que la lutte contre ce sont traditionnellement considérés les questions sociales est cruciale pour la prospérité économique à long terme du Canada. L&#8217;évolution de la pensée du Groupe de travail se montre pourquoi sont importantes d&#8217;un point de vue économique l&#8217;inégalité et de la pauvreté. Traduit à l'aide de Google Translate</p>

<p>On pourrait penser que l&#8217;inégalité et la pauvreté sont le domaine propre de la politique sociale, et non pas « la politique économique et commerciale, » Action Canada thème de bourses de cette année. Les Canadiens sont formés pour réfléchir à la politique économique et sociale des champs distincts. En effet, lorsque le Groupe d&#8217;action du Canada sur l&#8217;inégalité, la pauvreté, et l&#8217;économie fondée sur la connaissance (la « Task Force ») se sont rencontrés pour discuter de notre projet, nous avions une vue beaucoup plus de plus étroit de la « politique économique et commerciale » que nous le faisons aujourd&#8217;hui . Le Groupe de travail considère maintenant la politique économique et sociale inextricablement liés; en fait, nous croyons que la lutte contre ce sont traditionnellement considérés les questions sociales est cruciale pour la prospérité économique à long terme du Canada. L&#8217;évolution de la pensée du Groupe de travail se montre pourquoi sont importantes d&#8217;un point de vue économique l&#8217;inégalité et de la pauvreté. [googletranslate_fr]</p>

<!-- This site is optimized with the Yoast SEO plugin v27.5 - https://yoast.com/product/yoast-seo-wordpress/ -->
<title>Prospering together: Addressing inequality and poverty to succeed in the knowledge-based economy - Future Skills Centre • Centre des Compétences futures</title>
<meta name="robots" content="index, follow, max-snippet:-1, max-image-preview:large, max-video-preview:-1" />
<link rel="canonical" href="https://fsc-ccf.ca/fr/references/prospering-together-addressing-inequality-and-poverty-to-succeed-in-the-knowledge-based-economy-2/" />
<meta name="twitter:label1" content="Est. reading time" />
	<meta name="twitter:data1" content="1 minute" />
<script type="application/ld+json" class="yoast-schema-graph">{"@context":"https:\/\/schema.org","@graph":[{"@type":"WebPage","@id":"https:\/\/fsc-ccf.ca\/fr\/references\/prospering-together-addressing-inequality-and-poverty-to-succeed-in-the-knowledge-based-economy-2\/","url":"https:\/\/fsc-ccf.ca\/fr\/references\/prospering-together-addressing-inequality-and-poverty-to-succeed-in-the-knowledge-based-economy-2\/","name":"Prospering together: Addressing inequality and poverty to succeed in the knowledge-based economy - Future Skills Centre • Centre des Compétences futures","isPartOf":{"@id":"https:\/\/fsc-ccf.ca\/fr\/#website"},"datePublished":"2020-08-11T22:13:46+00:00","breadcrumb":{"@id":"https:\/\/fsc-ccf.ca\/fr\/references\/prospering-together-addressing-inequality-and-poverty-to-succeed-in-the-knowledge-based-economy-2\/#breadcrumb"},"inLanguage":"fr-FR","potentialAction":[{"@type":"ReadAction","target":["https:\/\/fsc-ccf.ca\/fr\/references\/prospering-together-addressing-inequality-and-poverty-to-succeed-in-the-knowledge-based-economy-2\/"]}]},{"@type":"BreadcrumbList","@id":"https:\/\/fsc-ccf.ca\/fr\/references\/prospering-together-addressing-inequality-and-poverty-to-succeed-in-the-knowledge-based-economy-2\/#breadcrumb","itemListElement":[{"@type":"ListItem","position":1,"name":"Home","item":"https:\/\/fsc-ccf.ca\/fr\/"},{"@type":"ListItem","position":2,"name":"References","item":"https:\/\/fsc-ccf.ca\/fr\/references\/"},{"@type":"ListItem","position":3,"name":"Prospering together: Addressing inequality and poverty to succeed in the knowledge-based economy"}]},{"@type":"WebSite","@id":"https:\/\/fsc-ccf.ca\/fr\/#website","url":"https:\/\/fsc-ccf.ca\/fr\/","name":"Future Skills Centre • Centre des Compétences futures","description":"","publisher":{"@id":"https:\/\/fsc-ccf.ca\/fr\/#organization"},"potentialAction":[{"@type":"SearchAction","target":{"@type":"EntryPoint","urlTemplate":"https:\/\/fsc-ccf.ca\/fr\/?s={search_term_string}"},"query-input":{"@type":"PropertyValueSpecification","valueRequired":true,"valueName":"search_term_string"}}],"inLanguage":"fr-FR"},{"@type":"Organization","@id":"https:\/\/fsc-ccf.ca\/fr\/#organization","name":"Future Skills Centre • Centre des Compétences futures","url":"https:\/\/fsc-ccf.ca\/fr\/","logo":{"@type":"ImageObject","inLanguage":"fr-FR","@id":"https:\/\/fsc-ccf.ca\/fr\/#\/schema\/logo\/image\/","url":"https:\/\/fsc-ccf.ca\/wp-content\/uploads\/2019\/08\/FSC_logo_colour_rgb_positive_ENG.png","contentUrl":"https:\/\/fsc-ccf.ca\/wp-content\/uploads\/2019\/08\/FSC_logo_colour_rgb_positive_ENG.png","width":618,"height":528,"caption":"Future Skills Centre • Centre des Compétences futures"},"image":{"@id":"https:\/\/fsc-ccf.ca\/fr\/#\/schema\/logo\/image\/"},"sameAs":["https:\/\/www.facebook.com\/2161871137193201\/","https:\/\/x.com\/fsc_ccf_en","https:\/\/www.instagram.com\/fsc_ccf\/","https:\/\/www.linkedin.com\/company\/fsc-ccf\/"]}]}</script>
<!-- / Yoast SEO plugin. -->

Prospering together: Addressing inequality and poverty to succeed in the knowledge-based economy - Future Skills Centre • Centre des Compétences futures

Future Skills Centre • Centre des Compétences futures
