			{"id":128488,"date":"2020-08-11T18:13:45","date_gmt":"2020-08-11T22:13:45","guid":{"rendered":"https:\/\/fsc-ccf.ca\/references\/who-cares-about-young-carers-raising-awareness-for-an-invisible-population-2\/"},"modified":"2020-08-11T18:13:45","modified_gmt":"2020-08-11T22:13:45","slug":"who-cares-about-young-carers-raising-awareness-for-an-invisible-population-2","status":"publish","type":"reference","link":"https:\/\/fsc-ccf.ca\/fr\/references\/who-cares-about-young-carers-raising-awareness-for-an-invisible-population-2\/","title":{"rendered":"Who cares about young carers? Raising awareness for an invisible population"},"content":{"rendered":"<p>Les jeunes aidants sont des jeunes qui offrent des soins importants aux membres de la famille en raison de la maladie, d&#8217;invalidit\u00e9 ou d&#8217;autres d\u00e9fis. Alors que les jeunes aidants se trouvent dans chaque salle de classe au Canada, ils sont trop souvent invisibles \u00e0 leurs enseignants et d&#8217;autres qui pourraient apporter un soutien en cas de besoin. De ce fait, les jeunes aidants peuvent ne pas recevoir les soins dont ils ont besoin. Lorsqu&#8217;il est correctement pris en charge, jeune peut \u00eatre une caregiving exp\u00e9rience de vie positive. Mais sans soutien appropri\u00e9, les jeunes aidants peuvent rencontrer des obstacles \u00e0 l&#8217;\u00e9ducation, la sant\u00e9 et sociaux qui peuvent durer toute une vie. Ces obstacles se traduisent par des co\u00fbts et des occasions perdues pour les jeunes aidants et pour la soci\u00e9t\u00e9. Ce rapport pr\u00e9sente les jeunes aidants aux Canadiens et aux appels \u00e0 trois premi\u00e8res \u00e9tapes pour am\u00e9liorer les conditions pour les jeunes aidants \u00e0 travers le pays: sensibilisation accrue, meilleure collecte des donn\u00e9es et de la recherche, et un effort multisectoriel pour soutenir les jeunes aidants dans leurs communaut\u00e9s. S&#8217;appuyant sur des exemples internationaux, le rapport sugg\u00e8re des actions concr\u00e8tes sur chacun de ces fronts. Traduit a\u0300 l'aide de Google Translate<\/p>\n","protected":false},"excerpt":{"rendered":"<p>Les jeunes aidants sont des jeunes qui offrent des soins importants aux membres de la famille en raison de la maladie, d&#8217;invalidit\u00e9 ou d&#8217;autres d\u00e9fis. Alors que les jeunes aidants se trouvent dans chaque salle de classe au Canada, ils sont trop souvent invisibles \u00e0 leurs enseignants et d&#8217;autres qui pourraient apporter un soutien en cas de besoin. De ce fait, les jeunes aidants peuvent ne pas recevoir les soins dont ils ont besoin. Lorsqu&#8217;il est correctement pris en charge, jeune peut \u00eatre une caregiving exp\u00e9rience de vie positive. Mais sans soutien appropri\u00e9, les jeunes aidants peuvent rencontrer des obstacles \u00e0 l&#8217;\u00e9ducation, la sant\u00e9 et sociaux qui peuvent durer toute une vie. Ces obstacles se traduisent par des co\u00fbts et des occasions perdues pour les jeunes aidants et pour la soci\u00e9t\u00e9. Ce rapport pr\u00e9sente les jeunes aidants aux Canadiens et aux appels \u00e0 trois premi\u00e8res \u00e9tapes pour am\u00e9liorer les conditions pour les jeunes aidants \u00e0 travers le pays: sensibilisation accrue, meilleure collecte des donn\u00e9es et de la recherche, et un effort multisectoriel pour soutenir les jeunes aidants dans leurs communaut\u00e9s. S&#8217;appuyant sur des exemples internationaux, le rapport sugg\u00e8re des actions concr\u00e8tes sur chacun de ces fronts. [googletranslate_fr]<\/p>\n","protected":false},"template":"","reference-tag":[],"reference-type":[436],"class_list":["post-128488","reference","type-reference","status-publish","hentry","reference-type-white-paper"],"acf":{"citation":"Bednar, V., Chadi, N., DeCourcey, M., Kuperman, A., Pilliar, A., and Scott, B. (2013). Who cares about young carers? Raising awareness for an invisible population. Task Force Report. n.p., n.p.: Action Canada. Retrieved from http:\/\/www.actioncanada.ca\/wp-content\/uploads\/2014\/04\/TF1-Report_Young-Careers_EN.pdf.","authors":"Bednar, V., Chadi, N., DeCourcey, M., Kuperman, A., Pilliar, A., and Scott, B.","org":"","year":"2013","title_fr":null,"editors_hidden":"","publication":"","publication_fr":null,"volume":"","issue":"","Series":"","SeriesNumber":"","page_range":"","publisher_city":"n.p.","publisher_state":"n.p.","publisher":"Action Canada","abstract_en":null,"abstract_fr":null,"keywords":"","paywall":"0","doi":"","isbn":"","url":"http:\/\/www.actioncanada.ca\/wp-content\/uploads\/2014\/04\/TF1-Report_Young-Careers_EN.pdf","url_fr":null,"url_amazon":"","TRACK":"0"},"yoast_head":"<!-- This site is optimized with the Yoast SEO plugin v27.5 - https:\/\/yoast.com\/product\/yoast-seo-wordpress\/ -->\n<title>Who cares about young carers? Raising awareness for an invisible population - Future Skills Centre \u2022 Centre des Comp\u00e9tences futures<\/title>\n<meta name=\"robots\" content=\"index, follow, max-snippet:-1, max-image-preview:large, max-video-preview:-1\" \/>\n<link rel=\"canonical\" href=\"https:\/\/fsc-ccf.ca\/fr\/references\/who-cares-about-young-carers-raising-awareness-for-an-invisible-population-2\/\" \/>\n<meta name=\"twitter:label1\" content=\"Est. reading time\" \/>\n\t<meta name=\"twitter:data1\" content=\"1 minute\" \/>\n<script type=\"application\/ld+json\" class=\"yoast-schema-graph\">{\"@context\":\"https:\\\/\\\/schema.org\",\"@graph\":[{\"@type\":\"WebPage\",\"@id\":\"https:\\\/\\\/fsc-ccf.ca\\\/fr\\\/references\\\/who-cares-about-young-carers-raising-awareness-for-an-invisible-population-2\\\/\",\"url\":\"https:\\\/\\\/fsc-ccf.ca\\\/fr\\\/references\\\/who-cares-about-young-carers-raising-awareness-for-an-invisible-population-2\\\/\",\"name\":\"Who cares about young carers? Raising awareness for an invisible population - Future Skills Centre \u2022 Centre des Comp\u00e9tences futures\",\"isPartOf\":{\"@id\":\"https:\\\/\\\/fsc-ccf.ca\\\/fr\\\/#website\"},\"datePublished\":\"2020-08-11T22:13:45+00:00\",\"breadcrumb\":{\"@id\":\"https:\\\/\\\/fsc-ccf.ca\\\/fr\\\/references\\\/who-cares-about-young-carers-raising-awareness-for-an-invisible-population-2\\\/#breadcrumb\"},\"inLanguage\":\"fr-FR\",\"potentialAction\":[{\"@type\":\"ReadAction\",\"target\":[\"https:\\\/\\\/fsc-ccf.ca\\\/fr\\\/references\\\/who-cares-about-young-carers-raising-awareness-for-an-invisible-population-2\\\/\"]}]},{\"@type\":\"BreadcrumbList\",\"@id\":\"https:\\\/\\\/fsc-ccf.ca\\\/fr\\\/references\\\/who-cares-about-young-carers-raising-awareness-for-an-invisible-population-2\\\/#breadcrumb\",\"itemListElement\":[{\"@type\":\"ListItem\",\"position\":1,\"name\":\"Home\",\"item\":\"https:\\\/\\\/fsc-ccf.ca\\\/fr\\\/\"},{\"@type\":\"ListItem\",\"position\":2,\"name\":\"References\",\"item\":\"https:\\\/\\\/fsc-ccf.ca\\\/fr\\\/references\\\/\"},{\"@type\":\"ListItem\",\"position\":3,\"name\":\"Who cares about young carers? Raising awareness for an invisible population\"}]},{\"@type\":\"WebSite\",\"@id\":\"https:\\\/\\\/fsc-ccf.ca\\\/fr\\\/#website\",\"url\":\"https:\\\/\\\/fsc-ccf.ca\\\/fr\\\/\",\"name\":\"Future Skills Centre \u2022 Centre des Comp\u00e9tences futures\",\"description\":\"\",\"publisher\":{\"@id\":\"https:\\\/\\\/fsc-ccf.ca\\\/fr\\\/#organization\"},\"potentialAction\":[{\"@type\":\"SearchAction\",\"target\":{\"@type\":\"EntryPoint\",\"urlTemplate\":\"https:\\\/\\\/fsc-ccf.ca\\\/fr\\\/?s={search_term_string}\"},\"query-input\":{\"@type\":\"PropertyValueSpecification\",\"valueRequired\":true,\"valueName\":\"search_term_string\"}}],\"inLanguage\":\"fr-FR\"},{\"@type\":\"Organization\",\"@id\":\"https:\\\/\\\/fsc-ccf.ca\\\/fr\\\/#organization\",\"name\":\"Future Skills Centre \u2022 Centre des Comp\u00e9tences futures\",\"url\":\"https:\\\/\\\/fsc-ccf.ca\\\/fr\\\/\",\"logo\":{\"@type\":\"ImageObject\",\"inLanguage\":\"fr-FR\",\"@id\":\"https:\\\/\\\/fsc-ccf.ca\\\/fr\\\/#\\\/schema\\\/logo\\\/image\\\/\",\"url\":\"https:\\\/\\\/fsc-ccf.ca\\\/wp-content\\\/uploads\\\/2019\\\/08\\\/FSC_logo_colour_rgb_positive_ENG.png\",\"contentUrl\":\"https:\\\/\\\/fsc-ccf.ca\\\/wp-content\\\/uploads\\\/2019\\\/08\\\/FSC_logo_colour_rgb_positive_ENG.png\",\"width\":618,\"height\":528,\"caption\":\"Future Skills Centre \u2022 Centre des Comp\u00e9tences futures\"},\"image\":{\"@id\":\"https:\\\/\\\/fsc-ccf.ca\\\/fr\\\/#\\\/schema\\\/logo\\\/image\\\/\"},\"sameAs\":[\"https:\\\/\\\/www.facebook.com\\\/2161871137193201\\\/\",\"https:\\\/\\\/x.com\\\/fsc_ccf_en\",\"https:\\\/\\\/www.instagram.com\\\/fsc_ccf\\\/\",\"https:\\\/\\\/www.linkedin.com\\\/company\\\/fsc-ccf\\\/\"]}]}<\/script>\n<!-- \/ Yoast SEO plugin. -->","yoast_head_json":{"title":"Who cares about young carers? Raising awareness for an invisible population - Future Skills Centre \u2022 Centre des Comp\u00e9tences futures","robots":{"index":"index","follow":"follow","max-snippet":"max-snippet:-1","max-image-preview":"max-image-preview:large","max-video-preview":"max-video-preview:-1"},"canonical":"https:\/\/fsc-ccf.ca\/fr\/references\/who-cares-about-young-carers-raising-awareness-for-an-invisible-population-2\/","twitter_misc":{"Est. reading time":"1 minute"},"schema":{"@context":"https:\/\/schema.org","@graph":[{"@type":"WebPage","@id":"https:\/\/fsc-ccf.ca\/fr\/references\/who-cares-about-young-carers-raising-awareness-for-an-invisible-population-2\/","url":"https:\/\/fsc-ccf.ca\/fr\/references\/who-cares-about-young-carers-raising-awareness-for-an-invisible-population-2\/","name":"Who cares about young carers? Raising awareness for an invisible population - Future Skills Centre \u2022 Centre des Comp\u00e9tences futures","isPartOf":{"@id":"https:\/\/fsc-ccf.ca\/fr\/#website"},"datePublished":"2020-08-11T22:13:45+00:00","breadcrumb":{"@id":"https:\/\/fsc-ccf.ca\/fr\/references\/who-cares-about-young-carers-raising-awareness-for-an-invisible-population-2\/#breadcrumb"},"inLanguage":"fr-FR","potentialAction":[{"@type":"ReadAction","target":["https:\/\/fsc-ccf.ca\/fr\/references\/who-cares-about-young-carers-raising-awareness-for-an-invisible-population-2\/"]}]},{"@type":"BreadcrumbList","@id":"https:\/\/fsc-ccf.ca\/fr\/references\/who-cares-about-young-carers-raising-awareness-for-an-invisible-population-2\/#breadcrumb","itemListElement":[{"@type":"ListItem","position":1,"name":"Home","item":"https:\/\/fsc-ccf.ca\/fr\/"},{"@type":"ListItem","position":2,"name":"References","item":"https:\/\/fsc-ccf.ca\/fr\/references\/"},{"@type":"ListItem","position":3,"name":"Who cares about young carers? Raising awareness for an invisible population"}]},{"@type":"WebSite","@id":"https:\/\/fsc-ccf.ca\/fr\/#website","url":"https:\/\/fsc-ccf.ca\/fr\/","name":"Future Skills Centre \u2022 Centre des Comp\u00e9tences futures","description":"","publisher":{"@id":"https:\/\/fsc-ccf.ca\/fr\/#organization"},"potentialAction":[{"@type":"SearchAction","target":{"@type":"EntryPoint","urlTemplate":"https:\/\/fsc-ccf.ca\/fr\/?s={search_term_string}"},"query-input":{"@type":"PropertyValueSpecification","valueRequired":true,"valueName":"search_term_string"}}],"inLanguage":"fr-FR"},{"@type":"Organization","@id":"https:\/\/fsc-ccf.ca\/fr\/#organization","name":"Future Skills Centre \u2022 Centre des Comp\u00e9tences futures","url":"https:\/\/fsc-ccf.ca\/fr\/","logo":{"@type":"ImageObject","inLanguage":"fr-FR","@id":"https:\/\/fsc-ccf.ca\/fr\/#\/schema\/logo\/image\/","url":"https:\/\/fsc-ccf.ca\/wp-content\/uploads\/2019\/08\/FSC_logo_colour_rgb_positive_ENG.png","contentUrl":"https:\/\/fsc-ccf.ca\/wp-content\/uploads\/2019\/08\/FSC_logo_colour_rgb_positive_ENG.png","width":618,"height":528,"caption":"Future Skills Centre \u2022 Centre des Comp\u00e9tences futures"},"image":{"@id":"https:\/\/fsc-ccf.ca\/fr\/#\/schema\/logo\/image\/"},"sameAs":["https:\/\/www.facebook.com\/2161871137193201\/","https:\/\/x.com\/fsc_ccf_en","https:\/\/www.instagram.com\/fsc_ccf\/","https:\/\/www.linkedin.com\/company\/fsc-ccf\/"]}]}},"_links":{"self":[{"href":"https:\/\/fsc-ccf.ca\/fr\/wp-json\/wp\/v2\/reference\/128488","targetHints":{"allow":["GET"]}}],"collection":[{"href":"https:\/\/fsc-ccf.ca\/fr\/wp-json\/wp\/v2\/reference"}],"about":[{"href":"https:\/\/fsc-ccf.ca\/fr\/wp-json\/wp\/v2\/types\/reference"}],"version-history":[{"count":0,"href":"https:\/\/fsc-ccf.ca\/fr\/wp-json\/wp\/v2\/reference\/128488\/revisions"}],"wp:attachment":[{"href":"https:\/\/fsc-ccf.ca\/fr\/wp-json\/wp\/v2\/media?parent=128488"}],"wp:term":[{"taxonomy":"reference-tag","embeddable":true,"href":"https:\/\/fsc-ccf.ca\/fr\/wp-json\/wp\/v2\/reference-tag?post=128488"},{"taxonomy":"reference-type","embeddable":true,"href":"https:\/\/fsc-ccf.ca\/fr\/wp-json\/wp\/v2\/reference-type?post=128488"}],"curies":[{"name":"wp","href":"https:\/\/api.w.org\/{rel}","templated":true}]}}

<p>Les jeunes aidants sont des jeunes qui offrent des soins importants aux membres de la famille en raison de la maladie, d&#8217;invalidité ou d&#8217;autres défis. Alors que les jeunes aidants se trouvent dans chaque salle de classe au Canada, ils sont trop souvent invisibles à leurs enseignants et d&#8217;autres qui pourraient apporter un soutien en cas de besoin. De ce fait, les jeunes aidants peuvent ne pas recevoir les soins dont ils ont besoin. Lorsqu&#8217;il est correctement pris en charge, jeune peut être une caregiving expérience de vie positive. Mais sans soutien approprié, les jeunes aidants peuvent rencontrer des obstacles à l&#8217;éducation, la santé et sociaux qui peuvent durer toute une vie. Ces obstacles se traduisent par des coûts et des occasions perdues pour les jeunes aidants et pour la société. Ce rapport présente les jeunes aidants aux Canadiens et aux appels à trois premières étapes pour améliorer les conditions pour les jeunes aidants à travers le pays: sensibilisation accrue, meilleure collecte des données et de la recherche, et un effort multisectoriel pour soutenir les jeunes aidants dans leurs communautés. S&#8217;appuyant sur des exemples internationaux, le rapport suggère des actions concrètes sur chacun de ces fronts. Traduit à l'aide de Google Translate</p>

<p>Les jeunes aidants sont des jeunes qui offrent des soins importants aux membres de la famille en raison de la maladie, d&#8217;invalidité ou d&#8217;autres défis. Alors que les jeunes aidants se trouvent dans chaque salle de classe au Canada, ils sont trop souvent invisibles à leurs enseignants et d&#8217;autres qui pourraient apporter un soutien en cas de besoin. De ce fait, les jeunes aidants peuvent ne pas recevoir les soins dont ils ont besoin. Lorsqu&#8217;il est correctement pris en charge, jeune peut être une caregiving expérience de vie positive. Mais sans soutien approprié, les jeunes aidants peuvent rencontrer des obstacles à l&#8217;éducation, la santé et sociaux qui peuvent durer toute une vie. Ces obstacles se traduisent par des coûts et des occasions perdues pour les jeunes aidants et pour la société. Ce rapport présente les jeunes aidants aux Canadiens et aux appels à trois premières étapes pour améliorer les conditions pour les jeunes aidants à travers le pays: sensibilisation accrue, meilleure collecte des données et de la recherche, et un effort multisectoriel pour soutenir les jeunes aidants dans leurs communautés. S&#8217;appuyant sur des exemples internationaux, le rapport suggère des actions concrètes sur chacun de ces fronts. [googletranslate_fr]</p>

<!-- This site is optimized with the Yoast SEO plugin v27.5 - https://yoast.com/product/yoast-seo-wordpress/ -->
<title>Who cares about young carers? Raising awareness for an invisible population - Future Skills Centre • Centre des Compétences futures</title>
<meta name="robots" content="index, follow, max-snippet:-1, max-image-preview:large, max-video-preview:-1" />
<link rel="canonical" href="https://fsc-ccf.ca/fr/references/who-cares-about-young-carers-raising-awareness-for-an-invisible-population-2/" />
<meta name="twitter:label1" content="Est. reading time" />
	<meta name="twitter:data1" content="1 minute" />
<script type="application/ld+json" class="yoast-schema-graph">{"@context":"https:\/\/schema.org","@graph":[{"@type":"WebPage","@id":"https:\/\/fsc-ccf.ca\/fr\/references\/who-cares-about-young-carers-raising-awareness-for-an-invisible-population-2\/","url":"https:\/\/fsc-ccf.ca\/fr\/references\/who-cares-about-young-carers-raising-awareness-for-an-invisible-population-2\/","name":"Who cares about young carers? Raising awareness for an invisible population - Future Skills Centre • Centre des Compétences futures","isPartOf":{"@id":"https:\/\/fsc-ccf.ca\/fr\/#website"},"datePublished":"2020-08-11T22:13:45+00:00","breadcrumb":{"@id":"https:\/\/fsc-ccf.ca\/fr\/references\/who-cares-about-young-carers-raising-awareness-for-an-invisible-population-2\/#breadcrumb"},"inLanguage":"fr-FR","potentialAction":[{"@type":"ReadAction","target":["https:\/\/fsc-ccf.ca\/fr\/references\/who-cares-about-young-carers-raising-awareness-for-an-invisible-population-2\/"]}]},{"@type":"BreadcrumbList","@id":"https:\/\/fsc-ccf.ca\/fr\/references\/who-cares-about-young-carers-raising-awareness-for-an-invisible-population-2\/#breadcrumb","itemListElement":[{"@type":"ListItem","position":1,"name":"Home","item":"https:\/\/fsc-ccf.ca\/fr\/"},{"@type":"ListItem","position":2,"name":"References","item":"https:\/\/fsc-ccf.ca\/fr\/references\/"},{"@type":"ListItem","position":3,"name":"Who cares about young carers? Raising awareness for an invisible population"}]},{"@type":"WebSite","@id":"https:\/\/fsc-ccf.ca\/fr\/#website","url":"https:\/\/fsc-ccf.ca\/fr\/","name":"Future Skills Centre • Centre des Compétences futures","description":"","publisher":{"@id":"https:\/\/fsc-ccf.ca\/fr\/#organization"},"potentialAction":[{"@type":"SearchAction","target":{"@type":"EntryPoint","urlTemplate":"https:\/\/fsc-ccf.ca\/fr\/?s={search_term_string}"},"query-input":{"@type":"PropertyValueSpecification","valueRequired":true,"valueName":"search_term_string"}}],"inLanguage":"fr-FR"},{"@type":"Organization","@id":"https:\/\/fsc-ccf.ca\/fr\/#organization","name":"Future Skills Centre • Centre des Compétences futures","url":"https:\/\/fsc-ccf.ca\/fr\/","logo":{"@type":"ImageObject","inLanguage":"fr-FR","@id":"https:\/\/fsc-ccf.ca\/fr\/#\/schema\/logo\/image\/","url":"https:\/\/fsc-ccf.ca\/wp-content\/uploads\/2019\/08\/FSC_logo_colour_rgb_positive_ENG.png","contentUrl":"https:\/\/fsc-ccf.ca\/wp-content\/uploads\/2019\/08\/FSC_logo_colour_rgb_positive_ENG.png","width":618,"height":528,"caption":"Future Skills Centre • Centre des Compétences futures"},"image":{"@id":"https:\/\/fsc-ccf.ca\/fr\/#\/schema\/logo\/image\/"},"sameAs":["https:\/\/www.facebook.com\/2161871137193201\/","https:\/\/x.com\/fsc_ccf_en","https:\/\/www.instagram.com\/fsc_ccf\/","https:\/\/www.linkedin.com\/company\/fsc-ccf\/"]}]}</script>
<!-- / Yoast SEO plugin. -->

Who cares about young carers? Raising awareness for an invisible population - Future Skills Centre • Centre des Compétences futures

Future Skills Centre • Centre des Compétences futures
