			{"id":128387,"date":"2020-08-11T18:13:01","date_gmt":"2020-08-11T22:13:01","guid":{"rendered":"https:\/\/fsc-ccf.ca\/references\/quelle-entreprises-pratiques-la-gestion-des-competences-2\/"},"modified":"2020-08-11T18:13:00","modified_gmt":"2020-08-11T22:13:00","slug":"quelle-entreprises-pratiques-la-gestion-des-competences-2","status":"publish","type":"reference","link":"https:\/\/fsc-ccf.ca\/fr\/references\/quelle-entreprises-pratiques-la-gestion-des-competences-2\/","title":{"rendered":"Quelle entreprises pratiques la gestion des comp\u00e9tences?"},"content":{"rendered":"<p>Dans un contexte de ch\u00f4mage \u00e9lev\u00e9, la part des projets de recrutement jug\u00e9s \u00ab difficiles \u00bb par les entreprises fran\u00e7aises a consid\u00e9rablement augment\u00e9 au cours des derni\u00e8res ann\u00e9es, passant de 32,4 % \u00e0 44,4 % entre 2015 et 2018 [1]. La formation insuffisante des candidats et leur manque de comp\u00e9tences figurent parmi les motifs les plus souvent invoqu\u00e9s par les employeurs pour expliquer ce paradoxe. Certains travaux sugg\u00e8rent ainsi que le syst\u00e8me \u00e9ducatif fran\u00e7ais ne parvient pas \u00e0 r\u00e9pondre aux besoins du march\u00e9 du travail [2].<br \/>\nFace au d\u00e9calage r\u00e9el entre l\u2019offre et la demande de travail, l\u2019analyse ne peut toutefois pas se limiter \u00e0 souligner les insuffisances des candidats. Elle doit aussi porter sur la capacit\u00e9 des entreprises \u00e0 identifier, \u00e0 mobiliser et \u00e0 faire \u00e9voluer les comp\u00e9tences de leurs salari\u00e9s [3]. Cette \u00ab gestion des comp\u00e9tences \u00bb pr\u00e9sente en effet plusieurs avantages : elle favorise l\u2019embauche des profils dont les entreprises ont besoin, elle permet de mieux absorber les chocs technologiques ou \u00e9conomiques et enfin elle accompagne les changements dans l\u2019organisation du travail.<br \/>\nPourtant, seulement un quart des entreprises du secteur priv\u00e9 s\u2019engagent de mani\u00e8re syst\u00e9matique dans une d\u00e9marche de gestion des comp\u00e9tences, avec des \u00e9carts marqu\u00e9s qui tiennent principalement \u00e0 la taille de l\u2019entreprise et au secteur d\u2019activit\u00e9.<\/p>\n","protected":false},"excerpt":{"rendered":"<p>Dans un contexte de ch\u00f4mage \u00e9lev\u00e9, la part des projets de recrutement jug\u00e9s \u00ab difficiles \u00bb par les entreprises fran\u00e7aises a consid\u00e9rablement augment\u00e9 au cours des derni\u00e8res ann\u00e9es, passant de 32,4 % \u00e0 44,4 % entre 2015 et 2018 [1]. La formation insuffisante des candidats et leur manque de comp\u00e9tences figurent parmi les motifs les plus souvent invoqu\u00e9s par les employeurs pour expliquer ce paradoxe. Certains travaux sugg\u00e8rent ainsi que le syst\u00e8me \u00e9ducatif fran\u00e7ais ne parvient pas \u00e0 r\u00e9pondre aux besoins du march\u00e9 du travail [2].<br \/>\nFace au d\u00e9calage r\u00e9el entre l\u2019offre et la demande de travail, l\u2019analyse ne peut toutefois pas se limiter \u00e0 souligner les insuffisances des candidats. Elle doit aussi porter sur la capacit\u00e9 des entreprises \u00e0 identifier, \u00e0 mobiliser et \u00e0 faire \u00e9voluer les comp\u00e9tences de leurs salari\u00e9s [3]. Cette \u00ab gestion des comp\u00e9tences \u00bb pr\u00e9sente en effet plusieurs avantages : elle favorise l\u2019embauche des profils dont les entreprises ont besoin, elle permet de mieux absorber les chocs technologiques ou \u00e9conomiques et enfin elle accompagne les changements dans l\u2019organisation du travail.<br \/>\nPourtant, seulement un quart des entreprises du secteur priv\u00e9 s\u2019engagent de mani\u00e8re syst\u00e9matique dans une d\u00e9marche de gestion des comp\u00e9tences, avec des \u00e9carts marqu\u00e9s qui tiennent principalement \u00e0 la taille de l\u2019entreprise et au secteur d\u2019activit\u00e9.<\/p>\n","protected":false},"template":"","reference-tag":[],"reference-type":[436],"class_list":["post-128387","reference","type-reference","status-publish","hentry","reference-type-white-paper"],"acf":{"citation":"Zizzo, C. (2019). Quelle entreprises pratiques la gestion des comp\u00e9tences?. Paris, France: France Strat\u00e9gie . Retrieved from https:\/\/www.strategie.gouv.fr\/sites\/strategie.gouv.fr\/files\/atoms\/files\/fs-na77-2019-gestion-competences-avril.pdf.","authors":"Zizzo, C.","org":"France Strat\u00e9gie","year":"2019","title_fr":null,"editors_hidden":"","publication":"","publication_fr":null,"volume":"","issue":"","Series":"","SeriesNumber":"","page_range":"","publisher_city":"Paris","publisher_state":"France","publisher":"France Strat\u00e9gie","abstract_en":null,"abstract_fr":null,"keywords":"","paywall":"0","doi":"","isbn":"","url":"https:\/\/www.strategie.gouv.fr\/sites\/strategie.gouv.fr\/files\/atoms\/files\/fs-na77-2019-gestion-competences-avril.pdf","url_fr":null,"url_amazon":"","TRACK":"0"},"yoast_head":"<!-- This site is optimized with the Yoast SEO plugin v27.5 - https:\/\/yoast.com\/product\/yoast-seo-wordpress\/ -->\n<title>Quelle entreprises pratiques la gestion des comp\u00e9tences? - Future Skills Centre \u2022 Centre des Comp\u00e9tences futures<\/title>\n<meta name=\"robots\" content=\"index, follow, max-snippet:-1, max-image-preview:large, max-video-preview:-1\" \/>\n<link rel=\"canonical\" href=\"https:\/\/fsc-ccf.ca\/fr\/references\/quelle-entreprises-pratiques-la-gestion-des-competences-2\/\" \/>\n<meta name=\"twitter:label1\" content=\"Est. reading time\" \/>\n\t<meta name=\"twitter:data1\" content=\"1 minute\" \/>\n<script type=\"application\/ld+json\" class=\"yoast-schema-graph\">{\"@context\":\"https:\\\/\\\/schema.org\",\"@graph\":[{\"@type\":\"WebPage\",\"@id\":\"https:\\\/\\\/fsc-ccf.ca\\\/fr\\\/references\\\/quelle-entreprises-pratiques-la-gestion-des-competences-2\\\/\",\"url\":\"https:\\\/\\\/fsc-ccf.ca\\\/fr\\\/references\\\/quelle-entreprises-pratiques-la-gestion-des-competences-2\\\/\",\"name\":\"Quelle entreprises pratiques la gestion des comp\u00e9tences? - Future Skills Centre \u2022 Centre des Comp\u00e9tences futures\",\"isPartOf\":{\"@id\":\"https:\\\/\\\/fsc-ccf.ca\\\/fr\\\/#website\"},\"datePublished\":\"2020-08-11T22:13:01+00:00\",\"breadcrumb\":{\"@id\":\"https:\\\/\\\/fsc-ccf.ca\\\/fr\\\/references\\\/quelle-entreprises-pratiques-la-gestion-des-competences-2\\\/#breadcrumb\"},\"inLanguage\":\"fr-FR\",\"potentialAction\":[{\"@type\":\"ReadAction\",\"target\":[\"https:\\\/\\\/fsc-ccf.ca\\\/fr\\\/references\\\/quelle-entreprises-pratiques-la-gestion-des-competences-2\\\/\"]}]},{\"@type\":\"BreadcrumbList\",\"@id\":\"https:\\\/\\\/fsc-ccf.ca\\\/fr\\\/references\\\/quelle-entreprises-pratiques-la-gestion-des-competences-2\\\/#breadcrumb\",\"itemListElement\":[{\"@type\":\"ListItem\",\"position\":1,\"name\":\"Home\",\"item\":\"https:\\\/\\\/fsc-ccf.ca\\\/fr\\\/\"},{\"@type\":\"ListItem\",\"position\":2,\"name\":\"References\",\"item\":\"https:\\\/\\\/fsc-ccf.ca\\\/fr\\\/references\\\/\"},{\"@type\":\"ListItem\",\"position\":3,\"name\":\"Quelle entreprises pratiques la gestion des comp\u00e9tences?\"}]},{\"@type\":\"WebSite\",\"@id\":\"https:\\\/\\\/fsc-ccf.ca\\\/fr\\\/#website\",\"url\":\"https:\\\/\\\/fsc-ccf.ca\\\/fr\\\/\",\"name\":\"Future Skills Centre \u2022 Centre des Comp\u00e9tences futures\",\"description\":\"\",\"publisher\":{\"@id\":\"https:\\\/\\\/fsc-ccf.ca\\\/fr\\\/#organization\"},\"potentialAction\":[{\"@type\":\"SearchAction\",\"target\":{\"@type\":\"EntryPoint\",\"urlTemplate\":\"https:\\\/\\\/fsc-ccf.ca\\\/fr\\\/?s={search_term_string}\"},\"query-input\":{\"@type\":\"PropertyValueSpecification\",\"valueRequired\":true,\"valueName\":\"search_term_string\"}}],\"inLanguage\":\"fr-FR\"},{\"@type\":\"Organization\",\"@id\":\"https:\\\/\\\/fsc-ccf.ca\\\/fr\\\/#organization\",\"name\":\"Future Skills Centre \u2022 Centre des Comp\u00e9tences futures\",\"url\":\"https:\\\/\\\/fsc-ccf.ca\\\/fr\\\/\",\"logo\":{\"@type\":\"ImageObject\",\"inLanguage\":\"fr-FR\",\"@id\":\"https:\\\/\\\/fsc-ccf.ca\\\/fr\\\/#\\\/schema\\\/logo\\\/image\\\/\",\"url\":\"https:\\\/\\\/fsc-ccf.ca\\\/wp-content\\\/uploads\\\/2019\\\/08\\\/FSC_logo_colour_rgb_positive_ENG.png\",\"contentUrl\":\"https:\\\/\\\/fsc-ccf.ca\\\/wp-content\\\/uploads\\\/2019\\\/08\\\/FSC_logo_colour_rgb_positive_ENG.png\",\"width\":618,\"height\":528,\"caption\":\"Future Skills Centre \u2022 Centre des Comp\u00e9tences futures\"},\"image\":{\"@id\":\"https:\\\/\\\/fsc-ccf.ca\\\/fr\\\/#\\\/schema\\\/logo\\\/image\\\/\"},\"sameAs\":[\"https:\\\/\\\/www.facebook.com\\\/2161871137193201\\\/\",\"https:\\\/\\\/x.com\\\/fsc_ccf_en\",\"https:\\\/\\\/www.instagram.com\\\/fsc_ccf\\\/\",\"https:\\\/\\\/www.linkedin.com\\\/company\\\/fsc-ccf\\\/\"]}]}<\/script>\n<!-- \/ Yoast SEO plugin. -->","yoast_head_json":{"title":"Quelle entreprises pratiques la gestion des comp\u00e9tences? - Future Skills Centre \u2022 Centre des Comp\u00e9tences futures","robots":{"index":"index","follow":"follow","max-snippet":"max-snippet:-1","max-image-preview":"max-image-preview:large","max-video-preview":"max-video-preview:-1"},"canonical":"https:\/\/fsc-ccf.ca\/fr\/references\/quelle-entreprises-pratiques-la-gestion-des-competences-2\/","twitter_misc":{"Est. reading time":"1 minute"},"schema":{"@context":"https:\/\/schema.org","@graph":[{"@type":"WebPage","@id":"https:\/\/fsc-ccf.ca\/fr\/references\/quelle-entreprises-pratiques-la-gestion-des-competences-2\/","url":"https:\/\/fsc-ccf.ca\/fr\/references\/quelle-entreprises-pratiques-la-gestion-des-competences-2\/","name":"Quelle entreprises pratiques la gestion des comp\u00e9tences? - Future Skills Centre \u2022 Centre des Comp\u00e9tences futures","isPartOf":{"@id":"https:\/\/fsc-ccf.ca\/fr\/#website"},"datePublished":"2020-08-11T22:13:01+00:00","breadcrumb":{"@id":"https:\/\/fsc-ccf.ca\/fr\/references\/quelle-entreprises-pratiques-la-gestion-des-competences-2\/#breadcrumb"},"inLanguage":"fr-FR","potentialAction":[{"@type":"ReadAction","target":["https:\/\/fsc-ccf.ca\/fr\/references\/quelle-entreprises-pratiques-la-gestion-des-competences-2\/"]}]},{"@type":"BreadcrumbList","@id":"https:\/\/fsc-ccf.ca\/fr\/references\/quelle-entreprises-pratiques-la-gestion-des-competences-2\/#breadcrumb","itemListElement":[{"@type":"ListItem","position":1,"name":"Home","item":"https:\/\/fsc-ccf.ca\/fr\/"},{"@type":"ListItem","position":2,"name":"References","item":"https:\/\/fsc-ccf.ca\/fr\/references\/"},{"@type":"ListItem","position":3,"name":"Quelle entreprises pratiques la gestion des comp\u00e9tences?"}]},{"@type":"WebSite","@id":"https:\/\/fsc-ccf.ca\/fr\/#website","url":"https:\/\/fsc-ccf.ca\/fr\/","name":"Future Skills Centre \u2022 Centre des Comp\u00e9tences futures","description":"","publisher":{"@id":"https:\/\/fsc-ccf.ca\/fr\/#organization"},"potentialAction":[{"@type":"SearchAction","target":{"@type":"EntryPoint","urlTemplate":"https:\/\/fsc-ccf.ca\/fr\/?s={search_term_string}"},"query-input":{"@type":"PropertyValueSpecification","valueRequired":true,"valueName":"search_term_string"}}],"inLanguage":"fr-FR"},{"@type":"Organization","@id":"https:\/\/fsc-ccf.ca\/fr\/#organization","name":"Future Skills Centre \u2022 Centre des Comp\u00e9tences futures","url":"https:\/\/fsc-ccf.ca\/fr\/","logo":{"@type":"ImageObject","inLanguage":"fr-FR","@id":"https:\/\/fsc-ccf.ca\/fr\/#\/schema\/logo\/image\/","url":"https:\/\/fsc-ccf.ca\/wp-content\/uploads\/2019\/08\/FSC_logo_colour_rgb_positive_ENG.png","contentUrl":"https:\/\/fsc-ccf.ca\/wp-content\/uploads\/2019\/08\/FSC_logo_colour_rgb_positive_ENG.png","width":618,"height":528,"caption":"Future Skills Centre \u2022 Centre des Comp\u00e9tences futures"},"image":{"@id":"https:\/\/fsc-ccf.ca\/fr\/#\/schema\/logo\/image\/"},"sameAs":["https:\/\/www.facebook.com\/2161871137193201\/","https:\/\/x.com\/fsc_ccf_en","https:\/\/www.instagram.com\/fsc_ccf\/","https:\/\/www.linkedin.com\/company\/fsc-ccf\/"]}]}},"_links":{"self":[{"href":"https:\/\/fsc-ccf.ca\/fr\/wp-json\/wp\/v2\/reference\/128387","targetHints":{"allow":["GET"]}}],"collection":[{"href":"https:\/\/fsc-ccf.ca\/fr\/wp-json\/wp\/v2\/reference"}],"about":[{"href":"https:\/\/fsc-ccf.ca\/fr\/wp-json\/wp\/v2\/types\/reference"}],"version-history":[{"count":0,"href":"https:\/\/fsc-ccf.ca\/fr\/wp-json\/wp\/v2\/reference\/128387\/revisions"}],"wp:attachment":[{"href":"https:\/\/fsc-ccf.ca\/fr\/wp-json\/wp\/v2\/media?parent=128387"}],"wp:term":[{"taxonomy":"reference-tag","embeddable":true,"href":"https:\/\/fsc-ccf.ca\/fr\/wp-json\/wp\/v2\/reference-tag?post=128387"},{"taxonomy":"reference-type","embeddable":true,"href":"https:\/\/fsc-ccf.ca\/fr\/wp-json\/wp\/v2\/reference-type?post=128387"}],"curies":[{"name":"wp","href":"https:\/\/api.w.org\/{rel}","templated":true}]}}

Quelle entreprises pratiques la gestion des compétences?

<p>Dans un contexte de chômage élevé, la part des projets de recrutement jugés « difficiles » par les entreprises françaises a considérablement augmenté au cours des dernières années, passant de 32,4 % à 44,4 % entre 2015 et 2018 [1]. La formation insuffisante des candidats et leur manque de compétences figurent parmi les motifs les plus souvent invoqués par les employeurs pour expliquer ce paradoxe. Certains travaux suggèrent ainsi que le système éducatif français ne parvient pas à répondre aux besoins du marché du travail [2].<br />
Face au décalage réel entre l’offre et la demande de travail, l’analyse ne peut toutefois pas se limiter à souligner les insuffisances des candidats. Elle doit aussi porter sur la capacité des entreprises à identifier, à mobiliser et à faire évoluer les compétences de leurs salariés [3]. Cette « gestion des compétences » présente en effet plusieurs avantages : elle favorise l’embauche des profils dont les entreprises ont besoin, elle permet de mieux absorber les chocs technologiques ou économiques et enfin elle accompagne les changements dans l’organisation du travail.<br />
Pourtant, seulement un quart des entreprises du secteur privé s’engagent de manière systématique dans une démarche de gestion des compétences, avec des écarts marqués qui tiennent principalement à la taille de l’entreprise et au secteur d’activité.</p>

Zizzo, C. (2019). Quelle entreprises pratiques la gestion des compétences?. Paris, France: France Stratégie . Retrieved from https://www.strategie.gouv.fr/sites/strategie.gouv.fr/files/atoms/files/fs-na77-2019-gestion-competences-avril.pdf.

France Stratégie

<!-- This site is optimized with the Yoast SEO plugin v27.5 - https://yoast.com/product/yoast-seo-wordpress/ -->
<title>Quelle entreprises pratiques la gestion des compétences? - Future Skills Centre • Centre des Compétences futures</title>
<meta name="robots" content="index, follow, max-snippet:-1, max-image-preview:large, max-video-preview:-1" />
<link rel="canonical" href="https://fsc-ccf.ca/fr/references/quelle-entreprises-pratiques-la-gestion-des-competences-2/" />
<meta name="twitter:label1" content="Est. reading time" />
	<meta name="twitter:data1" content="1 minute" />
<script type="application/ld+json" class="yoast-schema-graph">{"@context":"https:\/\/schema.org","@graph":[{"@type":"WebPage","@id":"https:\/\/fsc-ccf.ca\/fr\/references\/quelle-entreprises-pratiques-la-gestion-des-competences-2\/","url":"https:\/\/fsc-ccf.ca\/fr\/references\/quelle-entreprises-pratiques-la-gestion-des-competences-2\/","name":"Quelle entreprises pratiques la gestion des compétences? - Future Skills Centre • Centre des Compétences futures","isPartOf":{"@id":"https:\/\/fsc-ccf.ca\/fr\/#website"},"datePublished":"2020-08-11T22:13:01+00:00","breadcrumb":{"@id":"https:\/\/fsc-ccf.ca\/fr\/references\/quelle-entreprises-pratiques-la-gestion-des-competences-2\/#breadcrumb"},"inLanguage":"fr-FR","potentialAction":[{"@type":"ReadAction","target":["https:\/\/fsc-ccf.ca\/fr\/references\/quelle-entreprises-pratiques-la-gestion-des-competences-2\/"]}]},{"@type":"BreadcrumbList","@id":"https:\/\/fsc-ccf.ca\/fr\/references\/quelle-entreprises-pratiques-la-gestion-des-competences-2\/#breadcrumb","itemListElement":[{"@type":"ListItem","position":1,"name":"Home","item":"https:\/\/fsc-ccf.ca\/fr\/"},{"@type":"ListItem","position":2,"name":"References","item":"https:\/\/fsc-ccf.ca\/fr\/references\/"},{"@type":"ListItem","position":3,"name":"Quelle entreprises pratiques la gestion des compétences?"}]},{"@type":"WebSite","@id":"https:\/\/fsc-ccf.ca\/fr\/#website","url":"https:\/\/fsc-ccf.ca\/fr\/","name":"Future Skills Centre • Centre des Compétences futures","description":"","publisher":{"@id":"https:\/\/fsc-ccf.ca\/fr\/#organization"},"potentialAction":[{"@type":"SearchAction","target":{"@type":"EntryPoint","urlTemplate":"https:\/\/fsc-ccf.ca\/fr\/?s={search_term_string}"},"query-input":{"@type":"PropertyValueSpecification","valueRequired":true,"valueName":"search_term_string"}}],"inLanguage":"fr-FR"},{"@type":"Organization","@id":"https:\/\/fsc-ccf.ca\/fr\/#organization","name":"Future Skills Centre • Centre des Compétences futures","url":"https:\/\/fsc-ccf.ca\/fr\/","logo":{"@type":"ImageObject","inLanguage":"fr-FR","@id":"https:\/\/fsc-ccf.ca\/fr\/#\/schema\/logo\/image\/","url":"https:\/\/fsc-ccf.ca\/wp-content\/uploads\/2019\/08\/FSC_logo_colour_rgb_positive_ENG.png","contentUrl":"https:\/\/fsc-ccf.ca\/wp-content\/uploads\/2019\/08\/FSC_logo_colour_rgb_positive_ENG.png","width":618,"height":528,"caption":"Future Skills Centre • Centre des Compétences futures"},"image":{"@id":"https:\/\/fsc-ccf.ca\/fr\/#\/schema\/logo\/image\/"},"sameAs":["https:\/\/www.facebook.com\/2161871137193201\/","https:\/\/x.com\/fsc_ccf_en","https:\/\/www.instagram.com\/fsc_ccf\/","https:\/\/www.linkedin.com\/company\/fsc-ccf\/"]}]}</script>
<!-- / Yoast SEO plugin. -->

Quelle entreprises pratiques la gestion des compétences? - Future Skills Centre • Centre des Compétences futures

Future Skills Centre • Centre des Compétences futures
