			{"id":128351,"date":"2020-08-11T18:12:45","date_gmt":"2020-08-11T22:12:45","guid":{"rendered":"https:\/\/fsc-ccf.ca\/references\/accelerating-workforce-reskilling-for-the-fourth-industrial-revolution-an-agenda-for-leaders-to-shape-the-future-of-education-2\/"},"modified":"2020-08-11T18:12:44","modified_gmt":"2020-08-11T22:12:44","slug":"accelerating-workforce-reskilling-for-the-fourth-industrial-revolution-an-agenda-for-leaders-to-shape-the-future-of-education-2","status":"publish","type":"reference","link":"https:\/\/fsc-ccf.ca\/fr\/references\/accelerating-workforce-reskilling-for-the-fourth-industrial-revolution-an-agenda-for-leaders-to-shape-the-future-of-education-2\/","title":{"rendered":"Accelerating workforce reskilling for the fourth industrial revolution: An agenda for leaders to shape the future of education"},"content":{"rendered":"<p>La fa\u00e7on dont les gens travail, les comp\u00e9tences dont ils ont besoin pour se d\u00e9velopper dans leur emploi et les trajectoires de carri\u00e8re \u00e9voluent rapidement. Ces changements modifient consid\u00e9rablement les comp\u00e9tences requises par le march\u00e9 du travail. mensonges d&#8217;apprentissage continu au c\u0153ur de prosp\u00e9rer dans le contexte de la r\u00e9volution industrielle Quatri\u00e8me. Alors que les comp\u00e9tences requises pour la plupart des emplois changent rapidement, les syst\u00e8mes d&#8217;\u00e9ducation des adultes et de formation sont \u00e0 la tra\u00eene. Alors que 35 pour cent des comp\u00e9tences requises pour les emplois dans toutes les industries changera d&#8217;ici 2020, au moins un travailleur sur quatre dans les pays de l&#8217;OCDE signale d\u00e9j\u00e0 une inad\u00e9quation des comp\u00e9tences en ce qui concerne les comp\u00e9tences exig\u00e9es par leur emploi actuel. Ce livre blanc fait valoir que, afin de cr\u00e9er un syst\u00e8me d&#8217;\u00e9ducation des adultes et de la formation solide et inclusive, les dirigeants de toute entreprise, le gouvernement et le besoin de la soci\u00e9t\u00e9 civile pour commencer \u00e0 jeter une base commune par l&#8217;action strat\u00e9gique et coordonn\u00e9e. Le document pr\u00e9sente les principales voies pour le changement et illustre des exemples de mise en \u0153uvre avec succ\u00e8s pour inspirer la transformation \u00e0 base large. Le document est le r\u00e9sultat d&#8217;une s\u00e9rie internationale, le dialogue multipartite organis\u00e9e par le Forum \u00e9conomique mondial (WEF de). Il tire des documents d\u00e9pos\u00e9s par les dirigeants et les experts qui se sont engag\u00e9s dans le dialogue et la derni\u00e8re pens\u00e9e d&#8217;un \u00e9ventail d&#8217;organisations. Traduit a\u0300 l'aide de Google Translate<\/p>\n","protected":false},"excerpt":{"rendered":"<p>La fa\u00e7on dont les gens travail, les comp\u00e9tences dont ils ont besoin pour se d\u00e9velopper dans leur emploi et les trajectoires de carri\u00e8re \u00e9voluent rapidement. Ces changements modifient consid\u00e9rablement les comp\u00e9tences requises par le march\u00e9 du travail. mensonges d&#8217;apprentissage continu au c\u0153ur de prosp\u00e9rer dans le contexte de la r\u00e9volution industrielle Quatri\u00e8me. Alors que les comp\u00e9tences requises pour la plupart des emplois changent rapidement, les syst\u00e8mes d&#8217;\u00e9ducation des adultes et de formation sont \u00e0 la tra\u00eene. Alors que 35 pour cent des comp\u00e9tences requises pour les emplois dans toutes les industries changera d&#8217;ici 2020, au moins un travailleur sur quatre dans les pays de l&#8217;OCDE signale d\u00e9j\u00e0 une inad\u00e9quation des comp\u00e9tences en ce qui concerne les comp\u00e9tences exig\u00e9es par leur emploi actuel. Ce livre blanc fait valoir que, afin de cr\u00e9er un syst\u00e8me d&#8217;\u00e9ducation des adultes et de la formation solide et inclusive, les dirigeants de toute entreprise, le gouvernement et le besoin de la soci\u00e9t\u00e9 civile pour commencer \u00e0 jeter une base commune par l&#8217;action strat\u00e9gique et coordonn\u00e9e. Le document pr\u00e9sente les principales voies pour le changement et illustre des exemples de mise en \u0153uvre avec succ\u00e8s pour inspirer la transformation \u00e0 base large. Le document est le r\u00e9sultat d&#8217;une s\u00e9rie internationale, le dialogue multipartite organis\u00e9e par le Forum \u00e9conomique mondial (WEF de). Il tire des documents d\u00e9pos\u00e9s par les dirigeants et les experts qui se sont engag\u00e9s dans le dialogue et la derni\u00e8re pens\u00e9e d&#8217;un \u00e9ventail d&#8217;organisations. [googletranslate_fr]<\/p>\n","protected":false},"template":"","reference-tag":[],"reference-type":[436],"class_list":["post-128351","reference","type-reference","status-publish","hentry","reference-type-white-paper"],"acf":{"citation":"World Economic Forum (WEF) (2017). Accelerating workforce reskilling for the fourth industrial revolution: An agenda for leaders to shape the future of education. Geneva, Switzerland: World Economic Forum (WEF). Retrieved from http:\/\/www3.weforum.org\/docs\/WEF_EGW_White_Paper_Reskilling.pdf.","authors":"World Economic Forum","org":"World Economic Forum (WEF)","year":"2017","title_fr":null,"editors_hidden":"","publication":"","publication_fr":null,"volume":"","issue":"","Series":"","SeriesNumber":"","page_range":"","publisher_city":"Geneva","publisher_state":"Switzerland","publisher":"World Economic Forum (WEF)","abstract_en":null,"abstract_fr":null,"keywords":"","paywall":"0","doi":"","isbn":"","url":"http:\/\/www3.weforum.org\/docs\/WEF_EGW_White_Paper_Reskilling.pdf","url_fr":null,"url_amazon":"","TRACK":"0"},"yoast_head":"<!-- This site is optimized with the Yoast SEO plugin v27.5 - https:\/\/yoast.com\/product\/yoast-seo-wordpress\/ -->\n<title>Accelerating workforce reskilling for the fourth industrial revolution: An agenda for leaders to shape the future of education - Future Skills Centre \u2022 Centre des Comp\u00e9tences futures<\/title>\n<meta name=\"robots\" content=\"index, follow, max-snippet:-1, max-image-preview:large, max-video-preview:-1\" \/>\n<link rel=\"canonical\" href=\"https:\/\/fsc-ccf.ca\/fr\/references\/accelerating-workforce-reskilling-for-the-fourth-industrial-revolution-an-agenda-for-leaders-to-shape-the-future-of-education-2\/\" \/>\n<meta name=\"twitter:label1\" content=\"Est. reading time\" \/>\n\t<meta name=\"twitter:data1\" content=\"1 minute\" \/>\n<script type=\"application\/ld+json\" class=\"yoast-schema-graph\">{\"@context\":\"https:\\\/\\\/schema.org\",\"@graph\":[{\"@type\":\"WebPage\",\"@id\":\"https:\\\/\\\/fsc-ccf.ca\\\/fr\\\/references\\\/accelerating-workforce-reskilling-for-the-fourth-industrial-revolution-an-agenda-for-leaders-to-shape-the-future-of-education-2\\\/\",\"url\":\"https:\\\/\\\/fsc-ccf.ca\\\/fr\\\/references\\\/accelerating-workforce-reskilling-for-the-fourth-industrial-revolution-an-agenda-for-leaders-to-shape-the-future-of-education-2\\\/\",\"name\":\"Accelerating workforce reskilling for the fourth industrial revolution: An agenda for leaders to shape the future of education - Future Skills Centre \u2022 Centre des Comp\u00e9tences futures\",\"isPartOf\":{\"@id\":\"https:\\\/\\\/fsc-ccf.ca\\\/fr\\\/#website\"},\"datePublished\":\"2020-08-11T22:12:45+00:00\",\"breadcrumb\":{\"@id\":\"https:\\\/\\\/fsc-ccf.ca\\\/fr\\\/references\\\/accelerating-workforce-reskilling-for-the-fourth-industrial-revolution-an-agenda-for-leaders-to-shape-the-future-of-education-2\\\/#breadcrumb\"},\"inLanguage\":\"fr-FR\",\"potentialAction\":[{\"@type\":\"ReadAction\",\"target\":[\"https:\\\/\\\/fsc-ccf.ca\\\/fr\\\/references\\\/accelerating-workforce-reskilling-for-the-fourth-industrial-revolution-an-agenda-for-leaders-to-shape-the-future-of-education-2\\\/\"]}]},{\"@type\":\"BreadcrumbList\",\"@id\":\"https:\\\/\\\/fsc-ccf.ca\\\/fr\\\/references\\\/accelerating-workforce-reskilling-for-the-fourth-industrial-revolution-an-agenda-for-leaders-to-shape-the-future-of-education-2\\\/#breadcrumb\",\"itemListElement\":[{\"@type\":\"ListItem\",\"position\":1,\"name\":\"Home\",\"item\":\"https:\\\/\\\/fsc-ccf.ca\\\/fr\\\/\"},{\"@type\":\"ListItem\",\"position\":2,\"name\":\"References\",\"item\":\"https:\\\/\\\/fsc-ccf.ca\\\/fr\\\/references\\\/\"},{\"@type\":\"ListItem\",\"position\":3,\"name\":\"Accelerating workforce reskilling for the fourth industrial revolution: An agenda for leaders to shape the future of education\"}]},{\"@type\":\"WebSite\",\"@id\":\"https:\\\/\\\/fsc-ccf.ca\\\/fr\\\/#website\",\"url\":\"https:\\\/\\\/fsc-ccf.ca\\\/fr\\\/\",\"name\":\"Future Skills Centre \u2022 Centre des Comp\u00e9tences futures\",\"description\":\"\",\"publisher\":{\"@id\":\"https:\\\/\\\/fsc-ccf.ca\\\/fr\\\/#organization\"},\"potentialAction\":[{\"@type\":\"SearchAction\",\"target\":{\"@type\":\"EntryPoint\",\"urlTemplate\":\"https:\\\/\\\/fsc-ccf.ca\\\/fr\\\/?s={search_term_string}\"},\"query-input\":{\"@type\":\"PropertyValueSpecification\",\"valueRequired\":true,\"valueName\":\"search_term_string\"}}],\"inLanguage\":\"fr-FR\"},{\"@type\":\"Organization\",\"@id\":\"https:\\\/\\\/fsc-ccf.ca\\\/fr\\\/#organization\",\"name\":\"Future Skills Centre \u2022 Centre des Comp\u00e9tences futures\",\"url\":\"https:\\\/\\\/fsc-ccf.ca\\\/fr\\\/\",\"logo\":{\"@type\":\"ImageObject\",\"inLanguage\":\"fr-FR\",\"@id\":\"https:\\\/\\\/fsc-ccf.ca\\\/fr\\\/#\\\/schema\\\/logo\\\/image\\\/\",\"url\":\"https:\\\/\\\/fsc-ccf.ca\\\/wp-content\\\/uploads\\\/2019\\\/08\\\/FSC_logo_colour_rgb_positive_ENG.png\",\"contentUrl\":\"https:\\\/\\\/fsc-ccf.ca\\\/wp-content\\\/uploads\\\/2019\\\/08\\\/FSC_logo_colour_rgb_positive_ENG.png\",\"width\":618,\"height\":528,\"caption\":\"Future Skills Centre \u2022 Centre des Comp\u00e9tences futures\"},\"image\":{\"@id\":\"https:\\\/\\\/fsc-ccf.ca\\\/fr\\\/#\\\/schema\\\/logo\\\/image\\\/\"},\"sameAs\":[\"https:\\\/\\\/www.facebook.com\\\/2161871137193201\\\/\",\"https:\\\/\\\/x.com\\\/fsc_ccf_en\",\"https:\\\/\\\/www.instagram.com\\\/fsc_ccf\\\/\",\"https:\\\/\\\/www.linkedin.com\\\/company\\\/fsc-ccf\\\/\"]}]}<\/script>\n<!-- \/ Yoast SEO plugin. -->","yoast_head_json":{"title":"Accelerating workforce reskilling for the fourth industrial revolution: An agenda for leaders to shape the future of education - Future Skills Centre \u2022 Centre des Comp\u00e9tences futures","robots":{"index":"index","follow":"follow","max-snippet":"max-snippet:-1","max-image-preview":"max-image-preview:large","max-video-preview":"max-video-preview:-1"},"canonical":"https:\/\/fsc-ccf.ca\/fr\/references\/accelerating-workforce-reskilling-for-the-fourth-industrial-revolution-an-agenda-for-leaders-to-shape-the-future-of-education-2\/","twitter_misc":{"Est. reading time":"1 minute"},"schema":{"@context":"https:\/\/schema.org","@graph":[{"@type":"WebPage","@id":"https:\/\/fsc-ccf.ca\/fr\/references\/accelerating-workforce-reskilling-for-the-fourth-industrial-revolution-an-agenda-for-leaders-to-shape-the-future-of-education-2\/","url":"https:\/\/fsc-ccf.ca\/fr\/references\/accelerating-workforce-reskilling-for-the-fourth-industrial-revolution-an-agenda-for-leaders-to-shape-the-future-of-education-2\/","name":"Accelerating workforce reskilling for the fourth industrial revolution: An agenda for leaders to shape the future of education - Future Skills Centre \u2022 Centre des Comp\u00e9tences futures","isPartOf":{"@id":"https:\/\/fsc-ccf.ca\/fr\/#website"},"datePublished":"2020-08-11T22:12:45+00:00","breadcrumb":{"@id":"https:\/\/fsc-ccf.ca\/fr\/references\/accelerating-workforce-reskilling-for-the-fourth-industrial-revolution-an-agenda-for-leaders-to-shape-the-future-of-education-2\/#breadcrumb"},"inLanguage":"fr-FR","potentialAction":[{"@type":"ReadAction","target":["https:\/\/fsc-ccf.ca\/fr\/references\/accelerating-workforce-reskilling-for-the-fourth-industrial-revolution-an-agenda-for-leaders-to-shape-the-future-of-education-2\/"]}]},{"@type":"BreadcrumbList","@id":"https:\/\/fsc-ccf.ca\/fr\/references\/accelerating-workforce-reskilling-for-the-fourth-industrial-revolution-an-agenda-for-leaders-to-shape-the-future-of-education-2\/#breadcrumb","itemListElement":[{"@type":"ListItem","position":1,"name":"Home","item":"https:\/\/fsc-ccf.ca\/fr\/"},{"@type":"ListItem","position":2,"name":"References","item":"https:\/\/fsc-ccf.ca\/fr\/references\/"},{"@type":"ListItem","position":3,"name":"Accelerating workforce reskilling for the fourth industrial revolution: An agenda for leaders to shape the future of education"}]},{"@type":"WebSite","@id":"https:\/\/fsc-ccf.ca\/fr\/#website","url":"https:\/\/fsc-ccf.ca\/fr\/","name":"Future Skills Centre \u2022 Centre des Comp\u00e9tences futures","description":"","publisher":{"@id":"https:\/\/fsc-ccf.ca\/fr\/#organization"},"potentialAction":[{"@type":"SearchAction","target":{"@type":"EntryPoint","urlTemplate":"https:\/\/fsc-ccf.ca\/fr\/?s={search_term_string}"},"query-input":{"@type":"PropertyValueSpecification","valueRequired":true,"valueName":"search_term_string"}}],"inLanguage":"fr-FR"},{"@type":"Organization","@id":"https:\/\/fsc-ccf.ca\/fr\/#organization","name":"Future Skills Centre \u2022 Centre des Comp\u00e9tences futures","url":"https:\/\/fsc-ccf.ca\/fr\/","logo":{"@type":"ImageObject","inLanguage":"fr-FR","@id":"https:\/\/fsc-ccf.ca\/fr\/#\/schema\/logo\/image\/","url":"https:\/\/fsc-ccf.ca\/wp-content\/uploads\/2019\/08\/FSC_logo_colour_rgb_positive_ENG.png","contentUrl":"https:\/\/fsc-ccf.ca\/wp-content\/uploads\/2019\/08\/FSC_logo_colour_rgb_positive_ENG.png","width":618,"height":528,"caption":"Future Skills Centre \u2022 Centre des Comp\u00e9tences futures"},"image":{"@id":"https:\/\/fsc-ccf.ca\/fr\/#\/schema\/logo\/image\/"},"sameAs":["https:\/\/www.facebook.com\/2161871137193201\/","https:\/\/x.com\/fsc_ccf_en","https:\/\/www.instagram.com\/fsc_ccf\/","https:\/\/www.linkedin.com\/company\/fsc-ccf\/"]}]}},"_links":{"self":[{"href":"https:\/\/fsc-ccf.ca\/fr\/wp-json\/wp\/v2\/reference\/128351","targetHints":{"allow":["GET"]}}],"collection":[{"href":"https:\/\/fsc-ccf.ca\/fr\/wp-json\/wp\/v2\/reference"}],"about":[{"href":"https:\/\/fsc-ccf.ca\/fr\/wp-json\/wp\/v2\/types\/reference"}],"version-history":[{"count":0,"href":"https:\/\/fsc-ccf.ca\/fr\/wp-json\/wp\/v2\/reference\/128351\/revisions"}],"wp:attachment":[{"href":"https:\/\/fsc-ccf.ca\/fr\/wp-json\/wp\/v2\/media?parent=128351"}],"wp:term":[{"taxonomy":"reference-tag","embeddable":true,"href":"https:\/\/fsc-ccf.ca\/fr\/wp-json\/wp\/v2\/reference-tag?post=128351"},{"taxonomy":"reference-type","embeddable":true,"href":"https:\/\/fsc-ccf.ca\/fr\/wp-json\/wp\/v2\/reference-type?post=128351"}],"curies":[{"name":"wp","href":"https:\/\/api.w.org\/{rel}","templated":true}]}}

<p>La façon dont les gens travail, les compétences dont ils ont besoin pour se développer dans leur emploi et les trajectoires de carrière évoluent rapidement. Ces changements modifient considérablement les compétences requises par le marché du travail. mensonges d&#8217;apprentissage continu au cœur de prospérer dans le contexte de la révolution industrielle Quatrième. Alors que les compétences requises pour la plupart des emplois changent rapidement, les systèmes d&#8217;éducation des adultes et de formation sont à la traîne. Alors que 35 pour cent des compétences requises pour les emplois dans toutes les industries changera d&#8217;ici 2020, au moins un travailleur sur quatre dans les pays de l&#8217;OCDE signale déjà une inadéquation des compétences en ce qui concerne les compétences exigées par leur emploi actuel. Ce livre blanc fait valoir que, afin de créer un système d&#8217;éducation des adultes et de la formation solide et inclusive, les dirigeants de toute entreprise, le gouvernement et le besoin de la société civile pour commencer à jeter une base commune par l&#8217;action stratégique et coordonnée. Le document présente les principales voies pour le changement et illustre des exemples de mise en œuvre avec succès pour inspirer la transformation à base large. Le document est le résultat d&#8217;une série internationale, le dialogue multipartite organisée par le Forum économique mondial (WEF de). Il tire des documents déposés par les dirigeants et les experts qui se sont engagés dans le dialogue et la dernière pensée d&#8217;un éventail d&#8217;organisations. Traduit à l'aide de Google Translate</p>

<p>La façon dont les gens travail, les compétences dont ils ont besoin pour se développer dans leur emploi et les trajectoires de carrière évoluent rapidement. Ces changements modifient considérablement les compétences requises par le marché du travail. mensonges d&#8217;apprentissage continu au cœur de prospérer dans le contexte de la révolution industrielle Quatrième. Alors que les compétences requises pour la plupart des emplois changent rapidement, les systèmes d&#8217;éducation des adultes et de formation sont à la traîne. Alors que 35 pour cent des compétences requises pour les emplois dans toutes les industries changera d&#8217;ici 2020, au moins un travailleur sur quatre dans les pays de l&#8217;OCDE signale déjà une inadéquation des compétences en ce qui concerne les compétences exigées par leur emploi actuel. Ce livre blanc fait valoir que, afin de créer un système d&#8217;éducation des adultes et de la formation solide et inclusive, les dirigeants de toute entreprise, le gouvernement et le besoin de la société civile pour commencer à jeter une base commune par l&#8217;action stratégique et coordonnée. Le document présente les principales voies pour le changement et illustre des exemples de mise en œuvre avec succès pour inspirer la transformation à base large. Le document est le résultat d&#8217;une série internationale, le dialogue multipartite organisée par le Forum économique mondial (WEF de). Il tire des documents déposés par les dirigeants et les experts qui se sont engagés dans le dialogue et la dernière pensée d&#8217;un éventail d&#8217;organisations. [googletranslate_fr]</p>

<!-- This site is optimized with the Yoast SEO plugin v27.5 - https://yoast.com/product/yoast-seo-wordpress/ -->
<title>Accelerating workforce reskilling for the fourth industrial revolution: An agenda for leaders to shape the future of education - Future Skills Centre • Centre des Compétences futures</title>
<meta name="robots" content="index, follow, max-snippet:-1, max-image-preview:large, max-video-preview:-1" />
<link rel="canonical" href="https://fsc-ccf.ca/fr/references/accelerating-workforce-reskilling-for-the-fourth-industrial-revolution-an-agenda-for-leaders-to-shape-the-future-of-education-2/" />
<meta name="twitter:label1" content="Est. reading time" />
	<meta name="twitter:data1" content="1 minute" />
<script type="application/ld+json" class="yoast-schema-graph">{"@context":"https:\/\/schema.org","@graph":[{"@type":"WebPage","@id":"https:\/\/fsc-ccf.ca\/fr\/references\/accelerating-workforce-reskilling-for-the-fourth-industrial-revolution-an-agenda-for-leaders-to-shape-the-future-of-education-2\/","url":"https:\/\/fsc-ccf.ca\/fr\/references\/accelerating-workforce-reskilling-for-the-fourth-industrial-revolution-an-agenda-for-leaders-to-shape-the-future-of-education-2\/","name":"Accelerating workforce reskilling for the fourth industrial revolution: An agenda for leaders to shape the future of education - Future Skills Centre • Centre des Compétences futures","isPartOf":{"@id":"https:\/\/fsc-ccf.ca\/fr\/#website"},"datePublished":"2020-08-11T22:12:45+00:00","breadcrumb":{"@id":"https:\/\/fsc-ccf.ca\/fr\/references\/accelerating-workforce-reskilling-for-the-fourth-industrial-revolution-an-agenda-for-leaders-to-shape-the-future-of-education-2\/#breadcrumb"},"inLanguage":"fr-FR","potentialAction":[{"@type":"ReadAction","target":["https:\/\/fsc-ccf.ca\/fr\/references\/accelerating-workforce-reskilling-for-the-fourth-industrial-revolution-an-agenda-for-leaders-to-shape-the-future-of-education-2\/"]}]},{"@type":"BreadcrumbList","@id":"https:\/\/fsc-ccf.ca\/fr\/references\/accelerating-workforce-reskilling-for-the-fourth-industrial-revolution-an-agenda-for-leaders-to-shape-the-future-of-education-2\/#breadcrumb","itemListElement":[{"@type":"ListItem","position":1,"name":"Home","item":"https:\/\/fsc-ccf.ca\/fr\/"},{"@type":"ListItem","position":2,"name":"References","item":"https:\/\/fsc-ccf.ca\/fr\/references\/"},{"@type":"ListItem","position":3,"name":"Accelerating workforce reskilling for the fourth industrial revolution: An agenda for leaders to shape the future of education"}]},{"@type":"WebSite","@id":"https:\/\/fsc-ccf.ca\/fr\/#website","url":"https:\/\/fsc-ccf.ca\/fr\/","name":"Future Skills Centre • Centre des Compétences futures","description":"","publisher":{"@id":"https:\/\/fsc-ccf.ca\/fr\/#organization"},"potentialAction":[{"@type":"SearchAction","target":{"@type":"EntryPoint","urlTemplate":"https:\/\/fsc-ccf.ca\/fr\/?s={search_term_string}"},"query-input":{"@type":"PropertyValueSpecification","valueRequired":true,"valueName":"search_term_string"}}],"inLanguage":"fr-FR"},{"@type":"Organization","@id":"https:\/\/fsc-ccf.ca\/fr\/#organization","name":"Future Skills Centre • Centre des Compétences futures","url":"https:\/\/fsc-ccf.ca\/fr\/","logo":{"@type":"ImageObject","inLanguage":"fr-FR","@id":"https:\/\/fsc-ccf.ca\/fr\/#\/schema\/logo\/image\/","url":"https:\/\/fsc-ccf.ca\/wp-content\/uploads\/2019\/08\/FSC_logo_colour_rgb_positive_ENG.png","contentUrl":"https:\/\/fsc-ccf.ca\/wp-content\/uploads\/2019\/08\/FSC_logo_colour_rgb_positive_ENG.png","width":618,"height":528,"caption":"Future Skills Centre • Centre des Compétences futures"},"image":{"@id":"https:\/\/fsc-ccf.ca\/fr\/#\/schema\/logo\/image\/"},"sameAs":["https:\/\/www.facebook.com\/2161871137193201\/","https:\/\/x.com\/fsc_ccf_en","https:\/\/www.instagram.com\/fsc_ccf\/","https:\/\/www.linkedin.com\/company\/fsc-ccf\/"]}]}</script>
<!-- / Yoast SEO plugin. -->

Accelerating workforce reskilling for the fourth industrial revolution: An agenda for leaders to shape the future of education - Future Skills Centre • Centre des Compétences futures

Future Skills Centre • Centre des Compétences futures
