			{"id":127987,"date":"2020-08-11T18:10:07","date_gmt":"2020-08-11T22:10:07","guid":{"rendered":"https:\/\/fsc-ccf.ca\/references\/le-marche-de-lemploi-daujourdhui-et-lavenir-du-travail\/"},"modified":"2020-08-11T18:10:07","modified_gmt":"2020-08-11T22:10:07","slug":"le-marche-de-lemploi-daujourdhui-et-lavenir-du-travail","status":"publish","type":"reference","link":"https:\/\/fsc-ccf.ca\/fr\/references\/le-marche-de-lemploi-daujourdhui-et-lavenir-du-travail\/","title":{"rendered":"Le march\u00e9 de l\u2019emploi d\u2019aujourd\u2019hui et l\u2019avenir du travail"},"content":{"rendered":"<p>Je suis ravi de me trouver \u00e0 nouveau \u00e0 l\u2019Universit\u00e9 Queen\u2019s, o\u00f9 j\u2019ai obtenu mon baccalaur\u00e9at en \u00e9conomie il y a une quarantaine d\u2019ann\u00e9es. Je me souviens bien de cette p\u00e9riode de l\u2019ann\u00e9e : les \u00e9tudiants sont stress\u00e9s, que ce soit \u00e0 l\u2019id\u00e9e d\u2019entamer leur carri\u00e8re, d\u2019\u00eatre admis \u00e0 leur prochain programme d\u2019\u00e9tudes ou de terminer leurs travaux de session.<br \/>\n Ceux d\u2019entre vous qui esp\u00e8rent int\u00e9grer le march\u00e9 du travail ressentent sans doute de l\u2019enthousiasme et de la nervosit\u00e9, \u00e0 cause de l\u2019incertitude de l\u2019avenir. Au moins, la situation macro\u00e9conomique qui se pr\u00e9sente \u00e0 vous est favorable : 283 000 emplois ont \u00e9t\u00e9 cr\u00e9\u00e9s ces 12 derniers mois, et le taux de ch\u00f4mage n\u2019a jamais \u00e9t\u00e9 aussi bas en plus de 40 ans.<br \/>\n Cela dit, ces constats ne vous emp\u00eachent peut-\u00eatre pas de vous demander ce que l\u2019avenir vous r\u00e9serve. Nous avons tous entendu parler de gens qui ont du mal \u00e0 entrer sur le march\u00e9 du travail, de personnes surqualifi\u00e9es et sous-employ\u00e9es, et de la difficult\u00e9 de b\u00e2tir une carri\u00e8re stable dans l\u2019\u00ab \u00e9conomie des petits boulots \u00bb. Parall\u00e8lement, l\u2019automatisation et la num\u00e9risation perturbent des secteurs entiers et menacent de rendre certains emplois obsol\u00e8tes.<br \/>\n Vu ce contexte, je vous entretiendrai aujourd\u2019hui du march\u00e9 du travail au Canada. Je vous expliquerai d\u2019abord pourquoi la banque centrale y pr\u00eate une attention toute particuli\u00e8re et comment la politique mon\u00e9taire peut favoriser sa bonne tenue. Je me risquerai aussi \u00e0 sp\u00e9culer un peu sur ce qui vous attend, c\u2019est-\u00e0-dire sur l\u2019avenir du travail.<\/p>\n","protected":false},"excerpt":{"rendered":"<p>Je suis ravi de me trouver \u00e0 nouveau \u00e0 l\u2019Universit\u00e9 Queen\u2019s, o\u00f9 j\u2019ai obtenu mon baccalaur\u00e9at en \u00e9conomie il y a une quarantaine d\u2019ann\u00e9es. Je me souviens bien de cette p\u00e9riode de l\u2019ann\u00e9e : les \u00e9tudiants sont stress\u00e9s, que ce soit \u00e0 l\u2019id\u00e9e d\u2019entamer leur carri\u00e8re, d\u2019\u00eatre admis \u00e0 leur prochain programme d\u2019\u00e9tudes ou de terminer leurs travaux de session.<br \/>\n Ceux d\u2019entre vous qui esp\u00e8rent int\u00e9grer le march\u00e9 du travail ressentent sans doute de l\u2019enthousiasme et de la nervosit\u00e9, \u00e0 cause de l\u2019incertitude de l\u2019avenir. Au moins, la situation macro\u00e9conomique qui se pr\u00e9sente \u00e0 vous est favorable : 283 000 emplois ont \u00e9t\u00e9 cr\u00e9\u00e9s ces 12 derniers mois, et le taux de ch\u00f4mage n\u2019a jamais \u00e9t\u00e9 aussi bas en plus de 40 ans.<br \/>\n Cela dit, ces constats ne vous emp\u00eachent peut-\u00eatre pas de vous demander ce que l\u2019avenir vous r\u00e9serve. Nous avons tous entendu parler de gens qui ont du mal \u00e0 entrer sur le march\u00e9 du travail, de personnes surqualifi\u00e9es et sous-employ\u00e9es, et de la difficult\u00e9 de b\u00e2tir une carri\u00e8re stable dans l\u2019\u00ab \u00e9conomie des petits boulots \u00bb. Parall\u00e8lement, l\u2019automatisation et la num\u00e9risation perturbent des secteurs entiers et menacent de rendre certains emplois obsol\u00e8tes.<br \/>\n Vu ce contexte, je vous entretiendrai aujourd\u2019hui du march\u00e9 du travail au Canada. Je vous expliquerai d\u2019abord pourquoi la banque centrale y pr\u00eate une attention toute particuli\u00e8re et comment la politique mon\u00e9taire peut favoriser sa bonne tenue. Je me risquerai aussi \u00e0 sp\u00e9culer un peu sur ce qui vous attend, c\u2019est-\u00e0-dire sur l\u2019avenir du travail.<\/p>\n","protected":false},"template":"","reference-tag":[],"reference-type":[436],"class_list":["post-127987","reference","type-reference","status-publish","hentry","reference-type-white-paper"],"acf":{"citation":"Poloz, S. (2018). Today's labour market and the future of work. Chancellor David Dodge Lecture in Public Finance 2018. Kingston, ON: Bank of Canada. Retrieved from https:\/\/www.bankofcanada.ca\/2018\/03\/todays-labour-market-future-work\/.","authors":"Poloz, S.","org":"Bank of Canada","year":"2018","title_fr":null,"editors_hidden":"","publication":"Conf\u00e9rence David Dodge sur les finances publiques de 2018","publication_fr":null,"volume":"","issue":"","Series":"","SeriesNumber":"","page_range":"","publisher_city":"Kingston","publisher_state":"ON","publisher":"Bank of Canada","abstract_en":null,"abstract_fr":null,"keywords":"","paywall":"0","doi":"","isbn":"","url":"https:\/\/www.banqueducanada.ca\/2018\/03\/marche-emploi-aujourdhui-avenir-travail\/?_ga=2.43430629.1972488418.1563813609-1557603120.1563813609","url_fr":null,"url_amazon":"","TRACK":"0"},"yoast_head":"<!-- This site is optimized with the Yoast SEO plugin v27.5 - https:\/\/yoast.com\/product\/yoast-seo-wordpress\/ -->\n<title>Le march\u00e9 de l\u2019emploi d\u2019aujourd\u2019hui et l\u2019avenir du travail - Future Skills Centre \u2022 Centre des Comp\u00e9tences futures<\/title>\n<meta name=\"robots\" content=\"index, follow, max-snippet:-1, max-image-preview:large, max-video-preview:-1\" \/>\n<link rel=\"canonical\" href=\"https:\/\/fsc-ccf.ca\/fr\/references\/le-marche-de-lemploi-daujourdhui-et-lavenir-du-travail\/\" \/>\n<meta name=\"twitter:label1\" content=\"Est. reading time\" \/>\n\t<meta name=\"twitter:data1\" content=\"1 minute\" \/>\n<script type=\"application\/ld+json\" class=\"yoast-schema-graph\">{\"@context\":\"https:\\\/\\\/schema.org\",\"@graph\":[{\"@type\":\"WebPage\",\"@id\":\"https:\\\/\\\/fsc-ccf.ca\\\/fr\\\/references\\\/le-marche-de-lemploi-daujourdhui-et-lavenir-du-travail\\\/\",\"url\":\"https:\\\/\\\/fsc-ccf.ca\\\/fr\\\/references\\\/le-marche-de-lemploi-daujourdhui-et-lavenir-du-travail\\\/\",\"name\":\"Le march\u00e9 de l\u2019emploi d\u2019aujourd\u2019hui et l\u2019avenir du travail - Future Skills Centre \u2022 Centre des Comp\u00e9tences futures\",\"isPartOf\":{\"@id\":\"https:\\\/\\\/fsc-ccf.ca\\\/fr\\\/#website\"},\"datePublished\":\"2020-08-11T22:10:07+00:00\",\"breadcrumb\":{\"@id\":\"https:\\\/\\\/fsc-ccf.ca\\\/fr\\\/references\\\/le-marche-de-lemploi-daujourdhui-et-lavenir-du-travail\\\/#breadcrumb\"},\"inLanguage\":\"fr-FR\",\"potentialAction\":[{\"@type\":\"ReadAction\",\"target\":[\"https:\\\/\\\/fsc-ccf.ca\\\/fr\\\/references\\\/le-marche-de-lemploi-daujourdhui-et-lavenir-du-travail\\\/\"]}]},{\"@type\":\"BreadcrumbList\",\"@id\":\"https:\\\/\\\/fsc-ccf.ca\\\/fr\\\/references\\\/le-marche-de-lemploi-daujourdhui-et-lavenir-du-travail\\\/#breadcrumb\",\"itemListElement\":[{\"@type\":\"ListItem\",\"position\":1,\"name\":\"Home\",\"item\":\"https:\\\/\\\/fsc-ccf.ca\\\/fr\\\/\"},{\"@type\":\"ListItem\",\"position\":2,\"name\":\"References\",\"item\":\"https:\\\/\\\/fsc-ccf.ca\\\/fr\\\/references\\\/\"},{\"@type\":\"ListItem\",\"position\":3,\"name\":\"Le march\u00e9 de l\u2019emploi d\u2019aujourd\u2019hui et l\u2019avenir du travail\"}]},{\"@type\":\"WebSite\",\"@id\":\"https:\\\/\\\/fsc-ccf.ca\\\/fr\\\/#website\",\"url\":\"https:\\\/\\\/fsc-ccf.ca\\\/fr\\\/\",\"name\":\"Future Skills Centre \u2022 Centre des Comp\u00e9tences futures\",\"description\":\"\",\"publisher\":{\"@id\":\"https:\\\/\\\/fsc-ccf.ca\\\/fr\\\/#organization\"},\"potentialAction\":[{\"@type\":\"SearchAction\",\"target\":{\"@type\":\"EntryPoint\",\"urlTemplate\":\"https:\\\/\\\/fsc-ccf.ca\\\/fr\\\/?s={search_term_string}\"},\"query-input\":{\"@type\":\"PropertyValueSpecification\",\"valueRequired\":true,\"valueName\":\"search_term_string\"}}],\"inLanguage\":\"fr-FR\"},{\"@type\":\"Organization\",\"@id\":\"https:\\\/\\\/fsc-ccf.ca\\\/fr\\\/#organization\",\"name\":\"Future Skills Centre \u2022 Centre des Comp\u00e9tences futures\",\"url\":\"https:\\\/\\\/fsc-ccf.ca\\\/fr\\\/\",\"logo\":{\"@type\":\"ImageObject\",\"inLanguage\":\"fr-FR\",\"@id\":\"https:\\\/\\\/fsc-ccf.ca\\\/fr\\\/#\\\/schema\\\/logo\\\/image\\\/\",\"url\":\"https:\\\/\\\/fsc-ccf.ca\\\/wp-content\\\/uploads\\\/2019\\\/08\\\/FSC_logo_colour_rgb_positive_ENG.png\",\"contentUrl\":\"https:\\\/\\\/fsc-ccf.ca\\\/wp-content\\\/uploads\\\/2019\\\/08\\\/FSC_logo_colour_rgb_positive_ENG.png\",\"width\":618,\"height\":528,\"caption\":\"Future Skills Centre \u2022 Centre des Comp\u00e9tences futures\"},\"image\":{\"@id\":\"https:\\\/\\\/fsc-ccf.ca\\\/fr\\\/#\\\/schema\\\/logo\\\/image\\\/\"},\"sameAs\":[\"https:\\\/\\\/www.facebook.com\\\/2161871137193201\\\/\",\"https:\\\/\\\/x.com\\\/fsc_ccf_en\",\"https:\\\/\\\/www.instagram.com\\\/fsc_ccf\\\/\",\"https:\\\/\\\/www.linkedin.com\\\/company\\\/fsc-ccf\\\/\"]}]}<\/script>\n<!-- \/ Yoast SEO plugin. -->","yoast_head_json":{"title":"Le march\u00e9 de l\u2019emploi d\u2019aujourd\u2019hui et l\u2019avenir du travail - Future Skills Centre \u2022 Centre des Comp\u00e9tences futures","robots":{"index":"index","follow":"follow","max-snippet":"max-snippet:-1","max-image-preview":"max-image-preview:large","max-video-preview":"max-video-preview:-1"},"canonical":"https:\/\/fsc-ccf.ca\/fr\/references\/le-marche-de-lemploi-daujourdhui-et-lavenir-du-travail\/","twitter_misc":{"Est. reading time":"1 minute"},"schema":{"@context":"https:\/\/schema.org","@graph":[{"@type":"WebPage","@id":"https:\/\/fsc-ccf.ca\/fr\/references\/le-marche-de-lemploi-daujourdhui-et-lavenir-du-travail\/","url":"https:\/\/fsc-ccf.ca\/fr\/references\/le-marche-de-lemploi-daujourdhui-et-lavenir-du-travail\/","name":"Le march\u00e9 de l\u2019emploi d\u2019aujourd\u2019hui et l\u2019avenir du travail - Future Skills Centre \u2022 Centre des Comp\u00e9tences futures","isPartOf":{"@id":"https:\/\/fsc-ccf.ca\/fr\/#website"},"datePublished":"2020-08-11T22:10:07+00:00","breadcrumb":{"@id":"https:\/\/fsc-ccf.ca\/fr\/references\/le-marche-de-lemploi-daujourdhui-et-lavenir-du-travail\/#breadcrumb"},"inLanguage":"fr-FR","potentialAction":[{"@type":"ReadAction","target":["https:\/\/fsc-ccf.ca\/fr\/references\/le-marche-de-lemploi-daujourdhui-et-lavenir-du-travail\/"]}]},{"@type":"BreadcrumbList","@id":"https:\/\/fsc-ccf.ca\/fr\/references\/le-marche-de-lemploi-daujourdhui-et-lavenir-du-travail\/#breadcrumb","itemListElement":[{"@type":"ListItem","position":1,"name":"Home","item":"https:\/\/fsc-ccf.ca\/fr\/"},{"@type":"ListItem","position":2,"name":"References","item":"https:\/\/fsc-ccf.ca\/fr\/references\/"},{"@type":"ListItem","position":3,"name":"Le march\u00e9 de l\u2019emploi d\u2019aujourd\u2019hui et l\u2019avenir du travail"}]},{"@type":"WebSite","@id":"https:\/\/fsc-ccf.ca\/fr\/#website","url":"https:\/\/fsc-ccf.ca\/fr\/","name":"Future Skills Centre \u2022 Centre des Comp\u00e9tences futures","description":"","publisher":{"@id":"https:\/\/fsc-ccf.ca\/fr\/#organization"},"potentialAction":[{"@type":"SearchAction","target":{"@type":"EntryPoint","urlTemplate":"https:\/\/fsc-ccf.ca\/fr\/?s={search_term_string}"},"query-input":{"@type":"PropertyValueSpecification","valueRequired":true,"valueName":"search_term_string"}}],"inLanguage":"fr-FR"},{"@type":"Organization","@id":"https:\/\/fsc-ccf.ca\/fr\/#organization","name":"Future Skills Centre \u2022 Centre des Comp\u00e9tences futures","url":"https:\/\/fsc-ccf.ca\/fr\/","logo":{"@type":"ImageObject","inLanguage":"fr-FR","@id":"https:\/\/fsc-ccf.ca\/fr\/#\/schema\/logo\/image\/","url":"https:\/\/fsc-ccf.ca\/wp-content\/uploads\/2019\/08\/FSC_logo_colour_rgb_positive_ENG.png","contentUrl":"https:\/\/fsc-ccf.ca\/wp-content\/uploads\/2019\/08\/FSC_logo_colour_rgb_positive_ENG.png","width":618,"height":528,"caption":"Future Skills Centre \u2022 Centre des Comp\u00e9tences futures"},"image":{"@id":"https:\/\/fsc-ccf.ca\/fr\/#\/schema\/logo\/image\/"},"sameAs":["https:\/\/www.facebook.com\/2161871137193201\/","https:\/\/x.com\/fsc_ccf_en","https:\/\/www.instagram.com\/fsc_ccf\/","https:\/\/www.linkedin.com\/company\/fsc-ccf\/"]}]}},"_links":{"self":[{"href":"https:\/\/fsc-ccf.ca\/fr\/wp-json\/wp\/v2\/reference\/127987","targetHints":{"allow":["GET"]}}],"collection":[{"href":"https:\/\/fsc-ccf.ca\/fr\/wp-json\/wp\/v2\/reference"}],"about":[{"href":"https:\/\/fsc-ccf.ca\/fr\/wp-json\/wp\/v2\/types\/reference"}],"version-history":[{"count":0,"href":"https:\/\/fsc-ccf.ca\/fr\/wp-json\/wp\/v2\/reference\/127987\/revisions"}],"wp:attachment":[{"href":"https:\/\/fsc-ccf.ca\/fr\/wp-json\/wp\/v2\/media?parent=127987"}],"wp:term":[{"taxonomy":"reference-tag","embeddable":true,"href":"https:\/\/fsc-ccf.ca\/fr\/wp-json\/wp\/v2\/reference-tag?post=127987"},{"taxonomy":"reference-type","embeddable":true,"href":"https:\/\/fsc-ccf.ca\/fr\/wp-json\/wp\/v2\/reference-type?post=127987"}],"curies":[{"name":"wp","href":"https:\/\/api.w.org\/{rel}","templated":true}]}}

Le marché de l’emploi d’aujourd’hui et l’avenir du travail

<p>Je suis ravi de me trouver à nouveau à l’Université Queen’s, où j’ai obtenu mon baccalauréat en économie il y a une quarantaine d’années. Je me souviens bien de cette période de l’année : les étudiants sont stressés, que ce soit à l’idée d’entamer leur carrière, d’être admis à leur prochain programme d’études ou de terminer leurs travaux de session.<br />
 Ceux d’entre vous qui espèrent intégrer le marché du travail ressentent sans doute de l’enthousiasme et de la nervosité, à cause de l’incertitude de l’avenir. Au moins, la situation macroéconomique qui se présente à vous est favorable : 283 000 emplois ont été créés ces 12 derniers mois, et le taux de chômage n’a jamais été aussi bas en plus de 40 ans.<br />
 Cela dit, ces constats ne vous empêchent peut-être pas de vous demander ce que l’avenir vous réserve. Nous avons tous entendu parler de gens qui ont du mal à entrer sur le marché du travail, de personnes surqualifiées et sous-employées, et de la difficulté de bâtir une carrière stable dans l’« économie des petits boulots ». Parallèlement, l’automatisation et la numérisation perturbent des secteurs entiers et menacent de rendre certains emplois obsolètes.<br />
 Vu ce contexte, je vous entretiendrai aujourd’hui du marché du travail au Canada. Je vous expliquerai d’abord pourquoi la banque centrale y prête une attention toute particulière et comment la politique monétaire peut favoriser sa bonne tenue. Je me risquerai aussi à spéculer un peu sur ce qui vous attend, c’est-à-dire sur l’avenir du travail.</p>

Conférence David Dodge sur les finances publiques de 2018

<!-- This site is optimized with the Yoast SEO plugin v27.5 - https://yoast.com/product/yoast-seo-wordpress/ -->
<title>Le marché de l’emploi d’aujourd’hui et l’avenir du travail - Future Skills Centre • Centre des Compétences futures</title>
<meta name="robots" content="index, follow, max-snippet:-1, max-image-preview:large, max-video-preview:-1" />
<link rel="canonical" href="https://fsc-ccf.ca/fr/references/le-marche-de-lemploi-daujourdhui-et-lavenir-du-travail/" />
<meta name="twitter:label1" content="Est. reading time" />
	<meta name="twitter:data1" content="1 minute" />
<script type="application/ld+json" class="yoast-schema-graph">{"@context":"https:\/\/schema.org","@graph":[{"@type":"WebPage","@id":"https:\/\/fsc-ccf.ca\/fr\/references\/le-marche-de-lemploi-daujourdhui-et-lavenir-du-travail\/","url":"https:\/\/fsc-ccf.ca\/fr\/references\/le-marche-de-lemploi-daujourdhui-et-lavenir-du-travail\/","name":"Le marché de l’emploi d’aujourd’hui et l’avenir du travail - Future Skills Centre • Centre des Compétences futures","isPartOf":{"@id":"https:\/\/fsc-ccf.ca\/fr\/#website"},"datePublished":"2020-08-11T22:10:07+00:00","breadcrumb":{"@id":"https:\/\/fsc-ccf.ca\/fr\/references\/le-marche-de-lemploi-daujourdhui-et-lavenir-du-travail\/#breadcrumb"},"inLanguage":"fr-FR","potentialAction":[{"@type":"ReadAction","target":["https:\/\/fsc-ccf.ca\/fr\/references\/le-marche-de-lemploi-daujourdhui-et-lavenir-du-travail\/"]}]},{"@type":"BreadcrumbList","@id":"https:\/\/fsc-ccf.ca\/fr\/references\/le-marche-de-lemploi-daujourdhui-et-lavenir-du-travail\/#breadcrumb","itemListElement":[{"@type":"ListItem","position":1,"name":"Home","item":"https:\/\/fsc-ccf.ca\/fr\/"},{"@type":"ListItem","position":2,"name":"References","item":"https:\/\/fsc-ccf.ca\/fr\/references\/"},{"@type":"ListItem","position":3,"name":"Le marché de l’emploi d’aujourd’hui et l’avenir du travail"}]},{"@type":"WebSite","@id":"https:\/\/fsc-ccf.ca\/fr\/#website","url":"https:\/\/fsc-ccf.ca\/fr\/","name":"Future Skills Centre • Centre des Compétences futures","description":"","publisher":{"@id":"https:\/\/fsc-ccf.ca\/fr\/#organization"},"potentialAction":[{"@type":"SearchAction","target":{"@type":"EntryPoint","urlTemplate":"https:\/\/fsc-ccf.ca\/fr\/?s={search_term_string}"},"query-input":{"@type":"PropertyValueSpecification","valueRequired":true,"valueName":"search_term_string"}}],"inLanguage":"fr-FR"},{"@type":"Organization","@id":"https:\/\/fsc-ccf.ca\/fr\/#organization","name":"Future Skills Centre • Centre des Compétences futures","url":"https:\/\/fsc-ccf.ca\/fr\/","logo":{"@type":"ImageObject","inLanguage":"fr-FR","@id":"https:\/\/fsc-ccf.ca\/fr\/#\/schema\/logo\/image\/","url":"https:\/\/fsc-ccf.ca\/wp-content\/uploads\/2019\/08\/FSC_logo_colour_rgb_positive_ENG.png","contentUrl":"https:\/\/fsc-ccf.ca\/wp-content\/uploads\/2019\/08\/FSC_logo_colour_rgb_positive_ENG.png","width":618,"height":528,"caption":"Future Skills Centre • Centre des Compétences futures"},"image":{"@id":"https:\/\/fsc-ccf.ca\/fr\/#\/schema\/logo\/image\/"},"sameAs":["https:\/\/www.facebook.com\/2161871137193201\/","https:\/\/x.com\/fsc_ccf_en","https:\/\/www.instagram.com\/fsc_ccf\/","https:\/\/www.linkedin.com\/company\/fsc-ccf\/"]}]}</script>
<!-- / Yoast SEO plugin. -->

Le marché de l’emploi d’aujourd’hui et l’avenir du travail - Future Skills Centre • Centre des Compétences futures

Future Skills Centre • Centre des Compétences futures
