			{"id":127536,"date":"2020-08-11T18:06:47","date_gmt":"2020-08-11T22:06:47","guid":{"rendered":"https:\/\/fsc-ccf.ca\/references\/world-employment-and-social-outlook-trends-2016-2\/"},"modified":"2020-08-11T18:06:47","modified_gmt":"2020-08-11T22:06:47","slug":"world-employment-and-social-outlook-trends-2016-2","status":"publish","type":"reference","link":"https:\/\/fsc-ccf.ca\/fr\/references\/world-employment-and-social-outlook-trends-2016-2\/","title":{"rendered":"World employment and social outlook: Trends 2016"},"content":{"rendered":"<p>L&#8217;emploi dans le monde et les perspectives sociales: Tendances 2016 fournit un aper\u00e7u global des tendances r\u00e9centes en mati\u00e8re d&#8217;emploi, le ch\u00f4mage et le taux d&#8217;activit\u00e9, ainsi que diff\u00e9rentes dimensions de la qualit\u00e9 de l&#8217;emploi, comme l&#8217;emploi vuln\u00e9rable et la pauvret\u00e9 au travail. Le rapport couvre tous les pays du monde et d\u00e9crit les tendances dans les principales r\u00e9gions et secteurs. Il pr\u00e9sente \u00e9galement des projections pour la p\u00e9riode 2015-17 pour l&#8217;emploi et le ch\u00f4mage. Une des principales conclusions est que l&#8217;expansion de l&#8217;\u00e9conomie mondiale a \u00e9t\u00e9 trop faible pour fermer l&#8217;emploi important et les \u00e9carts sociaux qui ont \u00e9merg\u00e9 depuis le d\u00e9but de la crise mondiale en 2008. Environ 197 millions de personnes \u00e9taient au ch\u00f4mage dans le monde en 2015, et projections sont une nouvelle augmentation du ch\u00f4mage mondial de plus de 3 millions de personnes au cours des deux prochaines ann\u00e9es. Depuis 2007, les emplois de plus de 76 millions ont \u00e9t\u00e9 perdus et ce d\u00e9ficit d&#8217;emplois devrait se creuser encore principalement en raison d&#8217;une baisse continue de la population active dans les pays d\u00e9velopp\u00e9s et la hausse du ch\u00f4mage dans les \u00e9conomies \u00e9mergentes. Traduit a\u0300 l'aide de Google Translate<\/p>\n","protected":false},"excerpt":{"rendered":"<p>L&#8217;emploi dans le monde et les perspectives sociales: Tendances 2016 fournit un aper\u00e7u global des tendances r\u00e9centes en mati\u00e8re d&#8217;emploi, le ch\u00f4mage et le taux d&#8217;activit\u00e9, ainsi que diff\u00e9rentes dimensions de la qualit\u00e9 de l&#8217;emploi, comme l&#8217;emploi vuln\u00e9rable et la pauvret\u00e9 au travail. Le rapport couvre tous les pays du monde et d\u00e9crit les tendances dans les principales r\u00e9gions et secteurs. Il pr\u00e9sente \u00e9galement des projections pour la p\u00e9riode 2015-17 pour l&#8217;emploi et le ch\u00f4mage. Une des principales conclusions est que l&#8217;expansion de l&#8217;\u00e9conomie mondiale a \u00e9t\u00e9 trop faible pour fermer l&#8217;emploi important et les \u00e9carts sociaux qui ont \u00e9merg\u00e9 depuis le d\u00e9but de la crise mondiale en 2008. Environ 197 millions de personnes \u00e9taient au ch\u00f4mage dans le monde en 2015, et projections sont une nouvelle augmentation du ch\u00f4mage mondial de plus de 3 millions de personnes au cours des deux prochaines ann\u00e9es. Depuis 2007, les emplois de plus de 76 millions ont \u00e9t\u00e9 perdus et ce d\u00e9ficit d&#8217;emplois devrait se creuser encore principalement en raison d&#8217;une baisse continue de la population active dans les pays d\u00e9velopp\u00e9s et la hausse du ch\u00f4mage dans les \u00e9conomies \u00e9mergentes. [googletranslate_fr]<\/p>\n","protected":false},"template":"","reference-tag":[],"reference-type":[436],"class_list":["post-127536","reference","type-reference","status-publish","hentry","reference-type-white-paper"],"acf":{"citation":"International Labour Organization (ILO) (2016). World employment and social outlook: Trends 2016. Geneva, Switzerland: International Labour Organization (ILO). Retrieved from https:\/\/www.ilo.org\/global\/research\/global-reports\/weso\/2016\/WCMS_443480\/lang--en\/index.htm.","authors":"International Labour Organization","org":"International Labour Organization (ILO)","year":"2016","title_fr":null,"editors_hidden":"","publication":"","publication_fr":null,"volume":"","issue":"","Series":"","SeriesNumber":"","page_range":"","publisher_city":"Geneva","publisher_state":"Switzerland","publisher":"International Labour Organization (ILO)","abstract_en":null,"abstract_fr":null,"keywords":"","paywall":"0","doi":"","isbn":"","url":"https:\/\/www.ilo.org\/global\/research\/global-reports\/weso\/2016\/WCMS_443480\/lang--en\/index.htm","url_fr":null,"url_amazon":"","TRACK":"0"},"yoast_head":"<!-- This site is optimized with the Yoast SEO plugin v27.5 - https:\/\/yoast.com\/product\/yoast-seo-wordpress\/ -->\n<title>World employment and social outlook: Trends 2016 - Future Skills Centre \u2022 Centre des Comp\u00e9tences futures<\/title>\n<meta name=\"robots\" content=\"index, follow, max-snippet:-1, max-image-preview:large, max-video-preview:-1\" \/>\n<link rel=\"canonical\" href=\"https:\/\/fsc-ccf.ca\/fr\/references\/world-employment-and-social-outlook-trends-2016-2\/\" \/>\n<meta name=\"twitter:label1\" content=\"Est. reading time\" \/>\n\t<meta name=\"twitter:data1\" content=\"1 minute\" \/>\n<script type=\"application\/ld+json\" class=\"yoast-schema-graph\">{\"@context\":\"https:\\\/\\\/schema.org\",\"@graph\":[{\"@type\":\"WebPage\",\"@id\":\"https:\\\/\\\/fsc-ccf.ca\\\/fr\\\/references\\\/world-employment-and-social-outlook-trends-2016-2\\\/\",\"url\":\"https:\\\/\\\/fsc-ccf.ca\\\/fr\\\/references\\\/world-employment-and-social-outlook-trends-2016-2\\\/\",\"name\":\"World employment and social outlook: Trends 2016 - Future Skills Centre \u2022 Centre des Comp\u00e9tences futures\",\"isPartOf\":{\"@id\":\"https:\\\/\\\/fsc-ccf.ca\\\/fr\\\/#website\"},\"datePublished\":\"2020-08-11T22:06:47+00:00\",\"breadcrumb\":{\"@id\":\"https:\\\/\\\/fsc-ccf.ca\\\/fr\\\/references\\\/world-employment-and-social-outlook-trends-2016-2\\\/#breadcrumb\"},\"inLanguage\":\"fr-FR\",\"potentialAction\":[{\"@type\":\"ReadAction\",\"target\":[\"https:\\\/\\\/fsc-ccf.ca\\\/fr\\\/references\\\/world-employment-and-social-outlook-trends-2016-2\\\/\"]}]},{\"@type\":\"BreadcrumbList\",\"@id\":\"https:\\\/\\\/fsc-ccf.ca\\\/fr\\\/references\\\/world-employment-and-social-outlook-trends-2016-2\\\/#breadcrumb\",\"itemListElement\":[{\"@type\":\"ListItem\",\"position\":1,\"name\":\"Home\",\"item\":\"https:\\\/\\\/fsc-ccf.ca\\\/fr\\\/\"},{\"@type\":\"ListItem\",\"position\":2,\"name\":\"References\",\"item\":\"https:\\\/\\\/fsc-ccf.ca\\\/fr\\\/references\\\/\"},{\"@type\":\"ListItem\",\"position\":3,\"name\":\"World employment and social outlook: Trends 2016\"}]},{\"@type\":\"WebSite\",\"@id\":\"https:\\\/\\\/fsc-ccf.ca\\\/fr\\\/#website\",\"url\":\"https:\\\/\\\/fsc-ccf.ca\\\/fr\\\/\",\"name\":\"Future Skills Centre \u2022 Centre des Comp\u00e9tences futures\",\"description\":\"\",\"publisher\":{\"@id\":\"https:\\\/\\\/fsc-ccf.ca\\\/fr\\\/#organization\"},\"potentialAction\":[{\"@type\":\"SearchAction\",\"target\":{\"@type\":\"EntryPoint\",\"urlTemplate\":\"https:\\\/\\\/fsc-ccf.ca\\\/fr\\\/?s={search_term_string}\"},\"query-input\":{\"@type\":\"PropertyValueSpecification\",\"valueRequired\":true,\"valueName\":\"search_term_string\"}}],\"inLanguage\":\"fr-FR\"},{\"@type\":\"Organization\",\"@id\":\"https:\\\/\\\/fsc-ccf.ca\\\/fr\\\/#organization\",\"name\":\"Future Skills Centre \u2022 Centre des Comp\u00e9tences futures\",\"url\":\"https:\\\/\\\/fsc-ccf.ca\\\/fr\\\/\",\"logo\":{\"@type\":\"ImageObject\",\"inLanguage\":\"fr-FR\",\"@id\":\"https:\\\/\\\/fsc-ccf.ca\\\/fr\\\/#\\\/schema\\\/logo\\\/image\\\/\",\"url\":\"https:\\\/\\\/fsc-ccf.ca\\\/wp-content\\\/uploads\\\/2019\\\/08\\\/FSC_logo_colour_rgb_positive_ENG.png\",\"contentUrl\":\"https:\\\/\\\/fsc-ccf.ca\\\/wp-content\\\/uploads\\\/2019\\\/08\\\/FSC_logo_colour_rgb_positive_ENG.png\",\"width\":618,\"height\":528,\"caption\":\"Future Skills Centre \u2022 Centre des Comp\u00e9tences futures\"},\"image\":{\"@id\":\"https:\\\/\\\/fsc-ccf.ca\\\/fr\\\/#\\\/schema\\\/logo\\\/image\\\/\"},\"sameAs\":[\"https:\\\/\\\/www.facebook.com\\\/2161871137193201\\\/\",\"https:\\\/\\\/x.com\\\/fsc_ccf_en\",\"https:\\\/\\\/www.instagram.com\\\/fsc_ccf\\\/\",\"https:\\\/\\\/www.linkedin.com\\\/company\\\/fsc-ccf\\\/\"]}]}<\/script>\n<!-- \/ Yoast SEO plugin. -->","yoast_head_json":{"title":"World employment and social outlook: Trends 2016 - Future Skills Centre \u2022 Centre des Comp\u00e9tences futures","robots":{"index":"index","follow":"follow","max-snippet":"max-snippet:-1","max-image-preview":"max-image-preview:large","max-video-preview":"max-video-preview:-1"},"canonical":"https:\/\/fsc-ccf.ca\/fr\/references\/world-employment-and-social-outlook-trends-2016-2\/","twitter_misc":{"Est. reading time":"1 minute"},"schema":{"@context":"https:\/\/schema.org","@graph":[{"@type":"WebPage","@id":"https:\/\/fsc-ccf.ca\/fr\/references\/world-employment-and-social-outlook-trends-2016-2\/","url":"https:\/\/fsc-ccf.ca\/fr\/references\/world-employment-and-social-outlook-trends-2016-2\/","name":"World employment and social outlook: Trends 2016 - Future Skills Centre \u2022 Centre des Comp\u00e9tences futures","isPartOf":{"@id":"https:\/\/fsc-ccf.ca\/fr\/#website"},"datePublished":"2020-08-11T22:06:47+00:00","breadcrumb":{"@id":"https:\/\/fsc-ccf.ca\/fr\/references\/world-employment-and-social-outlook-trends-2016-2\/#breadcrumb"},"inLanguage":"fr-FR","potentialAction":[{"@type":"ReadAction","target":["https:\/\/fsc-ccf.ca\/fr\/references\/world-employment-and-social-outlook-trends-2016-2\/"]}]},{"@type":"BreadcrumbList","@id":"https:\/\/fsc-ccf.ca\/fr\/references\/world-employment-and-social-outlook-trends-2016-2\/#breadcrumb","itemListElement":[{"@type":"ListItem","position":1,"name":"Home","item":"https:\/\/fsc-ccf.ca\/fr\/"},{"@type":"ListItem","position":2,"name":"References","item":"https:\/\/fsc-ccf.ca\/fr\/references\/"},{"@type":"ListItem","position":3,"name":"World employment and social outlook: Trends 2016"}]},{"@type":"WebSite","@id":"https:\/\/fsc-ccf.ca\/fr\/#website","url":"https:\/\/fsc-ccf.ca\/fr\/","name":"Future Skills Centre \u2022 Centre des Comp\u00e9tences futures","description":"","publisher":{"@id":"https:\/\/fsc-ccf.ca\/fr\/#organization"},"potentialAction":[{"@type":"SearchAction","target":{"@type":"EntryPoint","urlTemplate":"https:\/\/fsc-ccf.ca\/fr\/?s={search_term_string}"},"query-input":{"@type":"PropertyValueSpecification","valueRequired":true,"valueName":"search_term_string"}}],"inLanguage":"fr-FR"},{"@type":"Organization","@id":"https:\/\/fsc-ccf.ca\/fr\/#organization","name":"Future Skills Centre \u2022 Centre des Comp\u00e9tences futures","url":"https:\/\/fsc-ccf.ca\/fr\/","logo":{"@type":"ImageObject","inLanguage":"fr-FR","@id":"https:\/\/fsc-ccf.ca\/fr\/#\/schema\/logo\/image\/","url":"https:\/\/fsc-ccf.ca\/wp-content\/uploads\/2019\/08\/FSC_logo_colour_rgb_positive_ENG.png","contentUrl":"https:\/\/fsc-ccf.ca\/wp-content\/uploads\/2019\/08\/FSC_logo_colour_rgb_positive_ENG.png","width":618,"height":528,"caption":"Future Skills Centre \u2022 Centre des Comp\u00e9tences futures"},"image":{"@id":"https:\/\/fsc-ccf.ca\/fr\/#\/schema\/logo\/image\/"},"sameAs":["https:\/\/www.facebook.com\/2161871137193201\/","https:\/\/x.com\/fsc_ccf_en","https:\/\/www.instagram.com\/fsc_ccf\/","https:\/\/www.linkedin.com\/company\/fsc-ccf\/"]}]}},"_links":{"self":[{"href":"https:\/\/fsc-ccf.ca\/fr\/wp-json\/wp\/v2\/reference\/127536","targetHints":{"allow":["GET"]}}],"collection":[{"href":"https:\/\/fsc-ccf.ca\/fr\/wp-json\/wp\/v2\/reference"}],"about":[{"href":"https:\/\/fsc-ccf.ca\/fr\/wp-json\/wp\/v2\/types\/reference"}],"version-history":[{"count":0,"href":"https:\/\/fsc-ccf.ca\/fr\/wp-json\/wp\/v2\/reference\/127536\/revisions"}],"wp:attachment":[{"href":"https:\/\/fsc-ccf.ca\/fr\/wp-json\/wp\/v2\/media?parent=127536"}],"wp:term":[{"taxonomy":"reference-tag","embeddable":true,"href":"https:\/\/fsc-ccf.ca\/fr\/wp-json\/wp\/v2\/reference-tag?post=127536"},{"taxonomy":"reference-type","embeddable":true,"href":"https:\/\/fsc-ccf.ca\/fr\/wp-json\/wp\/v2\/reference-type?post=127536"}],"curies":[{"name":"wp","href":"https:\/\/api.w.org\/{rel}","templated":true}]}}

<p>L&#8217;emploi dans le monde et les perspectives sociales: Tendances 2016 fournit un aperçu global des tendances récentes en matière d&#8217;emploi, le chômage et le taux d&#8217;activité, ainsi que différentes dimensions de la qualité de l&#8217;emploi, comme l&#8217;emploi vulnérable et la pauvreté au travail. Le rapport couvre tous les pays du monde et décrit les tendances dans les principales régions et secteurs. Il présente également des projections pour la période 2015-17 pour l&#8217;emploi et le chômage. Une des principales conclusions est que l&#8217;expansion de l&#8217;économie mondiale a été trop faible pour fermer l&#8217;emploi important et les écarts sociaux qui ont émergé depuis le début de la crise mondiale en 2008. Environ 197 millions de personnes étaient au chômage dans le monde en 2015, et projections sont une nouvelle augmentation du chômage mondial de plus de 3 millions de personnes au cours des deux prochaines années. Depuis 2007, les emplois de plus de 76 millions ont été perdus et ce déficit d&#8217;emplois devrait se creuser encore principalement en raison d&#8217;une baisse continue de la population active dans les pays développés et la hausse du chômage dans les économies émergentes. Traduit à l'aide de Google Translate</p>

<p>L&#8217;emploi dans le monde et les perspectives sociales: Tendances 2016 fournit un aperçu global des tendances récentes en matière d&#8217;emploi, le chômage et le taux d&#8217;activité, ainsi que différentes dimensions de la qualité de l&#8217;emploi, comme l&#8217;emploi vulnérable et la pauvreté au travail. Le rapport couvre tous les pays du monde et décrit les tendances dans les principales régions et secteurs. Il présente également des projections pour la période 2015-17 pour l&#8217;emploi et le chômage. Une des principales conclusions est que l&#8217;expansion de l&#8217;économie mondiale a été trop faible pour fermer l&#8217;emploi important et les écarts sociaux qui ont émergé depuis le début de la crise mondiale en 2008. Environ 197 millions de personnes étaient au chômage dans le monde en 2015, et projections sont une nouvelle augmentation du chômage mondial de plus de 3 millions de personnes au cours des deux prochaines années. Depuis 2007, les emplois de plus de 76 millions ont été perdus et ce déficit d&#8217;emplois devrait se creuser encore principalement en raison d&#8217;une baisse continue de la population active dans les pays développés et la hausse du chômage dans les économies émergentes. [googletranslate_fr]</p>

<!-- This site is optimized with the Yoast SEO plugin v27.5 - https://yoast.com/product/yoast-seo-wordpress/ -->
<title>World employment and social outlook: Trends 2016 - Future Skills Centre • Centre des Compétences futures</title>
<meta name="robots" content="index, follow, max-snippet:-1, max-image-preview:large, max-video-preview:-1" />
<link rel="canonical" href="https://fsc-ccf.ca/fr/references/world-employment-and-social-outlook-trends-2016-2/" />
<meta name="twitter:label1" content="Est. reading time" />
	<meta name="twitter:data1" content="1 minute" />
<script type="application/ld+json" class="yoast-schema-graph">{"@context":"https:\/\/schema.org","@graph":[{"@type":"WebPage","@id":"https:\/\/fsc-ccf.ca\/fr\/references\/world-employment-and-social-outlook-trends-2016-2\/","url":"https:\/\/fsc-ccf.ca\/fr\/references\/world-employment-and-social-outlook-trends-2016-2\/","name":"World employment and social outlook: Trends 2016 - Future Skills Centre • Centre des Compétences futures","isPartOf":{"@id":"https:\/\/fsc-ccf.ca\/fr\/#website"},"datePublished":"2020-08-11T22:06:47+00:00","breadcrumb":{"@id":"https:\/\/fsc-ccf.ca\/fr\/references\/world-employment-and-social-outlook-trends-2016-2\/#breadcrumb"},"inLanguage":"fr-FR","potentialAction":[{"@type":"ReadAction","target":["https:\/\/fsc-ccf.ca\/fr\/references\/world-employment-and-social-outlook-trends-2016-2\/"]}]},{"@type":"BreadcrumbList","@id":"https:\/\/fsc-ccf.ca\/fr\/references\/world-employment-and-social-outlook-trends-2016-2\/#breadcrumb","itemListElement":[{"@type":"ListItem","position":1,"name":"Home","item":"https:\/\/fsc-ccf.ca\/fr\/"},{"@type":"ListItem","position":2,"name":"References","item":"https:\/\/fsc-ccf.ca\/fr\/references\/"},{"@type":"ListItem","position":3,"name":"World employment and social outlook: Trends 2016"}]},{"@type":"WebSite","@id":"https:\/\/fsc-ccf.ca\/fr\/#website","url":"https:\/\/fsc-ccf.ca\/fr\/","name":"Future Skills Centre • Centre des Compétences futures","description":"","publisher":{"@id":"https:\/\/fsc-ccf.ca\/fr\/#organization"},"potentialAction":[{"@type":"SearchAction","target":{"@type":"EntryPoint","urlTemplate":"https:\/\/fsc-ccf.ca\/fr\/?s={search_term_string}"},"query-input":{"@type":"PropertyValueSpecification","valueRequired":true,"valueName":"search_term_string"}}],"inLanguage":"fr-FR"},{"@type":"Organization","@id":"https:\/\/fsc-ccf.ca\/fr\/#organization","name":"Future Skills Centre • Centre des Compétences futures","url":"https:\/\/fsc-ccf.ca\/fr\/","logo":{"@type":"ImageObject","inLanguage":"fr-FR","@id":"https:\/\/fsc-ccf.ca\/fr\/#\/schema\/logo\/image\/","url":"https:\/\/fsc-ccf.ca\/wp-content\/uploads\/2019\/08\/FSC_logo_colour_rgb_positive_ENG.png","contentUrl":"https:\/\/fsc-ccf.ca\/wp-content\/uploads\/2019\/08\/FSC_logo_colour_rgb_positive_ENG.png","width":618,"height":528,"caption":"Future Skills Centre • Centre des Compétences futures"},"image":{"@id":"https:\/\/fsc-ccf.ca\/fr\/#\/schema\/logo\/image\/"},"sameAs":["https:\/\/www.facebook.com\/2161871137193201\/","https:\/\/x.com\/fsc_ccf_en","https:\/\/www.instagram.com\/fsc_ccf\/","https:\/\/www.linkedin.com\/company\/fsc-ccf\/"]}]}</script>
<!-- / Yoast SEO plugin. -->

World employment and social outlook: Trends 2016 - Future Skills Centre • Centre des Compétences futures

Future Skills Centre • Centre des Compétences futures
