			{"id":126485,"date":"2020-08-11T17:59:01","date_gmt":"2020-08-11T21:59:01","guid":{"rendered":"https:\/\/fsc-ccf.ca\/references\/how-does-the-digital-transformation-affect-organizations-key-themes-of-change-in-work-design-and-leadership-2\/"},"modified":"2020-08-11T17:59:00","modified_gmt":"2020-08-11T21:59:00","slug":"how-does-the-digital-transformation-affect-organizations-key-themes-of-change-in-work-design-and-leadership-2","status":"publish","type":"reference","link":"https:\/\/fsc-ccf.ca\/fr\/references\/how-does-the-digital-transformation-affect-organizations-key-themes-of-change-in-work-design-and-leadership-2\/","title":{"rendered":"How does the digital transformation affect organizations? Key themes of change in work design and leadership"},"content":{"rendered":"<p>En raison des avanc\u00e9es technologiques r\u00e9centes, les organisations sont actuellement confront\u00e9s \u00e0 des changements massifs de leur conception du travail et de leadership. Malheureusement, la nature exacte de ces changements ne sait pas encore que la plupart des \u00e9tudes existantes ont \u00e9t\u00e9 men\u00e9es au cours des \u00e9tapes ant\u00e9rieures de la transformation num\u00e9rique et la litt\u00e9rature disponible est tr\u00e8s fragment\u00e9. Fournir une vue d&#8217;ensemble \u00e0 jour sur les changements dans la conception et le leadership travail r\u00e9sultant de la transformation num\u00e9rique et de structurer nos connaissances actuelles dans ce domaine, nous avons men\u00e9 un sondage en ligne ouvert avec 49 experts en digitalisation reconnu et identifi\u00e9 les th\u00e8mes cl\u00e9s de changement. En r\u00e9sum\u00e9, quatre th\u00e8mes principaux du changement touchant \u00e0 la fois la conception du travail et le leadership ont \u00e9merg\u00e9, \u00e0 savoir les changements dans le travail \u00e0 la vie et de la sant\u00e9, l&#8217;utilisation des technologies d&#8217;information et de communication, la gestion de la performance et des talents et des hi\u00e9rarchies organisationnelles. De plus, deux changements au niveau macro dimensions en ce qui concerne la structure du travail et de leadership ax\u00e9e sur les relations ont \u00e9volu\u00e9. Bien que certains des changements ont \u00e9t\u00e9 identifi\u00e9s en partie couverts dans les \u00e9tudes ant\u00e9rieures, d&#8217;autres ont jusqu&#8217;\u00e0 pr\u00e9sent pas re\u00e7u beaucoup d&#8217;attention en d\u00e9pit de leur pertinence apparemment \u00e9lev\u00e9 dans la phase actuelle de la transformation num\u00e9rique. Les r\u00e9sultats de cette \u00e9tude fournissent donc une base importante pour les organisations futures de recherche, et de pr\u00e9parer strat\u00e9giquement pour les besoins de l&#8217;\u00e8re num\u00e9rique. Traduit a\u0300 l'aide de Google Translate<\/p>\n","protected":false},"excerpt":{"rendered":"<p>En raison des avanc\u00e9es technologiques r\u00e9centes, les organisations sont actuellement confront\u00e9s \u00e0 des changements massifs de leur conception du travail et de leadership. Malheureusement, la nature exacte de ces changements ne sait pas encore que la plupart des \u00e9tudes existantes ont \u00e9t\u00e9 men\u00e9es au cours des \u00e9tapes ant\u00e9rieures de la transformation num\u00e9rique et la litt\u00e9rature disponible est tr\u00e8s fragment\u00e9. Fournir une vue d&#8217;ensemble \u00e0 jour sur les changements dans la conception et le leadership travail r\u00e9sultant de la transformation num\u00e9rique et de structurer nos connaissances actuelles dans ce domaine, nous avons men\u00e9 un sondage en ligne ouvert avec 49 experts en digitalisation reconnu et identifi\u00e9 les th\u00e8mes cl\u00e9s de changement. En r\u00e9sum\u00e9, quatre th\u00e8mes principaux du changement touchant \u00e0 la fois la conception du travail et le leadership ont \u00e9merg\u00e9, \u00e0 savoir les changements dans le travail \u00e0 la vie et de la sant\u00e9, l&#8217;utilisation des technologies d&#8217;information et de communication, la gestion de la performance et des talents et des hi\u00e9rarchies organisationnelles. De plus, deux changements au niveau macro dimensions en ce qui concerne la structure du travail et de leadership ax\u00e9e sur les relations ont \u00e9volu\u00e9. Bien que certains des changements ont \u00e9t\u00e9 identifi\u00e9s en partie couverts dans les \u00e9tudes ant\u00e9rieures, d&#8217;autres ont jusqu&#8217;\u00e0 pr\u00e9sent pas re\u00e7u beaucoup d&#8217;attention en d\u00e9pit de leur pertinence apparemment \u00e9lev\u00e9 dans la phase actuelle de la transformation num\u00e9rique. Les r\u00e9sultats de cette \u00e9tude fournissent donc une base importante pour les organisations futures de recherche, et de pr\u00e9parer strat\u00e9giquement pour les besoins de l&#8217;\u00e8re num\u00e9rique. [googletranslate_fr]<\/p>\n","protected":false},"template":"","reference-tag":[],"reference-type":[435],"class_list":["post-126485","reference","type-reference","status-publish","hentry","reference-type-journal-article"],"acf":{"citation":"Schwarzm\u00fcller, T., Brosi, P., Duman, D., and Welpe, I. (2018). How does the digital transformation affect organizations? Key themes of change in work design and leadership . Management Revue, 29(2), 114-138. Retrieved from https:\/\/www.nomos-elibrary.de\/10.5771\/0935-9915-2018-2-114\/how-does-the-digital-transformation-affect-organizations-key-themes-of-change-in-work-design-and-leadership-jahrgang-29-2018-heft-2.","authors":"Schwarzm\u00fcller, T., Brosi, P., Duman, D., and Welpe, I.","org":"Technical University of Munich","year":"2018","title_fr":null,"editors_hidden":"","publication":"Management Revue","publication_fr":null,"volume":"29","issue":"2","Series":"","SeriesNumber":"","page_range":"114-138","publisher_city":"","publisher_state":"","publisher":"","abstract_en":null,"abstract_fr":null,"keywords":"","paywall":"0","doi":"10.5771\/0935-9915-2018-2-114","isbn":"","url":"https:\/\/www.nomos-elibrary.de\/10.5771\/0935-9915-2018-2-114\/how-does-the-digital-transformation-affect-organizations-key-themes-of-change-in-work-design-and-leadership-jahrgang-29-2018-heft-2","url_fr":null,"url_amazon":"","TRACK":"0"},"yoast_head":"<!-- This site is optimized with the Yoast SEO plugin v27.5 - https:\/\/yoast.com\/product\/yoast-seo-wordpress\/ -->\n<title>How does the digital transformation affect organizations? Key themes of change in work design and leadership - Future Skills Centre \u2022 Centre des Comp\u00e9tences futures<\/title>\n<meta name=\"robots\" content=\"index, follow, max-snippet:-1, max-image-preview:large, max-video-preview:-1\" \/>\n<link rel=\"canonical\" href=\"https:\/\/fsc-ccf.ca\/fr\/references\/how-does-the-digital-transformation-affect-organizations-key-themes-of-change-in-work-design-and-leadership-2\/\" \/>\n<meta name=\"twitter:label1\" content=\"Est. reading time\" \/>\n\t<meta name=\"twitter:data1\" content=\"1 minute\" \/>\n<script type=\"application\/ld+json\" class=\"yoast-schema-graph\">{\"@context\":\"https:\\\/\\\/schema.org\",\"@graph\":[{\"@type\":\"WebPage\",\"@id\":\"https:\\\/\\\/fsc-ccf.ca\\\/fr\\\/references\\\/how-does-the-digital-transformation-affect-organizations-key-themes-of-change-in-work-design-and-leadership-2\\\/\",\"url\":\"https:\\\/\\\/fsc-ccf.ca\\\/fr\\\/references\\\/how-does-the-digital-transformation-affect-organizations-key-themes-of-change-in-work-design-and-leadership-2\\\/\",\"name\":\"How does the digital transformation affect organizations? Key themes of change in work design and leadership - Future Skills Centre \u2022 Centre des Comp\u00e9tences futures\",\"isPartOf\":{\"@id\":\"https:\\\/\\\/fsc-ccf.ca\\\/fr\\\/#website\"},\"datePublished\":\"2020-08-11T21:59:01+00:00\",\"breadcrumb\":{\"@id\":\"https:\\\/\\\/fsc-ccf.ca\\\/fr\\\/references\\\/how-does-the-digital-transformation-affect-organizations-key-themes-of-change-in-work-design-and-leadership-2\\\/#breadcrumb\"},\"inLanguage\":\"fr-FR\",\"potentialAction\":[{\"@type\":\"ReadAction\",\"target\":[\"https:\\\/\\\/fsc-ccf.ca\\\/fr\\\/references\\\/how-does-the-digital-transformation-affect-organizations-key-themes-of-change-in-work-design-and-leadership-2\\\/\"]}]},{\"@type\":\"BreadcrumbList\",\"@id\":\"https:\\\/\\\/fsc-ccf.ca\\\/fr\\\/references\\\/how-does-the-digital-transformation-affect-organizations-key-themes-of-change-in-work-design-and-leadership-2\\\/#breadcrumb\",\"itemListElement\":[{\"@type\":\"ListItem\",\"position\":1,\"name\":\"Home\",\"item\":\"https:\\\/\\\/fsc-ccf.ca\\\/fr\\\/\"},{\"@type\":\"ListItem\",\"position\":2,\"name\":\"References\",\"item\":\"https:\\\/\\\/fsc-ccf.ca\\\/fr\\\/references\\\/\"},{\"@type\":\"ListItem\",\"position\":3,\"name\":\"How does the digital transformation affect organizations? Key themes of change in work design and leadership\"}]},{\"@type\":\"WebSite\",\"@id\":\"https:\\\/\\\/fsc-ccf.ca\\\/fr\\\/#website\",\"url\":\"https:\\\/\\\/fsc-ccf.ca\\\/fr\\\/\",\"name\":\"Future Skills Centre \u2022 Centre des Comp\u00e9tences futures\",\"description\":\"\",\"publisher\":{\"@id\":\"https:\\\/\\\/fsc-ccf.ca\\\/fr\\\/#organization\"},\"potentialAction\":[{\"@type\":\"SearchAction\",\"target\":{\"@type\":\"EntryPoint\",\"urlTemplate\":\"https:\\\/\\\/fsc-ccf.ca\\\/fr\\\/?s={search_term_string}\"},\"query-input\":{\"@type\":\"PropertyValueSpecification\",\"valueRequired\":true,\"valueName\":\"search_term_string\"}}],\"inLanguage\":\"fr-FR\"},{\"@type\":\"Organization\",\"@id\":\"https:\\\/\\\/fsc-ccf.ca\\\/fr\\\/#organization\",\"name\":\"Future Skills Centre \u2022 Centre des Comp\u00e9tences futures\",\"url\":\"https:\\\/\\\/fsc-ccf.ca\\\/fr\\\/\",\"logo\":{\"@type\":\"ImageObject\",\"inLanguage\":\"fr-FR\",\"@id\":\"https:\\\/\\\/fsc-ccf.ca\\\/fr\\\/#\\\/schema\\\/logo\\\/image\\\/\",\"url\":\"https:\\\/\\\/fsc-ccf.ca\\\/wp-content\\\/uploads\\\/2019\\\/08\\\/FSC_logo_colour_rgb_positive_ENG.png\",\"contentUrl\":\"https:\\\/\\\/fsc-ccf.ca\\\/wp-content\\\/uploads\\\/2019\\\/08\\\/FSC_logo_colour_rgb_positive_ENG.png\",\"width\":618,\"height\":528,\"caption\":\"Future Skills Centre \u2022 Centre des Comp\u00e9tences futures\"},\"image\":{\"@id\":\"https:\\\/\\\/fsc-ccf.ca\\\/fr\\\/#\\\/schema\\\/logo\\\/image\\\/\"},\"sameAs\":[\"https:\\\/\\\/www.facebook.com\\\/2161871137193201\\\/\",\"https:\\\/\\\/x.com\\\/fsc_ccf_en\",\"https:\\\/\\\/www.instagram.com\\\/fsc_ccf\\\/\",\"https:\\\/\\\/www.linkedin.com\\\/company\\\/fsc-ccf\\\/\"]}]}<\/script>\n<!-- \/ Yoast SEO plugin. -->","yoast_head_json":{"title":"How does the digital transformation affect organizations? Key themes of change in work design and leadership - Future Skills Centre \u2022 Centre des Comp\u00e9tences futures","robots":{"index":"index","follow":"follow","max-snippet":"max-snippet:-1","max-image-preview":"max-image-preview:large","max-video-preview":"max-video-preview:-1"},"canonical":"https:\/\/fsc-ccf.ca\/fr\/references\/how-does-the-digital-transformation-affect-organizations-key-themes-of-change-in-work-design-and-leadership-2\/","twitter_misc":{"Est. reading time":"1 minute"},"schema":{"@context":"https:\/\/schema.org","@graph":[{"@type":"WebPage","@id":"https:\/\/fsc-ccf.ca\/fr\/references\/how-does-the-digital-transformation-affect-organizations-key-themes-of-change-in-work-design-and-leadership-2\/","url":"https:\/\/fsc-ccf.ca\/fr\/references\/how-does-the-digital-transformation-affect-organizations-key-themes-of-change-in-work-design-and-leadership-2\/","name":"How does the digital transformation affect organizations? Key themes of change in work design and leadership - Future Skills Centre \u2022 Centre des Comp\u00e9tences futures","isPartOf":{"@id":"https:\/\/fsc-ccf.ca\/fr\/#website"},"datePublished":"2020-08-11T21:59:01+00:00","breadcrumb":{"@id":"https:\/\/fsc-ccf.ca\/fr\/references\/how-does-the-digital-transformation-affect-organizations-key-themes-of-change-in-work-design-and-leadership-2\/#breadcrumb"},"inLanguage":"fr-FR","potentialAction":[{"@type":"ReadAction","target":["https:\/\/fsc-ccf.ca\/fr\/references\/how-does-the-digital-transformation-affect-organizations-key-themes-of-change-in-work-design-and-leadership-2\/"]}]},{"@type":"BreadcrumbList","@id":"https:\/\/fsc-ccf.ca\/fr\/references\/how-does-the-digital-transformation-affect-organizations-key-themes-of-change-in-work-design-and-leadership-2\/#breadcrumb","itemListElement":[{"@type":"ListItem","position":1,"name":"Home","item":"https:\/\/fsc-ccf.ca\/fr\/"},{"@type":"ListItem","position":2,"name":"References","item":"https:\/\/fsc-ccf.ca\/fr\/references\/"},{"@type":"ListItem","position":3,"name":"How does the digital transformation affect organizations? Key themes of change in work design and leadership"}]},{"@type":"WebSite","@id":"https:\/\/fsc-ccf.ca\/fr\/#website","url":"https:\/\/fsc-ccf.ca\/fr\/","name":"Future Skills Centre \u2022 Centre des Comp\u00e9tences futures","description":"","publisher":{"@id":"https:\/\/fsc-ccf.ca\/fr\/#organization"},"potentialAction":[{"@type":"SearchAction","target":{"@type":"EntryPoint","urlTemplate":"https:\/\/fsc-ccf.ca\/fr\/?s={search_term_string}"},"query-input":{"@type":"PropertyValueSpecification","valueRequired":true,"valueName":"search_term_string"}}],"inLanguage":"fr-FR"},{"@type":"Organization","@id":"https:\/\/fsc-ccf.ca\/fr\/#organization","name":"Future Skills Centre \u2022 Centre des Comp\u00e9tences futures","url":"https:\/\/fsc-ccf.ca\/fr\/","logo":{"@type":"ImageObject","inLanguage":"fr-FR","@id":"https:\/\/fsc-ccf.ca\/fr\/#\/schema\/logo\/image\/","url":"https:\/\/fsc-ccf.ca\/wp-content\/uploads\/2019\/08\/FSC_logo_colour_rgb_positive_ENG.png","contentUrl":"https:\/\/fsc-ccf.ca\/wp-content\/uploads\/2019\/08\/FSC_logo_colour_rgb_positive_ENG.png","width":618,"height":528,"caption":"Future Skills Centre \u2022 Centre des Comp\u00e9tences futures"},"image":{"@id":"https:\/\/fsc-ccf.ca\/fr\/#\/schema\/logo\/image\/"},"sameAs":["https:\/\/www.facebook.com\/2161871137193201\/","https:\/\/x.com\/fsc_ccf_en","https:\/\/www.instagram.com\/fsc_ccf\/","https:\/\/www.linkedin.com\/company\/fsc-ccf\/"]}]}},"_links":{"self":[{"href":"https:\/\/fsc-ccf.ca\/fr\/wp-json\/wp\/v2\/reference\/126485","targetHints":{"allow":["GET"]}}],"collection":[{"href":"https:\/\/fsc-ccf.ca\/fr\/wp-json\/wp\/v2\/reference"}],"about":[{"href":"https:\/\/fsc-ccf.ca\/fr\/wp-json\/wp\/v2\/types\/reference"}],"version-history":[{"count":0,"href":"https:\/\/fsc-ccf.ca\/fr\/wp-json\/wp\/v2\/reference\/126485\/revisions"}],"wp:attachment":[{"href":"https:\/\/fsc-ccf.ca\/fr\/wp-json\/wp\/v2\/media?parent=126485"}],"wp:term":[{"taxonomy":"reference-tag","embeddable":true,"href":"https:\/\/fsc-ccf.ca\/fr\/wp-json\/wp\/v2\/reference-tag?post=126485"},{"taxonomy":"reference-type","embeddable":true,"href":"https:\/\/fsc-ccf.ca\/fr\/wp-json\/wp\/v2\/reference-type?post=126485"}],"curies":[{"name":"wp","href":"https:\/\/api.w.org\/{rel}","templated":true}]}}

<p>En raison des avancées technologiques récentes, les organisations sont actuellement confrontés à des changements massifs de leur conception du travail et de leadership. Malheureusement, la nature exacte de ces changements ne sait pas encore que la plupart des études existantes ont été menées au cours des étapes antérieures de la transformation numérique et la littérature disponible est très fragmenté. Fournir une vue d&#8217;ensemble à jour sur les changements dans la conception et le leadership travail résultant de la transformation numérique et de structurer nos connaissances actuelles dans ce domaine, nous avons mené un sondage en ligne ouvert avec 49 experts en digitalisation reconnu et identifié les thèmes clés de changement. En résumé, quatre thèmes principaux du changement touchant à la fois la conception du travail et le leadership ont émergé, à savoir les changements dans le travail à la vie et de la santé, l&#8217;utilisation des technologies d&#8217;information et de communication, la gestion de la performance et des talents et des hiérarchies organisationnelles. De plus, deux changements au niveau macro dimensions en ce qui concerne la structure du travail et de leadership axée sur les relations ont évolué. Bien que certains des changements ont été identifiés en partie couverts dans les études antérieures, d&#8217;autres ont jusqu&#8217;à présent pas reçu beaucoup d&#8217;attention en dépit de leur pertinence apparemment élevé dans la phase actuelle de la transformation numérique. Les résultats de cette étude fournissent donc une base importante pour les organisations futures de recherche, et de préparer stratégiquement pour les besoins de l&#8217;ère numérique. Traduit à l'aide de Google Translate</p>

<p>En raison des avancées technologiques récentes, les organisations sont actuellement confrontés à des changements massifs de leur conception du travail et de leadership. Malheureusement, la nature exacte de ces changements ne sait pas encore que la plupart des études existantes ont été menées au cours des étapes antérieures de la transformation numérique et la littérature disponible est très fragmenté. Fournir une vue d&#8217;ensemble à jour sur les changements dans la conception et le leadership travail résultant de la transformation numérique et de structurer nos connaissances actuelles dans ce domaine, nous avons mené un sondage en ligne ouvert avec 49 experts en digitalisation reconnu et identifié les thèmes clés de changement. En résumé, quatre thèmes principaux du changement touchant à la fois la conception du travail et le leadership ont émergé, à savoir les changements dans le travail à la vie et de la santé, l&#8217;utilisation des technologies d&#8217;information et de communication, la gestion de la performance et des talents et des hiérarchies organisationnelles. De plus, deux changements au niveau macro dimensions en ce qui concerne la structure du travail et de leadership axée sur les relations ont évolué. Bien que certains des changements ont été identifiés en partie couverts dans les études antérieures, d&#8217;autres ont jusqu&#8217;à présent pas reçu beaucoup d&#8217;attention en dépit de leur pertinence apparemment élevé dans la phase actuelle de la transformation numérique. Les résultats de cette étude fournissent donc une base importante pour les organisations futures de recherche, et de préparer stratégiquement pour les besoins de l&#8217;ère numérique. [googletranslate_fr]</p>

Schwarzmüller, T., Brosi, P., Duman, D., and Welpe, I. (2018). How does the digital transformation affect organizations? Key themes of change in work design and leadership . Management Revue, 29(2), 114-138. Retrieved from https://www.nomos-elibrary.de/10.5771/0935-9915-2018-2-114/how-does-the-digital-transformation-affect-organizations-key-themes-of-change-in-work-design-and-leadership-jahrgang-29-2018-heft-2.

Schwarzmüller, T., Brosi, P., Duman, D., and Welpe, I.

<!-- This site is optimized with the Yoast SEO plugin v27.5 - https://yoast.com/product/yoast-seo-wordpress/ -->
<title>How does the digital transformation affect organizations? Key themes of change in work design and leadership - Future Skills Centre • Centre des Compétences futures</title>
<meta name="robots" content="index, follow, max-snippet:-1, max-image-preview:large, max-video-preview:-1" />
<link rel="canonical" href="https://fsc-ccf.ca/fr/references/how-does-the-digital-transformation-affect-organizations-key-themes-of-change-in-work-design-and-leadership-2/" />
<meta name="twitter:label1" content="Est. reading time" />
	<meta name="twitter:data1" content="1 minute" />
<script type="application/ld+json" class="yoast-schema-graph">{"@context":"https:\/\/schema.org","@graph":[{"@type":"WebPage","@id":"https:\/\/fsc-ccf.ca\/fr\/references\/how-does-the-digital-transformation-affect-organizations-key-themes-of-change-in-work-design-and-leadership-2\/","url":"https:\/\/fsc-ccf.ca\/fr\/references\/how-does-the-digital-transformation-affect-organizations-key-themes-of-change-in-work-design-and-leadership-2\/","name":"How does the digital transformation affect organizations? Key themes of change in work design and leadership - Future Skills Centre • Centre des Compétences futures","isPartOf":{"@id":"https:\/\/fsc-ccf.ca\/fr\/#website"},"datePublished":"2020-08-11T21:59:01+00:00","breadcrumb":{"@id":"https:\/\/fsc-ccf.ca\/fr\/references\/how-does-the-digital-transformation-affect-organizations-key-themes-of-change-in-work-design-and-leadership-2\/#breadcrumb"},"inLanguage":"fr-FR","potentialAction":[{"@type":"ReadAction","target":["https:\/\/fsc-ccf.ca\/fr\/references\/how-does-the-digital-transformation-affect-organizations-key-themes-of-change-in-work-design-and-leadership-2\/"]}]},{"@type":"BreadcrumbList","@id":"https:\/\/fsc-ccf.ca\/fr\/references\/how-does-the-digital-transformation-affect-organizations-key-themes-of-change-in-work-design-and-leadership-2\/#breadcrumb","itemListElement":[{"@type":"ListItem","position":1,"name":"Home","item":"https:\/\/fsc-ccf.ca\/fr\/"},{"@type":"ListItem","position":2,"name":"References","item":"https:\/\/fsc-ccf.ca\/fr\/references\/"},{"@type":"ListItem","position":3,"name":"How does the digital transformation affect organizations? Key themes of change in work design and leadership"}]},{"@type":"WebSite","@id":"https:\/\/fsc-ccf.ca\/fr\/#website","url":"https:\/\/fsc-ccf.ca\/fr\/","name":"Future Skills Centre • Centre des Compétences futures","description":"","publisher":{"@id":"https:\/\/fsc-ccf.ca\/fr\/#organization"},"potentialAction":[{"@type":"SearchAction","target":{"@type":"EntryPoint","urlTemplate":"https:\/\/fsc-ccf.ca\/fr\/?s={search_term_string}"},"query-input":{"@type":"PropertyValueSpecification","valueRequired":true,"valueName":"search_term_string"}}],"inLanguage":"fr-FR"},{"@type":"Organization","@id":"https:\/\/fsc-ccf.ca\/fr\/#organization","name":"Future Skills Centre • Centre des Compétences futures","url":"https:\/\/fsc-ccf.ca\/fr\/","logo":{"@type":"ImageObject","inLanguage":"fr-FR","@id":"https:\/\/fsc-ccf.ca\/fr\/#\/schema\/logo\/image\/","url":"https:\/\/fsc-ccf.ca\/wp-content\/uploads\/2019\/08\/FSC_logo_colour_rgb_positive_ENG.png","contentUrl":"https:\/\/fsc-ccf.ca\/wp-content\/uploads\/2019\/08\/FSC_logo_colour_rgb_positive_ENG.png","width":618,"height":528,"caption":"Future Skills Centre • Centre des Compétences futures"},"image":{"@id":"https:\/\/fsc-ccf.ca\/fr\/#\/schema\/logo\/image\/"},"sameAs":["https:\/\/www.facebook.com\/2161871137193201\/","https:\/\/x.com\/fsc_ccf_en","https:\/\/www.instagram.com\/fsc_ccf\/","https:\/\/www.linkedin.com\/company\/fsc-ccf\/"]}]}</script>
<!-- / Yoast SEO plugin. -->

How does the digital transformation affect organizations? Key themes of change in work design and leadership - Future Skills Centre • Centre des Compétences futures

Future Skills Centre • Centre des Compétences futures
