			{"id":126102,"date":"2020-08-11T17:56:05","date_gmt":"2020-08-11T21:56:05","guid":{"rendered":"https:\/\/fsc-ccf.ca\/references\/the-recent-decline-in-employment-dynamics-2\/"},"modified":"2020-08-11T17:56:05","modified_gmt":"2020-08-11T21:56:05","slug":"the-recent-decline-in-employment-dynamics-2","status":"publish","type":"reference","link":"https:\/\/fsc-ccf.ca\/fr\/references\/the-recent-decline-in-employment-dynamics-2\/","title":{"rendered":"The recent decline in employment dynamics"},"content":{"rendered":"<p>Nous tentons document et d&#8217;expliquer la r\u00e9cente baisse de la dynamique de l&#8217;emploi aux \u00c9tats-Unis dans Nous avons quatre principaux r\u00e9sultats empiriques. Tout d&#8217;abord, chaque mesure pr\u00e9sente un motif de \u00ab marches d&#8217;escalier \u00bb, avec le d\u00e9clin concentr\u00e9 en p\u00e9riode de r\u00e9cession et une l\u00e9g\u00e8re augmentation en p\u00e9riode d&#8217;expansion ult\u00e9rieures. En second lieu, les changements dans la composition des travailleurs et les entreprises peuvent expliquer seulement une petite quantit\u00e9 de la baisse. Troisi\u00e8mement, toute explication de la baisse de la cr\u00e9ation d&#8217;emplois et la destruction de l&#8217;emploi repr\u00e9sentera plus d&#8217;un tiers de la baisse des embauches et des s\u00e9parations. En quatri\u00e8me lieu, la baisse des embauches et des s\u00e9parations est entra\u00een\u00e9e par la disparition des emplois de courte dur\u00e9e. Traduit a\u0300 l'aide de Google Translate<\/p>\n","protected":false},"excerpt":{"rendered":"<p>Nous tentons document et d&#8217;expliquer la r\u00e9cente baisse de la dynamique de l&#8217;emploi aux \u00c9tats-Unis dans Nous avons quatre principaux r\u00e9sultats empiriques. Tout d&#8217;abord, chaque mesure pr\u00e9sente un motif de \u00ab marches d&#8217;escalier \u00bb, avec le d\u00e9clin concentr\u00e9 en p\u00e9riode de r\u00e9cession et une l\u00e9g\u00e8re augmentation en p\u00e9riode d&#8217;expansion ult\u00e9rieures. En second lieu, les changements dans la composition des travailleurs et les entreprises peuvent expliquer seulement une petite quantit\u00e9 de la baisse. Troisi\u00e8mement, toute explication de la baisse de la cr\u00e9ation d&#8217;emplois et la destruction de l&#8217;emploi repr\u00e9sentera plus d&#8217;un tiers de la baisse des embauches et des s\u00e9parations. En quatri\u00e8me lieu, la baisse des embauches et des s\u00e9parations est entra\u00een\u00e9e par la disparition des emplois de courte dur\u00e9e. [googletranslate_fr]<\/p>\n","protected":false},"template":"","reference-tag":[],"reference-type":[435],"class_list":["post-126102","reference","type-reference","status-publish","hentry","reference-type-journal-article"],"acf":{"citation":"Hyatt, H. and Spletzer, J. (2013). The recent decline in employment dynamics. IZA Journal of Labor Economics, 2(5), 1-21. Retrieved from https:\/\/izajole.springeropen.com\/track\/pdf\/10.1186\/2193-8997-2-5.","authors":"Hyatt, H. and Spletzer, J.","org":"","year":"2013","title_fr":null,"editors_hidden":"","publication":"IZA Journal of Labor Economics","publication_fr":null,"volume":"2","issue":"5","Series":"","SeriesNumber":"","page_range":"1-21","publisher_city":"","publisher_state":"","publisher":"","abstract_en":null,"abstract_fr":null,"keywords":"","paywall":"0","doi":"10.1186\/2193-8997-2-5","isbn":"","url":"https:\/\/izajole.springeropen.com\/track\/pdf\/10.1186\/2193-8997-2-5","url_fr":null,"url_amazon":"","TRACK":"0"},"yoast_head":"<!-- This site is optimized with the Yoast SEO plugin v27.4 - https:\/\/yoast.com\/product\/yoast-seo-wordpress\/ -->\n<title>The recent decline in employment dynamics - Future Skills Centre \u2022 Centre des Comp\u00e9tences futures<\/title>\n<meta name=\"robots\" content=\"index, follow, max-snippet:-1, max-image-preview:large, max-video-preview:-1\" \/>\n<link rel=\"canonical\" href=\"https:\/\/fsc-ccf.ca\/fr\/references\/the-recent-decline-in-employment-dynamics-2\/\" \/>\n<meta name=\"twitter:label1\" content=\"Est. reading time\" \/>\n\t<meta name=\"twitter:data1\" content=\"1 minute\" \/>\n<script type=\"application\/ld+json\" class=\"yoast-schema-graph\">{\"@context\":\"https:\\\/\\\/schema.org\",\"@graph\":[{\"@type\":\"WebPage\",\"@id\":\"https:\\\/\\\/fsc-ccf.ca\\\/fr\\\/references\\\/the-recent-decline-in-employment-dynamics-2\\\/\",\"url\":\"https:\\\/\\\/fsc-ccf.ca\\\/fr\\\/references\\\/the-recent-decline-in-employment-dynamics-2\\\/\",\"name\":\"The recent decline in employment dynamics - Future Skills Centre \u2022 Centre des Comp\u00e9tences futures\",\"isPartOf\":{\"@id\":\"https:\\\/\\\/fsc-ccf.ca\\\/fr\\\/#website\"},\"datePublished\":\"2020-08-11T21:56:05+00:00\",\"breadcrumb\":{\"@id\":\"https:\\\/\\\/fsc-ccf.ca\\\/fr\\\/references\\\/the-recent-decline-in-employment-dynamics-2\\\/#breadcrumb\"},\"inLanguage\":\"fr-FR\",\"potentialAction\":[{\"@type\":\"ReadAction\",\"target\":[\"https:\\\/\\\/fsc-ccf.ca\\\/fr\\\/references\\\/the-recent-decline-in-employment-dynamics-2\\\/\"]}]},{\"@type\":\"BreadcrumbList\",\"@id\":\"https:\\\/\\\/fsc-ccf.ca\\\/fr\\\/references\\\/the-recent-decline-in-employment-dynamics-2\\\/#breadcrumb\",\"itemListElement\":[{\"@type\":\"ListItem\",\"position\":1,\"name\":\"Home\",\"item\":\"https:\\\/\\\/fsc-ccf.ca\\\/fr\\\/\"},{\"@type\":\"ListItem\",\"position\":2,\"name\":\"References\",\"item\":\"https:\\\/\\\/fsc-ccf.ca\\\/fr\\\/references\\\/\"},{\"@type\":\"ListItem\",\"position\":3,\"name\":\"The recent decline in employment dynamics\"}]},{\"@type\":\"WebSite\",\"@id\":\"https:\\\/\\\/fsc-ccf.ca\\\/fr\\\/#website\",\"url\":\"https:\\\/\\\/fsc-ccf.ca\\\/fr\\\/\",\"name\":\"Future Skills Centre \u2022 Centre des Comp\u00e9tences futures\",\"description\":\"\",\"publisher\":{\"@id\":\"https:\\\/\\\/fsc-ccf.ca\\\/fr\\\/#organization\"},\"potentialAction\":[{\"@type\":\"SearchAction\",\"target\":{\"@type\":\"EntryPoint\",\"urlTemplate\":\"https:\\\/\\\/fsc-ccf.ca\\\/fr\\\/?s={search_term_string}\"},\"query-input\":{\"@type\":\"PropertyValueSpecification\",\"valueRequired\":true,\"valueName\":\"search_term_string\"}}],\"inLanguage\":\"fr-FR\"},{\"@type\":\"Organization\",\"@id\":\"https:\\\/\\\/fsc-ccf.ca\\\/fr\\\/#organization\",\"name\":\"Future Skills Centre \u2022 Centre des Comp\u00e9tences futures\",\"url\":\"https:\\\/\\\/fsc-ccf.ca\\\/fr\\\/\",\"logo\":{\"@type\":\"ImageObject\",\"inLanguage\":\"fr-FR\",\"@id\":\"https:\\\/\\\/fsc-ccf.ca\\\/fr\\\/#\\\/schema\\\/logo\\\/image\\\/\",\"url\":\"https:\\\/\\\/fsc-ccf.ca\\\/wp-content\\\/uploads\\\/2019\\\/08\\\/FSC_logo_colour_rgb_positive_ENG.png\",\"contentUrl\":\"https:\\\/\\\/fsc-ccf.ca\\\/wp-content\\\/uploads\\\/2019\\\/08\\\/FSC_logo_colour_rgb_positive_ENG.png\",\"width\":618,\"height\":528,\"caption\":\"Future Skills Centre \u2022 Centre des Comp\u00e9tences futures\"},\"image\":{\"@id\":\"https:\\\/\\\/fsc-ccf.ca\\\/fr\\\/#\\\/schema\\\/logo\\\/image\\\/\"},\"sameAs\":[\"https:\\\/\\\/www.facebook.com\\\/2161871137193201\\\/\",\"https:\\\/\\\/x.com\\\/fsc_ccf_en\",\"https:\\\/\\\/www.instagram.com\\\/fsc_ccf\\\/\",\"https:\\\/\\\/www.linkedin.com\\\/company\\\/fsc-ccf\\\/\"]}]}<\/script>\n<!-- \/ Yoast SEO plugin. -->","yoast_head_json":{"title":"The recent decline in employment dynamics - Future Skills Centre \u2022 Centre des Comp\u00e9tences futures","robots":{"index":"index","follow":"follow","max-snippet":"max-snippet:-1","max-image-preview":"max-image-preview:large","max-video-preview":"max-video-preview:-1"},"canonical":"https:\/\/fsc-ccf.ca\/fr\/references\/the-recent-decline-in-employment-dynamics-2\/","twitter_misc":{"Est. reading time":"1 minute"},"schema":{"@context":"https:\/\/schema.org","@graph":[{"@type":"WebPage","@id":"https:\/\/fsc-ccf.ca\/fr\/references\/the-recent-decline-in-employment-dynamics-2\/","url":"https:\/\/fsc-ccf.ca\/fr\/references\/the-recent-decline-in-employment-dynamics-2\/","name":"The recent decline in employment dynamics - Future Skills Centre \u2022 Centre des Comp\u00e9tences futures","isPartOf":{"@id":"https:\/\/fsc-ccf.ca\/fr\/#website"},"datePublished":"2020-08-11T21:56:05+00:00","breadcrumb":{"@id":"https:\/\/fsc-ccf.ca\/fr\/references\/the-recent-decline-in-employment-dynamics-2\/#breadcrumb"},"inLanguage":"fr-FR","potentialAction":[{"@type":"ReadAction","target":["https:\/\/fsc-ccf.ca\/fr\/references\/the-recent-decline-in-employment-dynamics-2\/"]}]},{"@type":"BreadcrumbList","@id":"https:\/\/fsc-ccf.ca\/fr\/references\/the-recent-decline-in-employment-dynamics-2\/#breadcrumb","itemListElement":[{"@type":"ListItem","position":1,"name":"Home","item":"https:\/\/fsc-ccf.ca\/fr\/"},{"@type":"ListItem","position":2,"name":"References","item":"https:\/\/fsc-ccf.ca\/fr\/references\/"},{"@type":"ListItem","position":3,"name":"The recent decline in employment dynamics"}]},{"@type":"WebSite","@id":"https:\/\/fsc-ccf.ca\/fr\/#website","url":"https:\/\/fsc-ccf.ca\/fr\/","name":"Future Skills Centre \u2022 Centre des Comp\u00e9tences futures","description":"","publisher":{"@id":"https:\/\/fsc-ccf.ca\/fr\/#organization"},"potentialAction":[{"@type":"SearchAction","target":{"@type":"EntryPoint","urlTemplate":"https:\/\/fsc-ccf.ca\/fr\/?s={search_term_string}"},"query-input":{"@type":"PropertyValueSpecification","valueRequired":true,"valueName":"search_term_string"}}],"inLanguage":"fr-FR"},{"@type":"Organization","@id":"https:\/\/fsc-ccf.ca\/fr\/#organization","name":"Future Skills Centre \u2022 Centre des Comp\u00e9tences futures","url":"https:\/\/fsc-ccf.ca\/fr\/","logo":{"@type":"ImageObject","inLanguage":"fr-FR","@id":"https:\/\/fsc-ccf.ca\/fr\/#\/schema\/logo\/image\/","url":"https:\/\/fsc-ccf.ca\/wp-content\/uploads\/2019\/08\/FSC_logo_colour_rgb_positive_ENG.png","contentUrl":"https:\/\/fsc-ccf.ca\/wp-content\/uploads\/2019\/08\/FSC_logo_colour_rgb_positive_ENG.png","width":618,"height":528,"caption":"Future Skills Centre \u2022 Centre des Comp\u00e9tences futures"},"image":{"@id":"https:\/\/fsc-ccf.ca\/fr\/#\/schema\/logo\/image\/"},"sameAs":["https:\/\/www.facebook.com\/2161871137193201\/","https:\/\/x.com\/fsc_ccf_en","https:\/\/www.instagram.com\/fsc_ccf\/","https:\/\/www.linkedin.com\/company\/fsc-ccf\/"]}]}},"_links":{"self":[{"href":"https:\/\/fsc-ccf.ca\/fr\/wp-json\/wp\/v2\/reference\/126102","targetHints":{"allow":["GET"]}}],"collection":[{"href":"https:\/\/fsc-ccf.ca\/fr\/wp-json\/wp\/v2\/reference"}],"about":[{"href":"https:\/\/fsc-ccf.ca\/fr\/wp-json\/wp\/v2\/types\/reference"}],"version-history":[{"count":0,"href":"https:\/\/fsc-ccf.ca\/fr\/wp-json\/wp\/v2\/reference\/126102\/revisions"}],"wp:attachment":[{"href":"https:\/\/fsc-ccf.ca\/fr\/wp-json\/wp\/v2\/media?parent=126102"}],"wp:term":[{"taxonomy":"reference-tag","embeddable":true,"href":"https:\/\/fsc-ccf.ca\/fr\/wp-json\/wp\/v2\/reference-tag?post=126102"},{"taxonomy":"reference-type","embeddable":true,"href":"https:\/\/fsc-ccf.ca\/fr\/wp-json\/wp\/v2\/reference-type?post=126102"}],"curies":[{"name":"wp","href":"https:\/\/api.w.org\/{rel}","templated":true}]}}

<p>Nous tentons document et d&#8217;expliquer la récente baisse de la dynamique de l&#8217;emploi aux États-Unis dans Nous avons quatre principaux résultats empiriques. Tout d&#8217;abord, chaque mesure présente un motif de « marches d&#8217;escalier », avec le déclin concentré en période de récession et une légère augmentation en période d&#8217;expansion ultérieures. En second lieu, les changements dans la composition des travailleurs et les entreprises peuvent expliquer seulement une petite quantité de la baisse. Troisièmement, toute explication de la baisse de la création d&#8217;emplois et la destruction de l&#8217;emploi représentera plus d&#8217;un tiers de la baisse des embauches et des séparations. En quatrième lieu, la baisse des embauches et des séparations est entraînée par la disparition des emplois de courte durée. Traduit à l'aide de Google Translate</p>

<p>Nous tentons document et d&#8217;expliquer la récente baisse de la dynamique de l&#8217;emploi aux États-Unis dans Nous avons quatre principaux résultats empiriques. Tout d&#8217;abord, chaque mesure présente un motif de « marches d&#8217;escalier », avec le déclin concentré en période de récession et une légère augmentation en période d&#8217;expansion ultérieures. En second lieu, les changements dans la composition des travailleurs et les entreprises peuvent expliquer seulement une petite quantité de la baisse. Troisièmement, toute explication de la baisse de la création d&#8217;emplois et la destruction de l&#8217;emploi représentera plus d&#8217;un tiers de la baisse des embauches et des séparations. En quatrième lieu, la baisse des embauches et des séparations est entraînée par la disparition des emplois de courte durée. [googletranslate_fr]</p>

<!-- This site is optimized with the Yoast SEO plugin v27.4 - https://yoast.com/product/yoast-seo-wordpress/ -->
<title>The recent decline in employment dynamics - Future Skills Centre • Centre des Compétences futures</title>
<meta name="robots" content="index, follow, max-snippet:-1, max-image-preview:large, max-video-preview:-1" />
<link rel="canonical" href="https://fsc-ccf.ca/fr/references/the-recent-decline-in-employment-dynamics-2/" />
<meta name="twitter:label1" content="Est. reading time" />
	<meta name="twitter:data1" content="1 minute" />
<script type="application/ld+json" class="yoast-schema-graph">{"@context":"https:\/\/schema.org","@graph":[{"@type":"WebPage","@id":"https:\/\/fsc-ccf.ca\/fr\/references\/the-recent-decline-in-employment-dynamics-2\/","url":"https:\/\/fsc-ccf.ca\/fr\/references\/the-recent-decline-in-employment-dynamics-2\/","name":"The recent decline in employment dynamics - Future Skills Centre • Centre des Compétences futures","isPartOf":{"@id":"https:\/\/fsc-ccf.ca\/fr\/#website"},"datePublished":"2020-08-11T21:56:05+00:00","breadcrumb":{"@id":"https:\/\/fsc-ccf.ca\/fr\/references\/the-recent-decline-in-employment-dynamics-2\/#breadcrumb"},"inLanguage":"fr-FR","potentialAction":[{"@type":"ReadAction","target":["https:\/\/fsc-ccf.ca\/fr\/references\/the-recent-decline-in-employment-dynamics-2\/"]}]},{"@type":"BreadcrumbList","@id":"https:\/\/fsc-ccf.ca\/fr\/references\/the-recent-decline-in-employment-dynamics-2\/#breadcrumb","itemListElement":[{"@type":"ListItem","position":1,"name":"Home","item":"https:\/\/fsc-ccf.ca\/fr\/"},{"@type":"ListItem","position":2,"name":"References","item":"https:\/\/fsc-ccf.ca\/fr\/references\/"},{"@type":"ListItem","position":3,"name":"The recent decline in employment dynamics"}]},{"@type":"WebSite","@id":"https:\/\/fsc-ccf.ca\/fr\/#website","url":"https:\/\/fsc-ccf.ca\/fr\/","name":"Future Skills Centre • Centre des Compétences futures","description":"","publisher":{"@id":"https:\/\/fsc-ccf.ca\/fr\/#organization"},"potentialAction":[{"@type":"SearchAction","target":{"@type":"EntryPoint","urlTemplate":"https:\/\/fsc-ccf.ca\/fr\/?s={search_term_string}"},"query-input":{"@type":"PropertyValueSpecification","valueRequired":true,"valueName":"search_term_string"}}],"inLanguage":"fr-FR"},{"@type":"Organization","@id":"https:\/\/fsc-ccf.ca\/fr\/#organization","name":"Future Skills Centre • Centre des Compétences futures","url":"https:\/\/fsc-ccf.ca\/fr\/","logo":{"@type":"ImageObject","inLanguage":"fr-FR","@id":"https:\/\/fsc-ccf.ca\/fr\/#\/schema\/logo\/image\/","url":"https:\/\/fsc-ccf.ca\/wp-content\/uploads\/2019\/08\/FSC_logo_colour_rgb_positive_ENG.png","contentUrl":"https:\/\/fsc-ccf.ca\/wp-content\/uploads\/2019\/08\/FSC_logo_colour_rgb_positive_ENG.png","width":618,"height":528,"caption":"Future Skills Centre • Centre des Compétences futures"},"image":{"@id":"https:\/\/fsc-ccf.ca\/fr\/#\/schema\/logo\/image\/"},"sameAs":["https:\/\/www.facebook.com\/2161871137193201\/","https:\/\/x.com\/fsc_ccf_en","https:\/\/www.instagram.com\/fsc_ccf\/","https:\/\/www.linkedin.com\/company\/fsc-ccf\/"]}]}</script>
<!-- / Yoast SEO plugin. -->

The recent decline in employment dynamics - Future Skills Centre • Centre des Compétences futures

Future Skills Centre • Centre des Compétences futures
