			{"id":125664,"date":"2020-08-11T17:52:50","date_gmt":"2020-08-11T21:52:50","guid":{"rendered":"https:\/\/fsc-ccf.ca\/references\/la-grh-socialement-responsable-un-defi-pour-les-entreprises-engagees-dans-une-demarche-rse-2\/"},"modified":"2020-08-11T17:52:50","modified_gmt":"2020-08-11T21:52:50","slug":"la-grh-socialement-responsable-un-defi-pour-les-entreprises-engagees-dans-une-demarche-rse-2","status":"publish","type":"reference","link":"https:\/\/fsc-ccf.ca\/fr\/references\/la-grh-socialement-responsable-un-defi-pour-les-entreprises-engagees-dans-une-demarche-rse-2\/","title":{"rendered":"La \u00ab GRH socialement responsable \u00bb : un d\u00e9fi pour les entreprises engag\u00e9es dans une d\u00e9marche RSE"},"content":{"rendered":"<p>Comme champ de connaissance, la RSE a b\u00e9n\u00e9fici\u00e9 depuis les derni\u00e8res d\u00e9cennies d\u2019une attention continue, se traduisant par un grand nombre d\u2019initiatives acad\u00e9miques. Mais malgr\u00e9 l\u2019int\u00e9r\u00eat persistant qu\u2019on lui accorde, le seul consensus qui semble exister concernant la RSE reste son caract\u00e8re flou. La gestion responsable des ressources humaines ou la responsabilit\u00e9 sociale envers les employ\u00e9s, consid\u00e9r\u00e9e comme une dimension incontournable de la RSE, s\u2019inscrit \u00e9galement dans cette m\u00eame probl\u00e9matique. L\u2019objectif de cet article sera de montrer comment, cette trajectoire emprunt\u00e9e par plusieurs entreprises, permet de repenser la gestion des ressources humaines dans le cadre d\u2019une \u00ab GRH socialement responsable \u00bb, que nous tenterons de d\u00e9finir.<\/p>\n","protected":false},"excerpt":{"rendered":"<p>Comme champ de connaissance, la RSE a b\u00e9n\u00e9fici\u00e9 depuis les derni\u00e8res d\u00e9cennies d\u2019une attention continue, se traduisant par un grand nombre d\u2019initiatives acad\u00e9miques. Mais malgr\u00e9 l\u2019int\u00e9r\u00eat persistant qu\u2019on lui accorde, le seul consensus qui semble exister concernant la RSE reste son caract\u00e8re flou. La gestion responsable des ressources humaines ou la responsabilit\u00e9 sociale envers les employ\u00e9s, consid\u00e9r\u00e9e comme une dimension incontournable de la RSE, s\u2019inscrit \u00e9galement dans cette m\u00eame probl\u00e9matique. L\u2019objectif de cet article sera de montrer comment, cette trajectoire emprunt\u00e9e par plusieurs entreprises, permet de repenser la gestion des ressources humaines dans le cadre d\u2019une \u00ab GRH socialement responsable \u00bb, que nous tenterons de d\u00e9finir.<\/p>\n","protected":false},"template":"","reference-tag":[],"reference-type":[435],"class_list":["post-125664","reference","type-reference","status-publish","hentry","reference-type-journal-article"],"acf":{"citation":"Barthe, N. and Belabbes, K. (2016). La \u00ab GRH socialement responsable \u00bb : un d\u00e9fi pour les entreprises engag\u00e9es dans une d\u00e9marche RSE. Revue Management & Avenir, 83(1), 95-113. Retrieved from https:\/\/www.cairn.info\/revue-management-et-avenir-2016-1-page-95.htm.","authors":"Barthe, N. and Belabbes, K.","org":"","year":"2016","title_fr":null,"editors_hidden":"","publication":"Revue Management & Avenir","publication_fr":null,"volume":"83","issue":"1","Series":"","SeriesNumber":"","page_range":"95-113","publisher_city":"","publisher_state":"","publisher":"","abstract_en":null,"abstract_fr":null,"keywords":"","paywall":"0","doi":"","isbn":"","url":"https:\/\/www.cairn.info\/revue-management-et-avenir-2016-1-page-95.htm","url_fr":null,"url_amazon":"","TRACK":"0"},"yoast_head":"<!-- This site is optimized with the Yoast SEO plugin v27.5 - https:\/\/yoast.com\/product\/yoast-seo-wordpress\/ -->\n<title>La \u00ab GRH socialement responsable \u00bb : un d\u00e9fi pour les entreprises engag\u00e9es dans une d\u00e9marche RSE - Future Skills Centre \u2022 Centre des Comp\u00e9tences futures<\/title>\n<meta name=\"robots\" content=\"index, follow, max-snippet:-1, max-image-preview:large, max-video-preview:-1\" \/>\n<link rel=\"canonical\" href=\"https:\/\/fsc-ccf.ca\/fr\/references\/la-grh-socialement-responsable-un-defi-pour-les-entreprises-engagees-dans-une-demarche-rse-2\/\" \/>\n<meta name=\"twitter:label1\" content=\"Est. reading time\" \/>\n\t<meta name=\"twitter:data1\" content=\"1 minute\" \/>\n<script type=\"application\/ld+json\" class=\"yoast-schema-graph\">{\"@context\":\"https:\\\/\\\/schema.org\",\"@graph\":[{\"@type\":\"WebPage\",\"@id\":\"https:\\\/\\\/fsc-ccf.ca\\\/fr\\\/references\\\/la-grh-socialement-responsable-un-defi-pour-les-entreprises-engagees-dans-une-demarche-rse-2\\\/\",\"url\":\"https:\\\/\\\/fsc-ccf.ca\\\/fr\\\/references\\\/la-grh-socialement-responsable-un-defi-pour-les-entreprises-engagees-dans-une-demarche-rse-2\\\/\",\"name\":\"La \u00ab GRH socialement responsable \u00bb : un d\u00e9fi pour les entreprises engag\u00e9es dans une d\u00e9marche RSE - Future Skills Centre \u2022 Centre des Comp\u00e9tences futures\",\"isPartOf\":{\"@id\":\"https:\\\/\\\/fsc-ccf.ca\\\/fr\\\/#website\"},\"datePublished\":\"2020-08-11T21:52:50+00:00\",\"breadcrumb\":{\"@id\":\"https:\\\/\\\/fsc-ccf.ca\\\/fr\\\/references\\\/la-grh-socialement-responsable-un-defi-pour-les-entreprises-engagees-dans-une-demarche-rse-2\\\/#breadcrumb\"},\"inLanguage\":\"fr-FR\",\"potentialAction\":[{\"@type\":\"ReadAction\",\"target\":[\"https:\\\/\\\/fsc-ccf.ca\\\/fr\\\/references\\\/la-grh-socialement-responsable-un-defi-pour-les-entreprises-engagees-dans-une-demarche-rse-2\\\/\"]}]},{\"@type\":\"BreadcrumbList\",\"@id\":\"https:\\\/\\\/fsc-ccf.ca\\\/fr\\\/references\\\/la-grh-socialement-responsable-un-defi-pour-les-entreprises-engagees-dans-une-demarche-rse-2\\\/#breadcrumb\",\"itemListElement\":[{\"@type\":\"ListItem\",\"position\":1,\"name\":\"Home\",\"item\":\"https:\\\/\\\/fsc-ccf.ca\\\/fr\\\/\"},{\"@type\":\"ListItem\",\"position\":2,\"name\":\"References\",\"item\":\"https:\\\/\\\/fsc-ccf.ca\\\/fr\\\/references\\\/\"},{\"@type\":\"ListItem\",\"position\":3,\"name\":\"La \u00ab GRH socialement responsable \u00bb : un d\u00e9fi pour les entreprises engag\u00e9es dans une d\u00e9marche RSE\"}]},{\"@type\":\"WebSite\",\"@id\":\"https:\\\/\\\/fsc-ccf.ca\\\/fr\\\/#website\",\"url\":\"https:\\\/\\\/fsc-ccf.ca\\\/fr\\\/\",\"name\":\"Future Skills Centre \u2022 Centre des Comp\u00e9tences futures\",\"description\":\"\",\"publisher\":{\"@id\":\"https:\\\/\\\/fsc-ccf.ca\\\/fr\\\/#organization\"},\"potentialAction\":[{\"@type\":\"SearchAction\",\"target\":{\"@type\":\"EntryPoint\",\"urlTemplate\":\"https:\\\/\\\/fsc-ccf.ca\\\/fr\\\/?s={search_term_string}\"},\"query-input\":{\"@type\":\"PropertyValueSpecification\",\"valueRequired\":true,\"valueName\":\"search_term_string\"}}],\"inLanguage\":\"fr-FR\"},{\"@type\":\"Organization\",\"@id\":\"https:\\\/\\\/fsc-ccf.ca\\\/fr\\\/#organization\",\"name\":\"Future Skills Centre \u2022 Centre des Comp\u00e9tences futures\",\"url\":\"https:\\\/\\\/fsc-ccf.ca\\\/fr\\\/\",\"logo\":{\"@type\":\"ImageObject\",\"inLanguage\":\"fr-FR\",\"@id\":\"https:\\\/\\\/fsc-ccf.ca\\\/fr\\\/#\\\/schema\\\/logo\\\/image\\\/\",\"url\":\"https:\\\/\\\/fsc-ccf.ca\\\/wp-content\\\/uploads\\\/2019\\\/08\\\/FSC_logo_colour_rgb_positive_ENG.png\",\"contentUrl\":\"https:\\\/\\\/fsc-ccf.ca\\\/wp-content\\\/uploads\\\/2019\\\/08\\\/FSC_logo_colour_rgb_positive_ENG.png\",\"width\":618,\"height\":528,\"caption\":\"Future Skills Centre \u2022 Centre des Comp\u00e9tences futures\"},\"image\":{\"@id\":\"https:\\\/\\\/fsc-ccf.ca\\\/fr\\\/#\\\/schema\\\/logo\\\/image\\\/\"},\"sameAs\":[\"https:\\\/\\\/www.facebook.com\\\/2161871137193201\\\/\",\"https:\\\/\\\/x.com\\\/fsc_ccf_en\",\"https:\\\/\\\/www.instagram.com\\\/fsc_ccf\\\/\",\"https:\\\/\\\/www.linkedin.com\\\/company\\\/fsc-ccf\\\/\"]}]}<\/script>\n<!-- \/ Yoast SEO plugin. -->","yoast_head_json":{"title":"La \u00ab GRH socialement responsable \u00bb : un d\u00e9fi pour les entreprises engag\u00e9es dans une d\u00e9marche RSE - Future Skills Centre \u2022 Centre des Comp\u00e9tences futures","robots":{"index":"index","follow":"follow","max-snippet":"max-snippet:-1","max-image-preview":"max-image-preview:large","max-video-preview":"max-video-preview:-1"},"canonical":"https:\/\/fsc-ccf.ca\/fr\/references\/la-grh-socialement-responsable-un-defi-pour-les-entreprises-engagees-dans-une-demarche-rse-2\/","twitter_misc":{"Est. reading time":"1 minute"},"schema":{"@context":"https:\/\/schema.org","@graph":[{"@type":"WebPage","@id":"https:\/\/fsc-ccf.ca\/fr\/references\/la-grh-socialement-responsable-un-defi-pour-les-entreprises-engagees-dans-une-demarche-rse-2\/","url":"https:\/\/fsc-ccf.ca\/fr\/references\/la-grh-socialement-responsable-un-defi-pour-les-entreprises-engagees-dans-une-demarche-rse-2\/","name":"La \u00ab GRH socialement responsable \u00bb : un d\u00e9fi pour les entreprises engag\u00e9es dans une d\u00e9marche RSE - Future Skills Centre \u2022 Centre des Comp\u00e9tences futures","isPartOf":{"@id":"https:\/\/fsc-ccf.ca\/fr\/#website"},"datePublished":"2020-08-11T21:52:50+00:00","breadcrumb":{"@id":"https:\/\/fsc-ccf.ca\/fr\/references\/la-grh-socialement-responsable-un-defi-pour-les-entreprises-engagees-dans-une-demarche-rse-2\/#breadcrumb"},"inLanguage":"fr-FR","potentialAction":[{"@type":"ReadAction","target":["https:\/\/fsc-ccf.ca\/fr\/references\/la-grh-socialement-responsable-un-defi-pour-les-entreprises-engagees-dans-une-demarche-rse-2\/"]}]},{"@type":"BreadcrumbList","@id":"https:\/\/fsc-ccf.ca\/fr\/references\/la-grh-socialement-responsable-un-defi-pour-les-entreprises-engagees-dans-une-demarche-rse-2\/#breadcrumb","itemListElement":[{"@type":"ListItem","position":1,"name":"Home","item":"https:\/\/fsc-ccf.ca\/fr\/"},{"@type":"ListItem","position":2,"name":"References","item":"https:\/\/fsc-ccf.ca\/fr\/references\/"},{"@type":"ListItem","position":3,"name":"La \u00ab GRH socialement responsable \u00bb : un d\u00e9fi pour les entreprises engag\u00e9es dans une d\u00e9marche RSE"}]},{"@type":"WebSite","@id":"https:\/\/fsc-ccf.ca\/fr\/#website","url":"https:\/\/fsc-ccf.ca\/fr\/","name":"Future Skills Centre \u2022 Centre des Comp\u00e9tences futures","description":"","publisher":{"@id":"https:\/\/fsc-ccf.ca\/fr\/#organization"},"potentialAction":[{"@type":"SearchAction","target":{"@type":"EntryPoint","urlTemplate":"https:\/\/fsc-ccf.ca\/fr\/?s={search_term_string}"},"query-input":{"@type":"PropertyValueSpecification","valueRequired":true,"valueName":"search_term_string"}}],"inLanguage":"fr-FR"},{"@type":"Organization","@id":"https:\/\/fsc-ccf.ca\/fr\/#organization","name":"Future Skills Centre \u2022 Centre des Comp\u00e9tences futures","url":"https:\/\/fsc-ccf.ca\/fr\/","logo":{"@type":"ImageObject","inLanguage":"fr-FR","@id":"https:\/\/fsc-ccf.ca\/fr\/#\/schema\/logo\/image\/","url":"https:\/\/fsc-ccf.ca\/wp-content\/uploads\/2019\/08\/FSC_logo_colour_rgb_positive_ENG.png","contentUrl":"https:\/\/fsc-ccf.ca\/wp-content\/uploads\/2019\/08\/FSC_logo_colour_rgb_positive_ENG.png","width":618,"height":528,"caption":"Future Skills Centre \u2022 Centre des Comp\u00e9tences futures"},"image":{"@id":"https:\/\/fsc-ccf.ca\/fr\/#\/schema\/logo\/image\/"},"sameAs":["https:\/\/www.facebook.com\/2161871137193201\/","https:\/\/x.com\/fsc_ccf_en","https:\/\/www.instagram.com\/fsc_ccf\/","https:\/\/www.linkedin.com\/company\/fsc-ccf\/"]}]}},"_links":{"self":[{"href":"https:\/\/fsc-ccf.ca\/fr\/wp-json\/wp\/v2\/reference\/125664","targetHints":{"allow":["GET"]}}],"collection":[{"href":"https:\/\/fsc-ccf.ca\/fr\/wp-json\/wp\/v2\/reference"}],"about":[{"href":"https:\/\/fsc-ccf.ca\/fr\/wp-json\/wp\/v2\/types\/reference"}],"version-history":[{"count":0,"href":"https:\/\/fsc-ccf.ca\/fr\/wp-json\/wp\/v2\/reference\/125664\/revisions"}],"wp:attachment":[{"href":"https:\/\/fsc-ccf.ca\/fr\/wp-json\/wp\/v2\/media?parent=125664"}],"wp:term":[{"taxonomy":"reference-tag","embeddable":true,"href":"https:\/\/fsc-ccf.ca\/fr\/wp-json\/wp\/v2\/reference-tag?post=125664"},{"taxonomy":"reference-type","embeddable":true,"href":"https:\/\/fsc-ccf.ca\/fr\/wp-json\/wp\/v2\/reference-type?post=125664"}],"curies":[{"name":"wp","href":"https:\/\/api.w.org\/{rel}","templated":true}]}}

La « GRH socialement responsable » : un défi pour les entreprises engagées dans une démarche RSE

<p>Comme champ de connaissance, la RSE a bénéficié depuis les dernières décennies d’une attention continue, se traduisant par un grand nombre d’initiatives académiques. Mais malgré l’intérêt persistant qu’on lui accorde, le seul consensus qui semble exister concernant la RSE reste son caractère flou. La gestion responsable des ressources humaines ou la responsabilité sociale envers les employés, considérée comme une dimension incontournable de la RSE, s’inscrit également dans cette même problématique. L’objectif de cet article sera de montrer comment, cette trajectoire empruntée par plusieurs entreprises, permet de repenser la gestion des ressources humaines dans le cadre d’une « GRH socialement responsable », que nous tenterons de définir.</p>

Barthe, N. and Belabbes, K. (2016). La « GRH socialement responsable » : un défi pour les entreprises engagées dans une démarche RSE. Revue Management & Avenir, 83(1), 95-113. Retrieved from https://www.cairn.info/revue-management-et-avenir-2016-1-page-95.htm.

<!-- This site is optimized with the Yoast SEO plugin v27.5 - https://yoast.com/product/yoast-seo-wordpress/ -->
<title>La « GRH socialement responsable » : un défi pour les entreprises engagées dans une démarche RSE - Future Skills Centre • Centre des Compétences futures</title>
<meta name="robots" content="index, follow, max-snippet:-1, max-image-preview:large, max-video-preview:-1" />
<link rel="canonical" href="https://fsc-ccf.ca/fr/references/la-grh-socialement-responsable-un-defi-pour-les-entreprises-engagees-dans-une-demarche-rse-2/" />
<meta name="twitter:label1" content="Est. reading time" />
	<meta name="twitter:data1" content="1 minute" />
<script type="application/ld+json" class="yoast-schema-graph">{"@context":"https:\/\/schema.org","@graph":[{"@type":"WebPage","@id":"https:\/\/fsc-ccf.ca\/fr\/references\/la-grh-socialement-responsable-un-defi-pour-les-entreprises-engagees-dans-une-demarche-rse-2\/","url":"https:\/\/fsc-ccf.ca\/fr\/references\/la-grh-socialement-responsable-un-defi-pour-les-entreprises-engagees-dans-une-demarche-rse-2\/","name":"La « GRH socialement responsable » : un défi pour les entreprises engagées dans une démarche RSE - Future Skills Centre • Centre des Compétences futures","isPartOf":{"@id":"https:\/\/fsc-ccf.ca\/fr\/#website"},"datePublished":"2020-08-11T21:52:50+00:00","breadcrumb":{"@id":"https:\/\/fsc-ccf.ca\/fr\/references\/la-grh-socialement-responsable-un-defi-pour-les-entreprises-engagees-dans-une-demarche-rse-2\/#breadcrumb"},"inLanguage":"fr-FR","potentialAction":[{"@type":"ReadAction","target":["https:\/\/fsc-ccf.ca\/fr\/references\/la-grh-socialement-responsable-un-defi-pour-les-entreprises-engagees-dans-une-demarche-rse-2\/"]}]},{"@type":"BreadcrumbList","@id":"https:\/\/fsc-ccf.ca\/fr\/references\/la-grh-socialement-responsable-un-defi-pour-les-entreprises-engagees-dans-une-demarche-rse-2\/#breadcrumb","itemListElement":[{"@type":"ListItem","position":1,"name":"Home","item":"https:\/\/fsc-ccf.ca\/fr\/"},{"@type":"ListItem","position":2,"name":"References","item":"https:\/\/fsc-ccf.ca\/fr\/references\/"},{"@type":"ListItem","position":3,"name":"La « GRH socialement responsable » : un défi pour les entreprises engagées dans une démarche RSE"}]},{"@type":"WebSite","@id":"https:\/\/fsc-ccf.ca\/fr\/#website","url":"https:\/\/fsc-ccf.ca\/fr\/","name":"Future Skills Centre • Centre des Compétences futures","description":"","publisher":{"@id":"https:\/\/fsc-ccf.ca\/fr\/#organization"},"potentialAction":[{"@type":"SearchAction","target":{"@type":"EntryPoint","urlTemplate":"https:\/\/fsc-ccf.ca\/fr\/?s={search_term_string}"},"query-input":{"@type":"PropertyValueSpecification","valueRequired":true,"valueName":"search_term_string"}}],"inLanguage":"fr-FR"},{"@type":"Organization","@id":"https:\/\/fsc-ccf.ca\/fr\/#organization","name":"Future Skills Centre • Centre des Compétences futures","url":"https:\/\/fsc-ccf.ca\/fr\/","logo":{"@type":"ImageObject","inLanguage":"fr-FR","@id":"https:\/\/fsc-ccf.ca\/fr\/#\/schema\/logo\/image\/","url":"https:\/\/fsc-ccf.ca\/wp-content\/uploads\/2019\/08\/FSC_logo_colour_rgb_positive_ENG.png","contentUrl":"https:\/\/fsc-ccf.ca\/wp-content\/uploads\/2019\/08\/FSC_logo_colour_rgb_positive_ENG.png","width":618,"height":528,"caption":"Future Skills Centre • Centre des Compétences futures"},"image":{"@id":"https:\/\/fsc-ccf.ca\/fr\/#\/schema\/logo\/image\/"},"sameAs":["https:\/\/www.facebook.com\/2161871137193201\/","https:\/\/x.com\/fsc_ccf_en","https:\/\/www.instagram.com\/fsc_ccf\/","https:\/\/www.linkedin.com\/company\/fsc-ccf\/"]}]}</script>
<!-- / Yoast SEO plugin. -->

La « GRH socialement responsable » : un défi pour les entreprises engagées dans une démarche RSE - Future Skills Centre • Centre des Compétences futures

Future Skills Centre • Centre des Compétences futures
