			{"id":346860,"date":"2026-09-01T16:17:18","date_gmt":"2026-09-01T20:17:18","guid":{"rendered":"https:\/\/fsc-ccf.ca\/event\/fsc-at-international-business-woman-forum-2026\/"},"modified":"2026-09-01T16:24:17","modified_gmt":"2026-09-01T20:24:17","slug":"fsc-at-international-business-woman-forum-2026","status":"publish","type":"event","link":"https:\/\/fsc-ccf.ca\/fr\/event\/fsc-at-international-business-woman-forum-2026\/","title":{"rendered":"Le CCF au Forum international des femmes d\u2019affaires 2026"},"content":{"rendered":"\n<p>C\u2019est avec grand plaisir que nous annon\u00e7ons la participation de la Dr(e) Elyse Watkins, directrice adjointe de la strat\u00e9gie d\u2019entreprise au CCF, \u00e0 titre de pan\u00e9liste au Forum international des femmes d\u2019affaires 2026!&nbsp;<\/p>\n\n\n\n<p>Organis\u00e9 par Business Woman PRO Canada, ce forum r\u00e9unit des dirigeants internationaux issus du monde des affaires, de la politique et de la soci\u00e9t\u00e9 civile afin d\u2019\u00e9changer sur le leadership, l\u2019entrepreneuriat et l\u2019impact social. La Dr(e) Watkins participera aux \u00e9changes pour pr\u00e9senter les perspectives strat\u00e9giques du CCF visant \u00e0 b\u00e2tir une \u00e9conomie inclusive et \u00e0 favoriser des trajectoires de carri\u00e8re \u00e9quitables pour les femmes partout au Canada.&nbsp;<\/p>\n\n\n\n<p>Date :\u00a0 25 septembre 2026<\/p>\n\n\n\n<p>Lieu : Mississauga, Ontario<\/p>\n\n\n\n<p>\u00a0Pour en savoir plus et s\u2019inscrire, <a href=\"https:\/\/www.businesswomanpro.ca\/post\/women-who-build-leadership-in-action\">cliquez ici<\/a>!<\/p>\n","protected":false},"excerpt":{"rendered":"<p>C\u2019est avec grand plaisir que nous annon\u00e7ons la participation de la Dr(e) Elyse Watkins, directrice adjointe de la strat\u00e9gie d\u2019entreprise au CCF, \u00e0 titre de pan\u00e9liste au Forum international des femmes d\u2019affaires 2026!\u00a0<\/p>\n","protected":false},"menu_order":0,"template":"","tags":[],"region":[131],"populations":[],"themes":[1548],"class_list":["post-346860","event","type-event","status-publish","hentry","region-ontario-fr","themes-economie-inclusive"],"acf":{"event_location":"Mississauga, Ontario","event_contact_name":"","event_contact_email":"","event_link":"https:\/\/www.businesswomanpro.ca\/post\/women-who-build-leadership-in-action","event_organizer":"Business Woman PRO Canada","fsc_event":false,"start_date":"20260925","end_date":"20260925","slider_image":false,"thumbnail_image":{"ID":346816,"id":346816,"title":"7","filename":"7.png","filesize":2600502,"url":"https:\/\/fsc-ccf.ca\/wp-content\/uploads\/2026\/09\/7.png","link":"https:\/\/fsc-ccf.ca\/fr\/event\/fsc-at-future-proofing-the-marine-workforce\/7-2\/","alt":"","author":"24","description":"","caption":"","name":"7-2","status":"inherit","uploaded_to":346845,"date":"2026-09-01 20:02:08","modified":"2026-09-01 20:02:08","menu_order":0,"mime_type":"image\/png","type":"image","subtype":"png","icon":"https:\/\/fsc-ccf.ca\/wp-includes\/images\/media\/default.png","width":1080,"height":1080,"sizes":{"thumbnail":"https:\/\/fsc-ccf.ca\/wp-content\/uploads\/2026\/09\/7-150x150.png","thumbnail-width":150,"thumbnail-height":150,"medium":"https:\/\/fsc-ccf.ca\/wp-content\/uploads\/2026\/09\/7-300x300.png","medium-width":300,"medium-height":300,"medium_large":"https:\/\/fsc-ccf.ca\/wp-content\/uploads\/2026\/09\/7-768x768.png","medium_large-width":768,"medium_large-height":768,"large":"https:\/\/fsc-ccf.ca\/wp-content\/uploads\/2026\/09\/7-1024x1024.png","large-width":1024,"large-height":1024,"1536x1536":"https:\/\/fsc-ccf.ca\/wp-content\/uploads\/2026\/09\/7.png","1536x1536-width":1080,"1536x1536-height":1080,"2048x2048":"https:\/\/fsc-ccf.ca\/wp-content\/uploads\/2026\/09\/7.png","2048x2048-width":1080,"2048x2048-height":1080,"preview":"https:\/\/fsc-ccf.ca\/wp-content\/uploads\/2026\/09\/7-10x10.png","preview-width":10,"preview-height":10,"content-card-thumbnail":"https:\/\/fsc-ccf.ca\/wp-content\/uploads\/2026\/09\/7-800x600.png","content-card-thumbnail-width":800,"content-card-thumbnail-height":600,"slider-image":"https:\/\/fsc-ccf.ca\/wp-content\/uploads\/2026\/09\/7.png","slider-image-width":1080,"slider-image-height":1080,"hero-image":"https:\/\/fsc-ccf.ca\/wp-content\/uploads\/2026\/09\/7.png","hero-image-width":1080,"hero-image-height":1080,"inline-image":"https:\/\/fsc-ccf.ca\/wp-content\/uploads\/2026\/09\/7-1024x512.png","inline-image-width":1024,"inline-image-height":512,"content-card-thumbnail-vertical":"https:\/\/fsc-ccf.ca\/wp-content\/uploads\/2026\/09\/7-400x600.png","content-card-thumbnail-vertical-width":400,"content-card-thumbnail-vertical-height":600}}},"yoast_head":"<!-- This site is optimized with the Yoast SEO plugin v28.4 - https:\/\/yoast.com\/product\/yoast-seo-wordpress\/ -->\n<title>Le CCF au Forum international des femmes d\u2019affaires 2026 - Future Skills Centre \u2022 Centre des Comp\u00e9tences futures<\/title>\n<meta name=\"robots\" content=\"index, follow, max-snippet:-1, max-image-preview:large, max-video-preview:-1\" \/>\n<link rel=\"canonical\" href=\"https:\/\/fsc-ccf.ca\/fr\/event\/fsc-at-international-business-woman-forum-2026\/\" \/>\n<meta name=\"twitter:label1\" content=\"Est. reading time\" \/>\n\t<meta name=\"twitter:data1\" content=\"1 minute\" \/>\n<script type=\"application\/ld+json\" class=\"yoast-schema-graph\">{\"@context\":\"https:\\\/\\\/schema.org\",\"@graph\":[{\"@type\":\"WebPage\",\"@id\":\"https:\\\/\\\/fsc-ccf.ca\\\/fr\\\/event\\\/fsc-at-international-business-woman-forum-2026\\\/\",\"url\":\"https:\\\/\\\/fsc-ccf.ca\\\/fr\\\/event\\\/fsc-at-international-business-woman-forum-2026\\\/\",\"name\":\"Le CCF au Forum international des femmes d\u2019affaires 2026 - Future Skills Centre \u2022 Centre des Comp\u00e9tences futures\",\"isPartOf\":{\"@id\":\"https:\\\/\\\/fsc-ccf.ca\\\/fr\\\/#website\"},\"datePublished\":\"2026-09-01T20:17:18+00:00\",\"dateModified\":\"2026-09-01T20:24:17+00:00\",\"breadcrumb\":{\"@id\":\"https:\\\/\\\/fsc-ccf.ca\\\/fr\\\/event\\\/fsc-at-international-business-woman-forum-2026\\\/#breadcrumb\"},\"inLanguage\":\"fr-FR\",\"potentialAction\":[{\"@type\":\"ReadAction\",\"target\":[\"https:\\\/\\\/fsc-ccf.ca\\\/fr\\\/event\\\/fsc-at-international-business-woman-forum-2026\\\/\"]}]},{\"@type\":\"BreadcrumbList\",\"@id\":\"https:\\\/\\\/fsc-ccf.ca\\\/fr\\\/event\\\/fsc-at-international-business-woman-forum-2026\\\/#breadcrumb\",\"itemListElement\":[{\"@type\":\"ListItem\",\"position\":1,\"name\":\"Home\",\"item\":\"https:\\\/\\\/fsc-ccf.ca\\\/fr\\\/\"},{\"@type\":\"ListItem\",\"position\":2,\"name\":\"Events\",\"item\":\"https:\\\/\\\/fsc-ccf.ca\\\/fr\\\/event\\\/\"},{\"@type\":\"ListItem\",\"position\":3,\"name\":\"Le CCF au Forum international des femmes d\u2019affaires 2026\"}]},{\"@type\":\"WebSite\",\"@id\":\"https:\\\/\\\/fsc-ccf.ca\\\/fr\\\/#website\",\"url\":\"https:\\\/\\\/fsc-ccf.ca\\\/fr\\\/\",\"name\":\"Future Skills Centre \u2022 Centre des Comp\u00e9tences futures\",\"description\":\"\",\"publisher\":{\"@id\":\"https:\\\/\\\/fsc-ccf.ca\\\/fr\\\/#organization\"},\"potentialAction\":[{\"@type\":\"SearchAction\",\"target\":{\"@type\":\"EntryPoint\",\"urlTemplate\":\"https:\\\/\\\/fsc-ccf.ca\\\/fr\\\/?s={search_term_string}\"},\"query-input\":{\"@type\":\"PropertyValueSpecification\",\"valueRequired\":true,\"valueName\":\"search_term_string\"}}],\"inLanguage\":\"fr-FR\"},{\"@type\":\"Organization\",\"@id\":\"https:\\\/\\\/fsc-ccf.ca\\\/fr\\\/#organization\",\"name\":\"Future Skills Centre \u2022 Centre des Comp\u00e9tences futures\",\"url\":\"https:\\\/\\\/fsc-ccf.ca\\\/fr\\\/\",\"logo\":{\"@type\":\"ImageObject\",\"inLanguage\":\"fr-FR\",\"@id\":\"https:\\\/\\\/fsc-ccf.ca\\\/fr\\\/#\\\/schema\\\/logo\\\/image\\\/\",\"url\":\"https:\\\/\\\/fsc-ccf.ca\\\/wp-content\\\/uploads\\\/2019\\\/08\\\/FSC_logo_colour_rgb_positive_ENG.png\",\"contentUrl\":\"https:\\\/\\\/fsc-ccf.ca\\\/wp-content\\\/uploads\\\/2019\\\/08\\\/FSC_logo_colour_rgb_positive_ENG.png\",\"width\":618,\"height\":528,\"caption\":\"Future Skills Centre \u2022 Centre des Comp\u00e9tences futures\"},\"image\":{\"@id\":\"https:\\\/\\\/fsc-ccf.ca\\\/fr\\\/#\\\/schema\\\/logo\\\/image\\\/\"},\"sameAs\":[\"https:\\\/\\\/www.facebook.com\\\/2161871137193201\\\/\",\"https:\\\/\\\/x.com\\\/fsc_ccf_en\",\"https:\\\/\\\/www.instagram.com\\\/fsc_ccf\\\/\",\"https:\\\/\\\/www.linkedin.com\\\/company\\\/fsc-ccf\\\/\"]}]}<\/script>\n<!-- \/ Yoast SEO plugin. -->","yoast_head_json":{"title":"Le CCF au Forum international des femmes d\u2019affaires 2026 - Future Skills Centre \u2022 Centre des Comp\u00e9tences futures","robots":{"index":"index","follow":"follow","max-snippet":"max-snippet:-1","max-image-preview":"max-image-preview:large","max-video-preview":"max-video-preview:-1"},"canonical":"https:\/\/fsc-ccf.ca\/fr\/event\/fsc-at-international-business-woman-forum-2026\/","twitter_misc":{"Est. reading time":"1 minute"},"schema":{"@context":"https:\/\/schema.org","@graph":[{"@type":"WebPage","@id":"https:\/\/fsc-ccf.ca\/fr\/event\/fsc-at-international-business-woman-forum-2026\/","url":"https:\/\/fsc-ccf.ca\/fr\/event\/fsc-at-international-business-woman-forum-2026\/","name":"Le CCF au Forum international des femmes d\u2019affaires 2026 - Future Skills Centre \u2022 Centre des Comp\u00e9tences futures","isPartOf":{"@id":"https:\/\/fsc-ccf.ca\/fr\/#website"},"datePublished":"2026-09-01T20:17:18+00:00","dateModified":"2026-09-01T20:24:17+00:00","breadcrumb":{"@id":"https:\/\/fsc-ccf.ca\/fr\/event\/fsc-at-international-business-woman-forum-2026\/#breadcrumb"},"inLanguage":"fr-FR","potentialAction":[{"@type":"ReadAction","target":["https:\/\/fsc-ccf.ca\/fr\/event\/fsc-at-international-business-woman-forum-2026\/"]}]},{"@type":"BreadcrumbList","@id":"https:\/\/fsc-ccf.ca\/fr\/event\/fsc-at-international-business-woman-forum-2026\/#breadcrumb","itemListElement":[{"@type":"ListItem","position":1,"name":"Home","item":"https:\/\/fsc-ccf.ca\/fr\/"},{"@type":"ListItem","position":2,"name":"Events","item":"https:\/\/fsc-ccf.ca\/fr\/event\/"},{"@type":"ListItem","position":3,"name":"Le CCF au Forum international des femmes d\u2019affaires 2026"}]},{"@type":"WebSite","@id":"https:\/\/fsc-ccf.ca\/fr\/#website","url":"https:\/\/fsc-ccf.ca\/fr\/","name":"Future Skills Centre \u2022 Centre des Comp\u00e9tences futures","description":"","publisher":{"@id":"https:\/\/fsc-ccf.ca\/fr\/#organization"},"potentialAction":[{"@type":"SearchAction","target":{"@type":"EntryPoint","urlTemplate":"https:\/\/fsc-ccf.ca\/fr\/?s={search_term_string}"},"query-input":{"@type":"PropertyValueSpecification","valueRequired":true,"valueName":"search_term_string"}}],"inLanguage":"fr-FR"},{"@type":"Organization","@id":"https:\/\/fsc-ccf.ca\/fr\/#organization","name":"Future Skills Centre \u2022 Centre des Comp\u00e9tences futures","url":"https:\/\/fsc-ccf.ca\/fr\/","logo":{"@type":"ImageObject","inLanguage":"fr-FR","@id":"https:\/\/fsc-ccf.ca\/fr\/#\/schema\/logo\/image\/","url":"https:\/\/fsc-ccf.ca\/wp-content\/uploads\/2019\/08\/FSC_logo_colour_rgb_positive_ENG.png","contentUrl":"https:\/\/fsc-ccf.ca\/wp-content\/uploads\/2019\/08\/FSC_logo_colour_rgb_positive_ENG.png","width":618,"height":528,"caption":"Future Skills Centre \u2022 Centre des Comp\u00e9tences futures"},"image":{"@id":"https:\/\/fsc-ccf.ca\/fr\/#\/schema\/logo\/image\/"},"sameAs":["https:\/\/www.facebook.com\/2161871137193201\/","https:\/\/x.com\/fsc_ccf_en","https:\/\/www.instagram.com\/fsc_ccf\/","https:\/\/www.linkedin.com\/company\/fsc-ccf\/"]}]}},"_links":{"self":[{"href":"https:\/\/fsc-ccf.ca\/fr\/wp-json\/wp\/v2\/event\/346860","targetHints":{"allow":["GET"]}}],"collection":[{"href":"https:\/\/fsc-ccf.ca\/fr\/wp-json\/wp\/v2\/event"}],"about":[{"href":"https:\/\/fsc-ccf.ca\/fr\/wp-json\/wp\/v2\/types\/event"}],"version-history":[{"count":1,"href":"https:\/\/fsc-ccf.ca\/fr\/wp-json\/wp\/v2\/event\/346860\/revisions"}],"predecessor-version":[{"id":346862,"href":"https:\/\/fsc-ccf.ca\/fr\/wp-json\/wp\/v2\/event\/346860\/revisions\/346862"}],"wp:attachment":[{"href":"https:\/\/fsc-ccf.ca\/fr\/wp-json\/wp\/v2\/media?parent=346860"}],"wp:term":[{"taxonomy":"post_tag","embeddable":true,"href":"https:\/\/fsc-ccf.ca\/fr\/wp-json\/wp\/v2\/tags?post=346860"},{"taxonomy":"region","embeddable":true,"href":"https:\/\/fsc-ccf.ca\/fr\/wp-json\/wp\/v2\/region?post=346860"},{"taxonomy":"populations","embeddable":true,"href":"https:\/\/fsc-ccf.ca\/fr\/wp-json\/wp\/v2\/populations?post=346860"},{"taxonomy":"themes","embeddable":true,"href":"https:\/\/fsc-ccf.ca\/fr\/wp-json\/wp\/v2\/themes?post=346860"}],"curies":[{"name":"wp","href":"https:\/\/api.w.org\/{rel}","templated":true}]}}

<p>C’est avec grand plaisir que nous annonçons la participation de la Dr(e) Elyse Watkins, directrice adjointe de la stratégie d’entreprise au CCF, à titre de panéliste au Forum international des femmes d’affaires 2026!&nbsp;</p>



<p>Organisé par Business Woman PRO Canada, ce forum réunit des dirigeants internationaux issus du monde des affaires, de la politique et de la société civile afin d’échanger sur le leadership, l’entrepreneuriat et l’impact social. La Dr(e) Watkins participera aux échanges pour présenter les perspectives stratégiques du CCF visant à bâtir une économie inclusive et à favoriser des trajectoires de carrière équitables pour les femmes partout au Canada.&nbsp;</p>



<p>Date :  25 septembre 2026</p>



<p>Lieu : Mississauga, Ontario</p>



<p> Pour en savoir plus et s’inscrire, <a href="https://www.businesswomanpro.ca/post/women-who-build-leadership-in-action">cliquez ici</a>!</p>

<p>C’est avec grand plaisir que nous annonçons la participation de la Dr(e) Elyse Watkins, directrice adjointe de la stratégie d’entreprise au CCF, à titre de panéliste au Forum international des femmes d’affaires 2026! </p>

<!-- This site is optimized with the Yoast SEO plugin v28.4 - https://yoast.com/product/yoast-seo-wordpress/ -->
<title>Le CCF au Forum international des femmes d’affaires 2026 - Future Skills Centre • Centre des Compétences futures</title>
<meta name="robots" content="index, follow, max-snippet:-1, max-image-preview:large, max-video-preview:-1" />
<link rel="canonical" href="https://fsc-ccf.ca/fr/event/fsc-at-international-business-woman-forum-2026/" />
<meta name="twitter:label1" content="Est. reading time" />
	<meta name="twitter:data1" content="1 minute" />
<script type="application/ld+json" class="yoast-schema-graph">{"@context":"https:\/\/schema.org","@graph":[{"@type":"WebPage","@id":"https:\/\/fsc-ccf.ca\/fr\/event\/fsc-at-international-business-woman-forum-2026\/","url":"https:\/\/fsc-ccf.ca\/fr\/event\/fsc-at-international-business-woman-forum-2026\/","name":"Le CCF au Forum international des femmes d’affaires 2026 - Future Skills Centre • Centre des Compétences futures","isPartOf":{"@id":"https:\/\/fsc-ccf.ca\/fr\/#website"},"datePublished":"2026-09-01T20:17:18+00:00","dateModified":"2026-09-01T20:24:17+00:00","breadcrumb":{"@id":"https:\/\/fsc-ccf.ca\/fr\/event\/fsc-at-international-business-woman-forum-2026\/#breadcrumb"},"inLanguage":"fr-FR","potentialAction":[{"@type":"ReadAction","target":["https:\/\/fsc-ccf.ca\/fr\/event\/fsc-at-international-business-woman-forum-2026\/"]}]},{"@type":"BreadcrumbList","@id":"https:\/\/fsc-ccf.ca\/fr\/event\/fsc-at-international-business-woman-forum-2026\/#breadcrumb","itemListElement":[{"@type":"ListItem","position":1,"name":"Home","item":"https:\/\/fsc-ccf.ca\/fr\/"},{"@type":"ListItem","position":2,"name":"Events","item":"https:\/\/fsc-ccf.ca\/fr\/event\/"},{"@type":"ListItem","position":3,"name":"Le CCF au Forum international des femmes d’affaires 2026"}]},{"@type":"WebSite","@id":"https:\/\/fsc-ccf.ca\/fr\/#website","url":"https:\/\/fsc-ccf.ca\/fr\/","name":"Future Skills Centre • Centre des Compétences futures","description":"","publisher":{"@id":"https:\/\/fsc-ccf.ca\/fr\/#organization"},"potentialAction":[{"@type":"SearchAction","target":{"@type":"EntryPoint","urlTemplate":"https:\/\/fsc-ccf.ca\/fr\/?s={search_term_string}"},"query-input":{"@type":"PropertyValueSpecification","valueRequired":true,"valueName":"search_term_string"}}],"inLanguage":"fr-FR"},{"@type":"Organization","@id":"https:\/\/fsc-ccf.ca\/fr\/#organization","name":"Future Skills Centre • Centre des Compétences futures","url":"https:\/\/fsc-ccf.ca\/fr\/","logo":{"@type":"ImageObject","inLanguage":"fr-FR","@id":"https:\/\/fsc-ccf.ca\/fr\/#\/schema\/logo\/image\/","url":"https:\/\/fsc-ccf.ca\/wp-content\/uploads\/2019\/08\/FSC_logo_colour_rgb_positive_ENG.png","contentUrl":"https:\/\/fsc-ccf.ca\/wp-content\/uploads\/2019\/08\/FSC_logo_colour_rgb_positive_ENG.png","width":618,"height":528,"caption":"Future Skills Centre • Centre des Compétences futures"},"image":{"@id":"https:\/\/fsc-ccf.ca\/fr\/#\/schema\/logo\/image\/"},"sameAs":["https:\/\/www.facebook.com\/2161871137193201\/","https:\/\/x.com\/fsc_ccf_en","https:\/\/www.instagram.com\/fsc_ccf\/","https:\/\/www.linkedin.com\/company\/fsc-ccf\/"]}]}</script>
<!-- / Yoast SEO plugin. -->

Le CCF au Forum international des femmes d’affaires 2026 - Future Skills Centre • Centre des Compétences futures

Future Skills Centre • Centre des Compétences futures
